000
CXUS54 KLZK 011130
CF6ADF
PRELIMINARY LOCAL CLIMATOLOGICAL DATA (WS FORM: F-6)
STATION: ARKADELPHIA AIRPORT
MONTH: MAY
YEAR: 2022
LATITUDE: 34 9 N
LONGITUDE: 93 4 W
TEMPERATURE IN F: :PCPN: SNOW: WIND :SUNSHINE: SKY :PK WND
================================================================================
1 2 3 4 5 6A 6B 7 8 9 10 11 12 13 14 15 16 17 18
12Z AVG MX 2MIN
DY MAX MIN AVG DEP HDD CDD WTR SNW DPTH SPD SPD DIR MIN PSBL S-S WX SPD DR
================================================================================
1 83 50 67 1 0 2 0.00 M M 0.4 3 10 M M 0 M M
2 82 60 71 5 0 6 T M M 5.8 18 170 M M 4 23 170
3 78 62 70 4 0 5 0.60 M M 6.7 20 290 M M 9 13 30 310
4 82 62 72 5 0 7 0.05 M M 3.8 9 10 M M 8 M M
5 68 63 66 -1 0 1 2.79 M M 3.0 15 320 M M 9 13 18 320
6 78 57 68 1 0 3 T M M 8.3 14 230 M M 3 22 250
7 82 55 69 1 0 4 0.00 M M 2.3 8 20 M M 0 M M
8 84 61 73 5 0 8 0.00 M M 3.1 9 180 M M 4 M M
9 90 69 80 12 0 15 0.00 M M 6.8 15 180 M M 3 1 20 170
10 90 71 81 13 0 16 0.00 M M 4.5 15 190 M M 2 M M
11 91 68 80 11 0 15 0.00 M M 2.3 7 220 M M 0 1 M M
12 92 66 79 10 0 14 0.00 M M 2.3 8 220 M M 1 1 M M
13 90 66 78 9 0 13 0.00 M M 3.2 9 310 M M 1 12 18 310
14 87 67 77 7 0 12 T M M 3.5 10 170 M M 2 3 20 170
15 87 68 78 8 0 13 0.00 M M 1.4 9 260 M M 1 1 M M
16 82 62 72 2 0 7 0.00 M M 1.9 6 360 M M 1 M M
17 85 59 72 2 0 7 0.00 M M 0.6 3 99 M M 0 M M
18 89 64 77 6 0 12 0.00 M M 4.9 13 190 M M 1 20 200
19 91 73 82 11 0 17 0.00 M M 7.6 21 190 M M 1 1 29 190
20 85 72 79 8 0 14 0.00 M M 11.1 18 190 M M 6 30 190
21 90 73 82 11 0 17 0.00 M M 5.2 7 190 M M 1 M M
22 63 60 62 -10 3 0 T M M 9.8 12 20 M M 10 16 30
23 75 67 71 -1 0 6 0.00 M M 4.6 9 30 M M 10 M M
24 79 65 72 0 0 7 0.93 M M 2.8 13 160 M M 8 1 17 160
25 72 68 70 -2 0 5 0.01 M M 5.2 13 240 M M 9 1 20 230
26 M M M M M M 0.00 M M M M M M M M M M
27 82 52 67 -6 0 2 0.00 M M 4.5 12 320 M M 0 17 300
28 87 55 71 -2 0 6 0.00 M M 2.1 8 170 M M 0 M M
29 89 60 75 1 0 10 0.00 M M 3.6 9 180 M M 0 M M
30 89 63 76 2 0 11 0.00 M M 6.6 16 180 M M 0 22 190
31 92 64 78 4 0 13 0.00 M M 3.5 12 170 M M 2 8 M M
================================================================================
SM 2514 1902 3 268 4.38 M 131.4 M 96
================================================================================
AV 83.8 63.4 4.4 FASTST M M 3 MAX(MPH)
MISC ----> 21 190 # 30 310
================================================================================
NOTES:
# LAST OF SEVERAL OCCURRENCES
COLUMN 17 PEAK WIND IN M.P.H.
PRELIMINARY LOCAL CLIMATOLOGICAL DATA (WS FORM: F-6) , PAGE 2
STATION: ARKADELPHIA AIRPORT
MONTH: MAY
YEAR: 2022
LATITUDE: 34 9 N
LONGITUDE: 93 4 W
[TEMPERATURE DATA] [PRECIPITATION DATA] SYMBOLS USED IN COLUMN 16
AVERAGE MONTHLY: 73.6 TOTAL FOR MONTH: 4.38 1 = FOG OR MIST
DPTR FM NORMAL: 3.6 DPTR FM NORMAL: -2.04 2 = FOG REDUCING VISIBILITY
HIGHEST: 92 ON 31,12 GRTST 24HR 2.79 ON 5- 5 TO 1/4 MILE OR LESS
LOWEST: 50 ON 1 3 = THUNDER
SNOW, ICE PELLETS, HAIL 4 = ICE PELLETS
TOTAL MONTH: M 5 = HAIL
GRTST 24HR M ON M 6 = FREEZING RAIN OR DRIZZLE
GRTST DEPTH: M ON M 7 = DUSTSTORM OR SANDSTORM:
VSBY 1/2 MILE OR LESS
8 = SMOKE OR HAZE
[NO. OF DAYS WITH] [WEATHER - DAYS WITH] 9 = BLOWING SNOW
X = TORNADO
MAX 32 OR BELOW: 0 0.01 INCH OR MORE: 5
MAX 90 OR ABOVE: 8 0.10 INCH OR MORE: 3
MIN 32 OR BELOW: 0 0.50 INCH OR MORE: 3
MIN 0 OR BELOW: 0 1.00 INCH OR MORE: 1
[HDD (BASE 65) ]
TOTAL THIS MO. 3 CLEAR (SCALE 0-3) 19
DPTR FM NORMAL -19 PTCLDY (SCALE 4-7) 5
TOTAL FM JUL 1 2713 CLOUDY (SCALE 8-10) 7
DPTR FM NORMAL -313
[CDD (BASE 65) ]
TOTAL THIS MO. 268
DPTR FM NORMAL 91 [PRESSURE DATA]
TOTAL FM JAN 1 333 HIGHEST SLP M ON M
DPTR FM NORMAL 96 LOWEST SLP M ON M
[REMARKS]
#FINAL-05-22#