000
CXUS54 KHGX 010719
CF6CLL
PRELIMINARY LOCAL CLIMATOLOGICAL DATA (WS FORM: F-6)
STATION: COLLEGE STATION
MONTH: MARCH
YEAR: 2020
LATITUDE: 30 34 N
LONGITUDE: 96 22 W
TEMPERATURE IN F: :PCPN: SNOW: WIND :SUNSHINE: SKY :PK WND
================================================================================
1 2 3 4 5 6A 6B 7 8 9 10 11 12 13 14 15 16 17 18
12Z AVG MX 2MIN
DY MAX MIN AVG DEP HDD CDD WTR SNW DPTH SPD SPD DIR MIN PSBL S-S WX SPD DR
================================================================================
1 76 60 68 10 0 3 0.00 0.0 0 13.9 26 180 M M 7 34 190
2 80 68 74 16 0 9 0.00 0.0 0 9.4 20 170 M M 7 24 170
3 80 68 74 16 0 9 0.00 0.0 0 5.4 14 80 M M 5 128 18 70
4 71 56 64 6 1 0 0.43 0.0 0 13.7 37 50 M M 9 13 52 50
5 76 51 64 5 1 0 0.00 0.0 0 8.7 21 350 M M 4 8 26 310
6 73 50 62 3 3 0 0.00 0.0 0 10.0 23 30 M M 0 8 31 70
7 62 48 55 -4 10 0 0.00 0.0 0 7.1 14 140 M M 1 18 120
8 77 49 63 3 2 0 0.00 0.0 0 12.8 23 160 M M 3 30 160
9 70 63 67 7 0 2 0.20 0.0 0 10.4 22 160 M M 8 1 27 170
10 82 61 72 12 0 7 0.00 0.0 0 4.7 13 160 M M 4 12 18 190
11 82 64 73 13 0 8 0.00 0.0 0 8.9 17 170 M M 4 1 23 180
12 84 68 76 16 0 11 0.00 0.0 0 12.8 22 170 M M 4 27 160
13 84 68 76 15 0 11 0.00 0.0 0 11.5 23 170 M M 8 28 180
14 83 69 76 15 0 11 0.00 0.0 0 10.6 24 160 M M 6 1 30 160
15 78 63 71 10 0 6 T 0.0 0 6.8 13 40 M M 8 1 17 40
16 77 60 69 8 0 4 0.00 0.0 0 4.8 13 100 M M 6 1 17 80
17 85 68 77 15 0 12 T 0.0 0 10.6 22 150 M M 7 18 27 160
18 81 71 76 14 0 11 0.00 0.0 0 14.1 23 160 M M 7 18 29 160
19 82 72 77 15 0 12 0.05 0.0 0 13.1 23 130 M M 6 13 29 140
20 73 51 62 0 3 0 0.86 0.0 0 11.6 23 350 M M 9 13 30 350
21 59 49 54 -9 11 0 0.82 0.0 0 10.1 18 10 M M 10 13 23 10
22 70 56 63 0 2 0 0.07 0.0 0 4.0 14 90 M M 10 1 17 80
23 84 69 77 14 0 12 0.00 0.0 0 9.5 18 180 M M 8 1 24 180
24 86 63 75 12 0 10 0.00 0.0 0 7.4 17 210 M M 6 1 22 170
25 87 61 74 10 0 9 0.00 0.0 0 6.1 18 180 M M 4 12 23 170
26 87 67 77 13 0 12 0.00 0.0 0 11.9 21 160 M M 5 1 26 180
27 89 70 80 16 0 15 0.00 0.0 0 13.8 29 170 M M 4 1 34 170
28 78 54 66 2 0 1 0.03 0.0 0 7.7 24 300 M M 5 1 32 300
29 78 49 64 0 1 0 0.03 0.0 0 5.1 13 70 M M 3 13 17 60
30 76 65 71 6 0 6 0.00 0.0 0 8.2 14 160 M M 10 1 19 130
31 73 55 64 -1 1 0 T 0.0 0 10.5 25 360 M M 7 1 33 360
================================================================================
SM 2423 1886 35 181 2.49 0.0 295.2 M 185
================================================================================
AV 78.2 60.8 9.5 FASTST M M 6 MAX(MPH)
MISC ----> # 37 50 # 52 50
================================================================================
NOTES:
# LAST OF SEVERAL OCCURRENCES
COLUMN 17 PEAK WIND IN M.P.H.
PRELIMINARY LOCAL CLIMATOLOGICAL DATA (WS FORM: F-6) , PAGE 2
STATION: COLLEGE STATION
MONTH: MARCH
YEAR: 2020
LATITUDE: 30 34 N
LONGITUDE: 96 22 W
[TEMPERATURE DATA] [PRECIPITATION DATA] SYMBOLS USED IN COLUMN 16
AVERAGE MONTHLY: 69.5 TOTAL FOR MONTH: 2.49 1 = FOG OR MIST
DPTR FM NORMAL: 8.1 DPTR FM NORMAL: -0.68 2 = FOG REDUCING VISIBILITY
HIGHEST: 89 ON 27 GRTST 24HR 0.86 ON 20-20 TO 1/4 MILE OR LESS
LOWEST: 48 ON 7 3 = THUNDER
SNOW, ICE PELLETS, HAIL 4 = ICE PELLETS
TOTAL MONTH: 0.0 INCH 5 = HAIL
GRTST 24HR 0.0 6 = FREEZING RAIN OR DRIZZLE
GRTST DEPTH: 0 7 = DUSTSTORM OR SANDSTORM:
VSBY 1/2 MILE OR LESS
8 = SMOKE OR HAZE
[NO. OF DAYS WITH] [WEATHER - DAYS WITH] 9 = BLOWING SNOW
X = TORNADO
MAX 32 OR BELOW: 0 0.01 INCH OR MORE: 8
MAX 90 OR ABOVE: 0 0.10 INCH OR MORE: 4
MIN 32 OR BELOW: 0 0.50 INCH OR MORE: 2
MIN 0 OR BELOW: 0 1.00 INCH OR MORE: 0
[HDD (BASE 65) ]
TOTAL THIS MO. 35 CLEAR (SCALE 0-3) 2
DPTR FM NORMAL -137 PTCLDY (SCALE 4-7) 22
TOTAL FM JUL 1 1162 CLOUDY (SCALE 8-10) 7
DPTR FM NORMAL -397
[CDD (BASE 65) ]
TOTAL THIS MO. 181
DPTR FM NORMAL 122 [PRESSURE DATA]
TOTAL FM JAN 1 220 HIGHEST SLP 30.53 ON 6
DPTR FM NORMAL 133 LOWEST SLP 29.65 ON 4
[REMARKS]
#FINAL-03-20#