000
CXUS54 KEWX 011010
CF6ECU
PRELIMINARY LOCAL CLIMATOLOGICAL DATA (WS FORM: F-6)
STATION: EDWARDS COUNTY AIRPORT
MONTH: AUGUST
YEAR: 2021
LATITUDE: 29 57 N
LONGITUDE: 100 10 W
TEMPERATURE IN F: :PCPN: SNOW: WIND :SUNSHINE: SKY :PK WND
================================================================================
1 2 3 4 5 6A 6B 7 8 9 10 11 12 13 14 15 16 17 18
12Z AVG MX 2MIN
DY MAX MIN AVG DEP HDD CDD WTR SNW DPTH SPD SPD DIR MIN PSBL S-S WX SPD DR
================================================================================
1 93 70 82 M 0 17 0.05 M M 8.8 18 30 M M 1 31 30
2 82 70 76 M 0 11 0.39 M M 5.3 17 160 M M 5 16 350
3 86 70 78 M 0 13 0.00 M M 4.3 8 30 M M 5 1 14 30
4 88 68 78 M 0 13 0.00 M M 4.9 9 80 M M 7 16 80
5 84 70 77 M 0 12 0.02 0.0 0 6.2 9 170 M M 5 16 150
6 90 70 80 M 0 15 0.00 M M 9.2 15 150 M M 5 20 160
7 90 72 81 M 0 16 0.00 M M 13.7 20 150 M M 4 28 160
8 91 72 82 M 0 17 0.00 M M 15.6 20 150 M M 2 28 160
9 91 73 82 M 0 17 0.00 M M 16.9 24 160 M M 5 31 160
10 90 73 82 M 0 17 0.00 M M 16.4 20 160 M M 4 30 160
11 90 70 80 M 0 15 0.00 M M 13.9 18 140 M M 2 25 150
12 91 72 82 M 0 17 0.00 M M 13.2 17 150 M M 2 26 150
13 91 72 82 M 0 17 0.00 M M 10.4 17 160 M M 2 23 130
14 95 70 83 M 0 18 0.04 M M 8.1 15 350 M M 2 23 350
15 86 70 78 M 0 13 0.32 M M 5.4 15 100 M M 3 23 100
16 90 68 79 M 0 14 0.14 M M 7.2 12 170 M M 4 20 110
17 88 70 79 M 0 14 0.11 M M 8.4 15 180 M M 5 3 22 180
18 86 72 79 M 0 14 1.36 M M 10.4 15 140 M M 7 3 23 140
19 90 73 82 M 0 17 0.00 M M 12.0 16 150 M M 7 1 24 150
20 90 70 80 M 0 15 0.00 M M 13.5 17 150 M M 3 27 150
21 90 72 81 M 0 16 0.00 M M 13.0 18 150 M M 5 25 150
22 90 73 82 M 0 17 0.00 M M 11.7 17 170 M M 3 24 140
23 90 68 79 M 0 14 0.00 M M 9.6 16 160 M M 1 23 190
24 91 70 81 M 0 16 0.00 M M 9.2 15 170 M M 0 23 140
25 91 72 82 M 0 17 0.00 M M 7.9 13 160 M M 1 20 140
26 91 70 81 M 0 16 0.11 M M 5.6 13 140 M M 2 20 140
27 91 70 81 M 0 16 0.23 M M 6.5 16 100 M M 6 28 100
28 88 70 79 M 0 14 0.00 M M 6.5 10 130 M M 7 23 99
29 82 72 77 M 0 12 0.19 M M 5.5 10 320 M M 9 12 120
30 84 70 77 M 0 12 0.00 M M 4.6 8 240 M M 4 M M
31 93 70 82 M 0 17 0.00 M M 7.0 10 160 M M 2 15 160
================================================================================
SM 2763 2192 0 469 2.96 0.0 290.8 M 120
================================================================================
AV 89.1 70.7 9.4 FASTST M M 4 MAX(MPH)
MISC ----> 24 160 # 31 30
================================================================================
NOTES:
# LAST OF SEVERAL OCCURRENCES
COLUMN 17 PEAK WIND IN M.P.H.
PRELIMINARY LOCAL CLIMATOLOGICAL DATA (WS FORM: F-6) , PAGE 2
STATION: EDWARDS COUNTY AIRPORT
MONTH: AUGUST
YEAR: 2021
LATITUDE: 29 57 N
LONGITUDE: 100 10 W
[TEMPERATURE DATA] [PRECIPITATION DATA] SYMBOLS USED IN COLUMN 16
AVERAGE MONTHLY: 79.9 TOTAL FOR MONTH: 2.96 1 = FOG OR MIST
DPTR FM NORMAL: 0.0 DPTR FM NORMAL: M 2 = FOG REDUCING VISIBILITY
HIGHEST: 95 ON 14 GRTST 24HR 1.36 ON 18-18 TO 1/4 MILE OR LESS
LOWEST: 68 ON 23,16 3 = THUNDER
SNOW, ICE PELLETS, HAIL 4 = ICE PELLETS
TOTAL MONTH: 0.0 INCH 5 = HAIL
GRTST 24HR 0.0 6 = FREEZING RAIN OR DRIZZLE
GRTST DEPTH: 0 7 = DUSTSTORM OR SANDSTORM:
VSBY 1/2 MILE OR LESS
8 = SMOKE OR HAZE
[NO. OF DAYS WITH] [WEATHER - DAYS WITH] 9 = BLOWING SNOW
X = TORNADO
MAX 32 OR BELOW: 0 0.01 INCH OR MORE: 11
MAX 90 OR ABOVE: 21 0.10 INCH OR MORE: 8
MIN 32 OR BELOW: 0 0.50 INCH OR MORE: 1
MIN 0 OR BELOW: 0 1.00 INCH OR MORE: 1
[HDD (BASE 65) ]
TOTAL THIS MO. 0 CLEAR (SCALE 0-3) 13
DPTR FM NORMAL M PTCLDY (SCALE 4-7) 17
TOTAL FM JUL 1 0 CLOUDY (SCALE 8-10) 1
DPTR FM NORMAL M
[CDD (BASE 65) ]
TOTAL THIS MO. 469
DPTR FM NORMAL M [PRESSURE DATA]
TOTAL FM JAN 1 1677 HIGHEST SLP M ON M
DPTR FM NORMAL M LOWEST SLP M ON M
[REMARKS]
#FINAL-08-21#