000
CXUS53 KFGF 010815
CF6FGF
PRELIMINARY LOCAL CLIMATOLOGICAL DATA (WS FORM: F-6)
STATION: GRAND FORKS UNIV. (NWS) ND
MONTH: OCTOBER
YEAR: 2023
LATITUDE: 47 55 N
LONGITUDE: 97 6 W
TEMPERATURE IN F: :PCPN: SNOW: WIND :SUNSHINE: SKY :PK WND
================================================================================
1 2 3 4 5 6A 6B 7 8 9 10 11 12 13 14 15 16 17 18
12Z AVG MX 2MIN
DY MAX MIN AVG DEP HDD CDD WTR SNW DPTH SPD SPD DIR MIN PSBL S-S WX SPD DR
================================================================================
1 91 61 76 24 0 11 0.00 0.0 0 M M M M M M M M
2 78 60 69 18 0 4 0.00 0.0 0 M M M M M M M M
3 79 57 68 17 0 3 0.00 0.0 0 M M M M M M M M
4 65 50 58 8 7 0 0.71 0.0 0 M M M M M M 13 M M
5 58 43 51 1 14 0 0.29 0.0 0 M M M M M M M M
6 52 41 47 -2 18 0 0.11 0.0 0 M M M M M M M M
7 52 33 43 -6 22 0 0.00 0.0 0 M M M M M M M M
8 60 33 47 -1 18 0 0.00 0.0 0 M M M M M M M M
9 56 35 46 -2 19 0 0.00 0.0 0 M M M M M M M M
10 56 28 42 -5 23 0 0.00 0.0 0 M M M M M M M M
11 52 35 44 -3 21 0 0.00 0.0 0 M M M M M M M M
12 58 39 49 3 16 0 0.00 0.0 0 M M M M M M M M
13 55 39 47 1 18 0 0.00 0.0 0 M M M M M M M M
14 54 35 45 0 20 0 0.00 0.0 0 M M M M M M M M
15 60 35 48 4 17 0 0.00 0.0 0 M M M M M M M M
16 62 31 47 3 18 0 0.00 0.0 0 M M M M M M M M
17 65 38 52 8 13 0 0.11 0.0 0 M M M M M M M M
18 62 46 54 11 11 0 0.21 0.0 0 M M M M M M M M
19 65 43 54 12 11 0 0.00 0.0 0 M M M M M M M M
20 71 39 55 13 10 0 0.00 0.0 0 M M M M M M M M
21 57 43 50 9 15 0 0.00 0.0 0 M M M M M M M M
22 62 48 55 14 10 0 0.01 0.0 0 M M M M M M M M
23 55 39 47 7 18 0 0.35 0.0 0 M M M M M M M M
24 43 34 39 -1 26 0 0.11 0.0 0 M M M M M M M M
25 41 31 36 -3 29 0 0.09 T 0 M M M M M M M M
26 35 31 33 -5 32 0 0.60 2.1 0 M M M M M M M M
27 31 17 24 -14 41 0 0.26 3.8 6 M M M M M M M M
28 29 14 22 -15 43 0 0.00 0.0 5 M M M M M M M M
29 28 15 22 -15 43 0 0.00 0.0 4 M M M M M M M M
30 33 17 25 -11 40 0 0.13 1.9 4 M M M M M M M M
31 27 19 23 -13 42 0 0.00 0.0 4 M M M M M M M M
================================================================================
SM 1692 1129 615 18 2.98 7.8 M M M
================================================================================
AV 54.6 36.4 M FASTST M M M MAX(MPH)
MISC ----> M M M M
================================================================================
NOTES:
# LAST OF SEVERAL OCCURRENCES
COLUMN 17 PEAK WIND IN M.P.H.
PRELIMINARY LOCAL CLIMATOLOGICAL DATA (WS FORM: F-6) , PAGE 2
STATION: GRAND FORKS UNIV. (NWS) ND
MONTH: OCTOBER
YEAR: 2023
LATITUDE: 47 55 N
LONGITUDE: 97 6 W
[TEMPERATURE DATA] [PRECIPITATION DATA] SYMBOLS USED IN COLUMN 16
AVERAGE MONTHLY: 45.5 TOTAL FOR MONTH: 2.98 1 = FOG OR MIST
DPTR FM NORMAL: 1.6 DPTR FM NORMAL: 0.98 2 = FOG REDUCING VISIBILITY
HIGHEST: 91 ON 1 GRTST 24HR 0.71 ON 4- 4 TO 1/4 MILE OR LESS
LOWEST: 14 ON 28 3 = THUNDER
SNOW, ICE PELLETS, HAIL 4 = ICE PELLETS
TOTAL MONTH: 7.8 INCHES 5 = HAIL
GRTST 24HR 3.8 ON 27-27 6 = FREEZING RAIN OR DRIZZLE
GRTST DEPTH: 6 ON 27 7 = DUSTSTORM OR SANDSTORM:
VSBY 1/2 MILE OR LESS
8 = SMOKE OR HAZE
[NO. OF DAYS WITH] [WEATHER - DAYS WITH] 9 = BLOWING SNOW
X = TORNADO
MAX 32 OR BELOW: 4 0.01 INCH OR MORE: 12
MAX 90 OR ABOVE: 1 0.10 INCH OR MORE: 10
MIN 32 OR BELOW: 9 0.50 INCH OR MORE: 2
MIN 0 OR BELOW: 0 1.00 INCH OR MORE: 0
[HDD (BASE 65) ]
TOTAL THIS MO. 615 CLEAR (SCALE 0-3) 0
DPTR FM NORMAL -41 PTCLDY (SCALE 4-7) 0
TOTAL FM JUL 1 750 CLOUDY (SCALE 8-10) 31
DPTR FM NORMAL -192
[CDD (BASE 65) ]
TOTAL THIS MO. 18
DPTR FM NORMAL 16 [PRESSURE DATA]
TOTAL FM JAN 1 673 HIGHEST SLP M ON M
DPTR FM NORMAL 242 LOWEST SLP M ON M
[REMARKS]
#FINAL-10-23#