000
CXUS54 KBRO 011121
CF6HRL
PRELIMINARY LOCAL CLIMATOLOGICAL DATA (WS FORM: F-6)
STATION: HARLINGEN
MONTH: FEBRUARY
YEAR: 2023
LATITUDE: 26 13 N
LONGITUDE: 97 40 W
TEMPERATURE IN F: :PCPN: SNOW: WIND :SUNSHINE: SKY :PK WND
================================================================================
1 2 3 4 5 6A 6B 7 8 9 10 11 12 13 14 15 16 17 18
12Z AVG MX 2MIN
DY MAX MIN AVG DEP HDD CDD WTR SNW DPTH SPD SPD DIR MIN PSBL S-S WX SPD DR
================================================================================
1 41 37 39 -23 26 0 T 0.0 0 13.7 23 350 M M 10 1 28 340
2 50 39 45 -18 20 0 0.02 0.0 0 12.6 20 330 M M 9 1 26 340
3 61 39 50 -13 15 0 0.00 0.0 0 10.1 16 60 M M 5 27 40
4 75 40 58 -5 7 0 0.00 0.0 0 7.4 18 110 M M 3 1 23 110
5 82 49 66 3 0 1 0.00 0.0 0 6.3 20 150 M M 3 12 25 150
6 83 54 69 6 0 4 0.00 0.0 0 16.0 29 140 M M 5 1 37 140
7 85 70 78 14 0 13 0.00 0.0 0 21.3 36 170 M M 7 45 170
8 73 53 63 -1 2 0 T 0.0 0 13.1 25 320 M M 6 1 32 330
9 77 49 63 -1 2 0 0.00 0.0 0 6.3 15 90 M M 7 20 80
10 71 45 58 -6 7 0 0.00 0.0 0 14.6 29 350 M M 3 42 10
11 69 32 51 -13 14 0 0.00 0.0 0 9.2 22 350 M M 0 32 350
12 74 38 56 -8 9 0 0.00 0.0 0 6.7 20 120 M M 0 27 130
13 79 47 63 -2 2 0 0.00 0.0 0 15.9 31 150 M M 6 43 150
14 92 67 80 15 0 15 0.00 0.0 0 16.6 37 180 M M 3 1 52 170
15 87 62 75 10 0 10 0.00 0.0 0 15.8 36 170 M M 7 12 46 160
16 75 54 65 0 0 0 0.00 0.0 0 18.4 30 320 M M 9 1 50 10
17 61 44 53 -12 12 0 0.00 0.0 0 14.2 28 360 M M 4 37 340
18 72 38 55 -11 10 0 0.00 0.0 0 7.8 17 90 M M 3 21 90
19 83 48 66 0 0 1 0.00 0.0 0 9.3 23 140 M M 5 12 30 130
20 88 69 79 13 0 14 0.00 0.0 0 15.6 26 170 M M 6 35 160
21 87 68 78 12 0 13 0.00 0.0 0 22.3 38 160 M M 4 47 170
22 94 70 82 16 0 17 0.00 0.0 0 18.5 37 190 M M 1 1 48 180
23 96 68 82 16 0 17 0.00 0.0 0 15.7 29 190 M M 1 1 38 180
24 91 69 80 13 0 15 0.00 0.0 0 13.0 23 140 M M 5 1 29 140
25 91 69 80 13 0 15 0.00 0.0 0 13.2 22 120 M M 6 33 130
26 86 73 80 13 0 15 0.00 0.0 0 17.3 28 160 M M 7 36 150
27 95 71 83 16 0 18 0.00 0.0 0 13.7 28 160 M M 2 35 180
28 89 73 81 14 0 16 0.00 0.0 0 14.8 24 140 M M 6 30 170
================================================================================
SM 2207 1535 126 184 0.02 0.0 379.4 M 133
================================================================================
AV 78.8 54.8 13.6 FASTST M M 5 MAX(MPH)
MISC ----> 38 160 52 170
================================================================================
NOTES:
# LAST OF SEVERAL OCCURRENCES
COLUMN 17 PEAK WIND IN M.P.H.
PRELIMINARY LOCAL CLIMATOLOGICAL DATA (WS FORM: F-6) , PAGE 2
STATION: HARLINGEN
MONTH: FEBRUARY
YEAR: 2023
LATITUDE: 26 13 N
LONGITUDE: 97 40 W
[TEMPERATURE DATA] [PRECIPITATION DATA] SYMBOLS USED IN COLUMN 16
AVERAGE MONTHLY: 66.8 TOTAL FOR MONTH: 0.02 1 = FOG OR MIST
DPTR FM NORMAL: 1.9 DPTR FM NORMAL: -0.71 2 = FOG REDUCING VISIBILITY
HIGHEST: 96 ON 23 GRTST 24HR 0.02 ON 1- 2 TO 1/4 MILE OR LESS
LOWEST: 32 ON 11 3 = THUNDER
SNOW, ICE PELLETS, HAIL 4 = ICE PELLETS
TOTAL MONTH: 0.0 INCH 5 = HAIL
GRTST 24HR 0.0 6 = FREEZING RAIN OR DRIZZLE
GRTST DEPTH: 0 7 = DUSTSTORM OR SANDSTORM:
VSBY 1/2 MILE OR LESS
8 = SMOKE OR HAZE
[NO. OF DAYS WITH] [WEATHER - DAYS WITH] 9 = BLOWING SNOW
X = TORNADO
MAX 32 OR BELOW: 0 0.01 INCH OR MORE: 1
MAX 90 OR ABOVE: 6 0.10 INCH OR MORE: 0
MIN 32 OR BELOW: 1 0.50 INCH OR MORE: 0
MIN 0 OR BELOW: 0 1.00 INCH OR MORE: 0
[HDD (BASE 65) ]
TOTAL THIS MO. 126 CLEAR (SCALE 0-3) 8
DPTR FM NORMAL 21 PTCLDY (SCALE 4-7) 17
TOTAL FM JUL 1 496 CLOUDY (SCALE 8-10) 3
DPTR FM NORMAL -29
[CDD (BASE 65) ]
TOTAL THIS MO. 184
DPTR FM NORMAL 82 [PRESSURE DATA]
TOTAL FM JAN 1 314 HIGHEST SLP 30.58 ON 3
DPTR FM NORMAL 154 LOWEST SLP 29.58 ON 22
[REMARKS]
#FINAL-02-23#