000
CXUS53 KEAX 280736
CF6IRK
PRELIMINARY LOCAL CLIMATOLOGICAL DATA (WS FORM: F-6)
STATION: KIRKSVILLE MO
MONTH: APRIL
YEAR: 2024
LATITUDE: 40 5 N
LONGITUDE: 92 33 W
TEMPERATURE IN F: :PCPN: SNOW: WIND :SUNSHINE: SKY :PK WND
================================================================================
1 2 3 4 5 6A 6B 7 8 9 10 11 12 13 14 15 16 17 18
12Z AVG MX 2MIN
DY MAX MIN AVG DEP HDD CDD WTR SNW DPTH SPD SPD DIR MIN PSBL S-S WX SPD DR
================================================================================
1 69 46 58 11 7 0 0.43 M M 9.7 26 190 M M 8 1238 40 190
2 53 37 45 -3 20 0 0.90 M M 12.0 24 320 M M 8 12 34 320
3 52 35 44 -4 21 0 0.00 M M M 31 300 M M M 48 330
4 51 30 41 -7 24 0 0.00 M M 11.2 22 350 M M 3 31 330
5 55 26 41 -8 24 0 0.00 M M 6.4 14 40 M M 0 19 40
6 59 35 47 -2 18 0 0.00 M M 17.3 28 120 M M 1 39 120
7 69 45 57 7 8 0 0.12 M M 15.9 29 210 M M 4 43 230
8 71 46 59 9 6 0 0.00 M M 8.1 15 250 M M 0 22 210
9 65 41 53 3 12 0 0.00 M M 6.0 14 310 M M 0 21 340
10 70 41 56 6 9 0 0.00 M M 5.9 16 30 M M 0 24 80
11 63 46 55 4 10 0 T M M 15.5 29 300 M M 4 41 310
12 66 40 53 2 12 0 0.00 M M 11.9 25 270 M M 0 42 270
13 81 36 59 8 6 0 0.00 M M 11.0 23 180 M M 0 35 210
14 85 59 72 20 0 7 0.00 M M 8.0 20 220 M M 0 30 220
15 80 50 65 13 0 0 0.00 M M 10.4 18 120 M M 0 26 100
16 78 62 70 18 0 5 0.16 M M 16.1 38 180 M M 4 138 52 180
17 70 50 60 7 5 0 0.00 M M 13.2 26 270 M M 4 40 300
18 55 42 49 -4 16 0 1.64 M M 12.3 32 100 M M 8 13 43 110
19 57 34 46 -7 19 0 0.00 M M 7.0 17 350 M M 1 23 350
20 51 33 42 -12 23 0 0.00 M M 9.2 18 320 M M 1 27 310
21 59 30 45 -9 20 0 0.00 M M 7.4 17 300 M M 0 26 280
22 67 35 51 -3 14 0 0.00 M M 12.4 24 210 M M 0 36 230
23 70 44 57 3 8 0 0.44 M M 9.5 18 300 M M 3 13 32 220
24 66 38 52 -3 13 0 0.00 M M 6.0 13 30 M M 0 16 20
25 57 47 52 -3 13 0 0.00 M M 12.9 21 120 M M 3 28 130
26 68 48 58 3 7 0 0.99 M M 18.4 31 150 M M 9 13 42 160
27 78 60 69 13 0 4 2.51 M M 12.8 30 190 M M 7 13 48 180
================================================================================
SM 1765 1136 315 16 7.19 M 286.5 M 68
================================================================================
AV 65.4 42.1 11.0 FASTST M M 3 MAX(MPH)
MISC ----> 38 180 52 180
================================================================================
NOTES:
# LAST OF SEVERAL OCCURRENCES
COLUMN 17 PEAK WIND IN M.P.H.
PRELIMINARY LOCAL CLIMATOLOGICAL DATA (WS FORM: F-6) , PAGE 2
STATION: KIRKSVILLE MO
MONTH: APRIL
YEAR: 2024
LATITUDE: 40 5 N
LONGITUDE: 92 33 W
[TEMPERATURE DATA] [PRECIPITATION DATA] SYMBOLS USED IN COLUMN 16
AVERAGE MONTHLY: 53.7 TOTAL FOR MONTH: 7.19 1 = FOG OR MIST
DPTR FM NORMAL: 2.1 DPTR FM NORMAL: 3.73 2 = FOG REDUCING VISIBILITY
HIGHEST: 85 ON 14 GRTST 24HR 2.51 ON 27-27 TO 1/4 MILE OR LESS
LOWEST: 26 ON 5 3 = THUNDER
SNOW, ICE PELLETS, HAIL 4 = ICE PELLETS
TOTAL MONTH: M 5 = HAIL
GRTST 24HR M ON M 6 = FREEZING RAIN OR DRIZZLE
GRTST DEPTH: M ON M 7 = DUSTSTORM OR SANDSTORM:
VSBY 1/2 MILE OR LESS
8 = SMOKE OR HAZE
[NO. OF DAYS WITH] [WEATHER - DAYS WITH] 9 = BLOWING SNOW
X = TORNADO
MAX 32 OR BELOW: 0 0.01 INCH OR MORE: 8
MAX 90 OR ABOVE: 0 0.10 INCH OR MORE: 8
MIN 32 OR BELOW: 3 0.50 INCH OR MORE: 4
MIN 0 OR BELOW: 0 1.00 INCH OR MORE: 2
[HDD (BASE 65) ]
TOTAL THIS MO. 315 CLEAR (SCALE 0-3) 16
DPTR FM NORMAL -51 PTCLDY (SCALE 4-7) 7
TOTAL FM JUL 1 4697 CLOUDY (SCALE 8-10) 4
DPTR FM NORMAL -849
[CDD (BASE 65) ]
TOTAL THIS MO. 16
DPTR FM NORMAL 16 [PRESSURE DATA]
TOTAL FM JAN 1 16 HIGHEST SLP M ON M
DPTR FM NORMAL 15 LOWEST SLP 29.44 ON 16
[REMARKS]