000
CXUS55 KEAX 010736
CF6IRK
PRELIMINARY LOCAL CLIMATOLOGICAL DATA (WS FORM: F-6)
STATION: KIRKSVILLE MO
MONTH: APRIL
YEAR: 2020
LATITUDE: 40 5 N
LONGITUDE: 92 33 W
TEMPERATURE IN F: :PCPN: SNOW: WIND :SUNSHINE: SKY :PK WND
================================================================================
1 2 3 4 5 6A 6B 7 8 9 10 11 12 13 14 15 16 17 18
12Z AVG MX 2MIN
DY MAX MIN AVG DEP HDD CDD WTR SNW DPTH SPD SPD DIR MIN PSBL S-S WX SPD DR
================================================================================
1 64 36 50 3 15 0 0.00 M M 10.9 17 130 M M 2 8 26 150
2 66 48 57 10 8 0 0.01 M M 13.2 22 140 M M 5 28 150
3 57 31 44 -4 21 0 0.14 M M 10.7 17 350 M M 10 16 24 350
4 49 28 39 -9 26 0 0.00 M M 8.3 17 350 M M 6 22 350
5 61 29 45 -3 20 0 0.00 M M 6.8 16 120 M M 0 22 120
6 64 43 54 5 11 0 0.00 M M 8.0 15 190 M M 9 18 22 190
7 78 59 69 20 0 4 0.00 M M 9.6 18 220 M M 4 27 220
8 85 47 66 17 0 1 0.00 M M 11.3 36 10 M M 1 1 49 10
9 56 33 45 -5 20 0 0.00 M M 14.4 32 310 M M 1 52 310
10 54 23 39 -11 26 0 0.00 M M 6.5 15 230 M M 3 21 220
11 63 38 51 1 14 0 0.00 M M 10.9 25 210 M M 6 34 210
12 67 33 50 -1 15 0 0.22 M M 12.9 31 350 M M 6 18 43 330
13 44 28 36 -15 29 0 0.00 M M 14.9 28 330 M M 2 39 340
14 48 26 37 -14 28 0 0.00 M M 10.2 23 300 M M 2 35 260
15 49 27 38 -14 27 0 T M M 8.2 21 10 M M 4 1 28 360
16 39 30 35 -17 30 0 0.76 M M 12.3 20 30 M M 9 1 26 50
17 44 33 39 -13 26 0 0.23 M M 9.2 21 30 M M 6 16 29 30
18 61 31 46 -7 19 0 0.00 M M 12.3 24 210 M M 0 34 190
19 64 38 51 -2 14 0 0.00 M M 8.4 20 30 M M 0 18 25 40
20 68 35 52 -1 13 0 0.01 M M 9.2 23 260 M M 4 1 33 270
21 64 40 52 -2 13 0 0.00 M M 7.8 14 350 M M 0 8 20 310
22 75 48 62 8 3 0 0.00 M M 11.2 22 220 M M 3 30 230
23 72 49 61 7 4 0 0.00 M M 3.1 9 360 M M 6 18 15 360
24 63 50 57 3 8 0 0.38 M M 8.1 21 40 M M 8 1 27 30
25 62 43 53 -2 12 0 0.34 M M 12.7 21 20 M M 6 1 30 20
26 68 37 53 -2 12 0 0.00 M M 6.2 14 150 M M 2 1 19 180
27 74 52 63 7 2 0 0.01 M M 12.0 25 200 M M 4 38 180
28 77 51 64 8 1 0 0.01 M M 10.0 24 280 M M 2 38 270
29 57 47 52 -4 13 0 0.00 M M 12.9 24 340 M M 8 18 37 320
30 70 44 57 1 8 0 0.00 M M 8.1 18 320 M M 0 27 20
================================================================================
SM 1863 1157 438 5 2.11 M 300.3 M 119
================================================================================
AV 62.1 38.6 10.0 FASTST M M 4 MAX(MPH)
MISC ----> 36 10 52 310
================================================================================
NOTES:
# LAST OF SEVERAL OCCURRENCES
COLUMN 17 PEAK WIND IN M.P.H.
PRELIMINARY LOCAL CLIMATOLOGICAL DATA (WS FORM: F-6) , PAGE 2
STATION: KIRKSVILLE MO
MONTH: APRIL
YEAR: 2020
LATITUDE: 40 5 N
LONGITUDE: 92 33 W
[TEMPERATURE DATA] [PRECIPITATION DATA] SYMBOLS USED IN COLUMN 16
AVERAGE MONTHLY: 50.3 TOTAL FOR MONTH: 2.11 1 = FOG OR MIST
DPTR FM NORMAL: -1.5 DPTR FM NORMAL: -1.73 2 = FOG REDUCING VISIBILITY
HIGHEST: 85 ON 8 GRTST 24HR 0.99 ON 16-17 TO 1/4 MILE OR LESS
LOWEST: 23 ON 10 3 = THUNDER
SNOW, ICE PELLETS, HAIL 4 = ICE PELLETS
TOTAL MONTH: M 5 = HAIL
GRTST 24HR M ON M 6 = FREEZING RAIN OR DRIZZLE
GRTST DEPTH: M ON M 7 = DUSTSTORM OR SANDSTORM:
VSBY 1/2 MILE OR LESS
8 = SMOKE OR HAZE
[NO. OF DAYS WITH] [WEATHER - DAYS WITH] 9 = BLOWING SNOW
X = TORNADO
MAX 32 OR BELOW: 0 0.01 INCH OR MORE: 10
MAX 90 OR ABOVE: 0 0.10 INCH OR MORE: 6
MIN 32 OR BELOW: 9 0.50 INCH OR MORE: 1
MIN 0 OR BELOW: 0 1.00 INCH OR MORE: 0
[HDD (BASE 65) ]
TOTAL THIS MO. 438 CLEAR (SCALE 0-3) 13
DPTR FM NORMAL 35 PTCLDY (SCALE 4-7) 14
TOTAL FM JUL 1 5326 CLOUDY (SCALE 8-10) 3
DPTR FM NORMAL -363
[CDD (BASE 65) ]
TOTAL THIS MO. 5
DPTR FM NORMAL -2 [PRESSURE DATA]
TOTAL FM JAN 1 5 HIGHEST SLP M ON M
DPTR FM NORMAL -2 LOWEST SLP 29.47 ON 12
[REMARKS]
#FINAL-04-20#