000
CDUS43 KSGF 212134
CLIJLN


CLIMATE REPORT
NATIONAL WEATHER SERVICE SPRINGFIELD MO
433 PM CDT MON MAY 21 2018


...................................

...THE JOPLIN MO CLIMATE SUMMARY FOR MAY 21 2018...
VALID AS OF 0400 PM LOCAL TIME.

CLIMATE NORMAL PERIOD 1981 TO 2010
CLIMATE RECORD PERIOD 1902 TO 2018


WEATHER ITEM   OBSERVED TIME   RECORD YEAR NORMAL DEPARTURE LAST
                VALUE   (LST)  VALUE       VALUE  FROM      YEAR
                                                  NORMAL
..................................................................
TEMPERATURE (F)
 TODAY
  MAXIMUM         80    247 PM  91    1987  79      1       73
  MINIMUM         63    657 AM  40    1968  58      5       47
  AVERAGE         72                        68      4       60

PRECIPITATION (IN)
  TODAY            0.00          1.25 1951   0.19  -0.19     0.00
  MONTH TO DATE    2.96                      3.96  -1.00     6.59
  SINCE MAR 1      7.37                     11.85  -4.48    20.53
  SINCE JAN 1     12.78                     16.20  -3.42    24.52

DEGREE DAYS
 HEATING
  TODAY            0                         1     -1        5
  MONTH TO DATE    3                        56    -53       53
  SINCE MAR 1    899                       805     94      608
  SINCE JUL 1   4087                      4059     28     3160

 COOLING
  TODAY            7                         5      2        0
  MONTH TO DATE  159                        69     90       85
  SINCE MAR 1    175                       122     53      149
  SINCE JAN 1    175                       123     52      159
..................................................................


WIND (MPH)
  HIGHEST WIND SPEED     9   HIGHEST WIND DIRECTION    NW (300)
  HIGHEST GUST SPEED    13   HIGHEST GUST DIRECTION    SW (220)


SKY COVER
  AVERAGE SKY COVER 0.7


WEATHER CONDITIONS
 THE FOLLOWING WEATHER WAS RECORDED TODAY.
  FOG


RELATIVE HUMIDITY (PERCENT)
 HIGHEST   100          1200 AM
 LOWEST     62           200 PM
 AVERAGE    81

..........................................................


THE JOPLIN MO CLIMATE NORMALS FOR TOMORROW
                         NORMAL    RECORD    YEAR
 MAXIMUM TEMPERATURE (F)   79        93      1953
 MINIMUM TEMPERATURE (F)   58        44      2015
                                             2001


SUNRISE AND SUNSET
MAY 21 2018...........SUNRISE   605 AM CDT   SUNSET   825 PM CDT
MAY 22 2018...........SUNRISE   604 AM CDT   SUNSET   825 PM CDT


-  INDICATES NEGATIVE NUMBERS.
R  INDICATES RECORD WAS SET OR TIED.
MM INDICATES DATA IS MISSING.
T  INDICATES TRACE AMOUNT.




$$
