000
CDUS43 KSGF 202126
CLIUNO


CLIMATE REPORT
NATIONAL WEATHER SERVICE SPRINGFIELD MO
425 PM CDT SUN MAY 20 2018


...................................

...THE WEST PLAINS MO CLIMATE SUMMARY FOR MAY 20 2018...
VALID AS OF 0400 PM LOCAL TIME.

CLIMATE NORMAL PERIOD 1981 TO 2010
CLIMATE RECORD PERIOD 1947 TO 2018


WEATHER ITEM   OBSERVED TIME   RECORD YEAR NORMAL DEPARTURE LAST
                VALUE   (LST)  VALUE       VALUE  FROM      YEAR
                                                  NORMAL
..................................................................
TEMPERATURE (F)
 TODAY
  MAXIMUM         81    258 PM  89    1964  78      3       75
  MINIMUM         65    522 AM  39    1954  55     10       60
  AVERAGE         73                        66      7       68

PRECIPITATION (IN)
  TODAY            0.00          2.57 1979   0.14  -0.14     1.48
  MONTH TO DATE    3.70                      3.51   0.19     5.09
  SINCE MAR 1     13.16                     12.28   0.88    29.31
  SINCE JAN 1     22.39                     17.84   4.55    33.94

DEGREE DAYS
 HEATING
  TODAY            0                         2     -2        0
  MONTH TO DATE    0                        66    -66       63
  SINCE MAR 1    972                       864    108      654
  SINCE JUL 1   4217                      4328   -111     3303

 COOLING
  TODAY            8                         4      4        3
  MONTH TO DATE  121                        45     76       60
  SINCE MAR 1    126                        73     53       88
  SINCE JAN 1    132                        73     59       89
..................................................................


WIND (MPH)
  HIGHEST WIND SPEED    16   HIGHEST WIND DIRECTION     N (350)
  HIGHEST GUST SPEED    25   HIGHEST GUST DIRECTION     N (350)


SKY COVER
  AVERAGE SKY COVER 0.1


WEATHER CONDITIONS
 THE FOLLOWING WEATHER WAS RECORDED TODAY.
  NO SIGNIFICANT WEATHER WAS OBSERVED.


RELATIVE HUMIDITY (PERCENT)
 HIGHEST    93           600 AM
 LOWEST     62           200 PM
 AVERAGE    78

..........................................................


THE WEST PLAINS MO CLIMATE NORMALS FOR TOMORROW
                         NORMAL    RECORD    YEAR
 MAXIMUM TEMPERATURE (F)   78        92      1987
 MINIMUM TEMPERATURE (F)   56        36      1954


SUNRISE AND SUNSET
MAY 20 2018...........SUNRISE   556 AM CDT   SUNSET   813 PM CDT
MAY 21 2018...........SUNRISE   555 AM CDT   SUNSET   813 PM CDT


-  INDICATES NEGATIVE NUMBERS.
R  INDICATES RECORD WAS SET OR TIED.
MM INDICATES DATA IS MISSING.
T  INDICATES TRACE AMOUNT.




$$
