000
CXUS56 KMFR 191000
CF6AAT
PRELIMINARY LOCAL CLIMATOLOGICAL DATA (WS FORM: F-6)

                                          STATION:   ALTURAS CA
                                          MONTH:     APRIL
                                          YEAR:      2018
                                          LATITUDE:   41 29 N
                                          LONGITUDE: 120 34 W

  TEMPERATURE IN F:       :PCPN:    SNOW:  WIND      :SUNSHINE: SKY     :PK WND
================================================================================
1   2   3   4   5  6A  6B    7    8   9   10  11  12  13   14  15   16   17  18
                                     12Z  AVG MX 2MIN
DY MAX MIN AVG DEP HDD CDD  WTR  SNW DPTH SPD SPD DIR MIN PSBL S-S WX    SPD DR
================================================================================

 1  63  26  45   5  20   0 0.00    M    M  5.5 21 300   M    M   0 12     26 310
 2  51  21  36  -4  29   0 0.00    M    M  6.8 25 310   M    M   2 8      31 330
 3  64  14  39  -1  26   0 0.00    M    M  5.7 22 280   M    M   2 18     27 250
 4  64  38  51  10  14   0 0.02    M    M  7.3 18 260   M    M   8        25 260
 5  56  40  48   7  17   0 0.19    M    M  5.8 23 240   M    M  10        27 250
 6  49  41  45   4  20   0 1.00    M    M  3.4 12 140   M    M  10 1      15 150
 7  53  41  47   6  18   0 0.34    M    M 16.8 35 220   M    M   8 1      45 220
 8  56  31  44   3  21   0 0.00    M    M  7.4 22 260   M    M   5        30 240
 9  71  26  49   7  16   0 0.00    M    M  5.7 16 160   M    M   0        21 150
10  66  42  54  12  11   0 0.05    M    M 12.1 30 230   M    M   4 1      38 230
11  57  31  44   2  21   0 0.18    M    M 13.2 33 210   M    M   5 1      44 210
12  42  24  33  -9  32   0 0.05    M    M  9.1 24 250   M    M   7 18     31 250
13  56  22  39  -3  26   0 0.00    M    M  2.3  8 160   M    M   2 1      11 200
14  63  31  47   4  18   0 0.00    M    M  5.9 22 240   M    M   2 1      26 250
15  62  32  47   4  18   0 0.19    M    M 15.9 45 190   M    M   5 1      56 190
16  42  28  35  -8  30   0 0.10    M    M  5.6 22 330   M    M   7 128    27 330
17  46  23  35  -8  30   0 0.00    M    M  3.7 10 280   M    M   4 8      14 270
18  45  26  36  -8  29   0 0.03    M    M  2.7 16 230   M    M   8 18     21 230
================================================================================
SM 1006  537       396   0  2.15    M    134.9          M       89
================================================================================
AV 55.9 29.8                               7.5 FASTST   M    M   5    MAX(MPH)
                                 MISC ---->  # 45 190               # 56  190
================================================================================
NOTES:
# LAST OF SEVERAL OCCURRENCES

COLUMN 17 PEAK WIND IN M.P.H.

PRELIMINARY LOCAL CLIMATOLOGICAL DATA (WS FORM: F-6) , PAGE 2

                                          STATION:  ALTURAS CA
                                          MONTH:    APRIL
                                          YEAR:     2018
                                          LATITUDE:   41 29 N
                                          LONGITUDE: 120 34 W

[TEMPERATURE DATA]      [PRECIPITATION DATA]       SYMBOLS USED IN COLUMN 16

AVERAGE MONTHLY: 42.9   TOTAL FOR MONTH:   2.15    1 = FOG OR MIST
DPTR FM NORMAL:   1.1   DPTR FM NORMAL:    1.25    2 = FOG REDUCING VISIBILITY
HIGHEST:    71 ON  9    GRTST 24HR  1.00 ON  6- 6      TO 1/4 MILE OR LESS
LOWEST:     14 ON  3                               3 = THUNDER
                        SNOW, ICE PELLETS, HAIL    4 = ICE PELLETS
                        TOTAL MONTH:    M          5 = HAIL
                        GRTST 24HR    M  ON   M    6 = FREEZING RAIN OR DRIZZLE
                        GRTST DEPTH:  M  ON   M    7 = DUSTSTORM OR SANDSTORM:
                                                       VSBY 1/2 MILE OR LESS
                                                   8 = SMOKE OR HAZE
[NO. OF DAYS WITH]      [WEATHER - DAYS WITH]      9 = BLOWING SNOW
                                                   X = TORNADO
MAX 32 OR BELOW:   0    0.01 INCH OR MORE:  10
MAX 90 OR ABOVE:   0    0.10 INCH OR MORE:   6
MIN 32 OR BELOW:  13    0.50 INCH OR MORE:   1
MIN  0 OR BELOW:   0    1.00 INCH OR MORE:   1

[HDD (BASE 65) ]
TOTAL THIS MO.   396    CLEAR  (SCALE 0-3)   6
DPTR FM NORMAL   -23    PTCLDY (SCALE 4-7)   9
TOTAL FM JUL 1  5652    CLOUDY (SCALE 8-10)  3
DPTR FM NORMAL  -459

[CDD (BASE 65) ]
TOTAL THIS MO.     0
DPTR FM NORMAL     0    [PRESSURE DATA]
TOTAL FM JAN 1     0    HIGHEST SLP M ON M
DPTR FM NORMAL     0    LOWEST  SLP 29.60 ON  7

[REMARKS]
