000
CXUS53 KDVN 011010
CLMCID


CLIMATE REPORT
NATIONAL WEATHER SERVICE QUAD CITIES IA IL
500 AM CDT SUN APR 1 2018

...................................

...THE CEDAR RAPIDS IA CLIMATE SUMMARY FOR THE MONTH OF MARCH 2018...

CLIMATE NORMAL PERIOD 1981 TO 2010
CLIMATE RECORD PERIOD 1891 TO 2018

WEATHER         OBSERVED          NORMAL  DEPART
                 VALUE   DATE(S)  VALUE   FROM
                                          NORMAL
................................................
TEMPERATURE (F)
RECORD
 HIGH              88   03/29/1986
 LOW              -15   03/03/2014
HIGHEST            59   03/14        54       5
LOWEST             15   03/08        21      -6
AVG. MAXIMUM     45.4              46.5    -1.1
AVG. MINIMUM     25.3              26.7    -1.4
MEAN             35.3              36.6    -1.3
DAYS MAX >= 90      0
DAYS MAX <= 32      2
DAYS MIN <= 32     30
DAYS MIN <= 0       0

PRECIPITATION (INCHES)
TOTALS           1.90              2.10   -0.20
DAILY AVG.       0.06              0.07   -0.01
DAYS >= .01         8
DAYS >= .10         6
DAYS >= .50         1
DAYS >= 1.00        0
GREATEST
 24 HR. TOTAL    0.91   03/05 TO 03/05

DEGREE_DAYS
HEATING TOTAL     913               881      32
 SINCE 7/1       5968              6164    -196
COOLING TOTAL       0                 0       0
 SINCE 1/1          0                 0       0
.................................................

WIND (MPH)
AVERAGE WIND SPEED              12.1
HIGHEST WIND SPEED/DIRECTION    39/220    DATE  03/31
HIGHEST GUST SPEED/DIRECTION    58/210    DATE  03/31

SKY COVER
AVERAGE SKY COVER           0.40
NUMBER OF DAYS FAIR           15
NUMBER OF DAYS PC             10
NUMBER OF DAYS CLOUDY          6

AVERAGE RH (PERCENT)     66

WEATHER CONDITIONS. NUMBER OF DAYS WITH
THUNDERSTORM              4     HAIL                       0
SLEET                     1     FOG                       20
FOG W/VIS <= 1/4 MILE     5     HAZE                       9

-  INDICATES NEGATIVE NUMBERS.
R  INDICATES RECORD WAS SET OR TIED.
MM INDICATES DATA IS MISSING.
T  INDICATES TRACE AMOUNT.

$$
