000
CDUS44 KSHV 030857
CLISHV

CLIMATE REPORT
NATIONAL WEATHER SERVICE SHREVEPORT, LA
257 AM CST SUN MAR 03 2024

...................................

...THE SHREVEPORT CLIMATE SUMMARY FOR MARCH 2 2024...

CLIMATE NORMAL PERIOD: 1991 TO 2020
CLIMATE RECORD PERIOD: 1874 TO 2024


WEATHER ITEM   OBSERVED TIME   RECORD YEAR NORMAL DEPARTURE LAST
                VALUE   (LST)  VALUE       VALUE  FROM      YEAR
                                                  NORMAL
...................................................................
TEMPERATURE (F)
 YESTERDAY
  MAXIMUM         79   5:00 PM  85    1983  66     13       82
                                      2012
  MINIMUM         45   4:00 AM  20    1980  45      0       64
  AVERAGE         62                        56      6       73

PRECIPITATION (IN)
  YESTERDAY        0.00          3.10 1934   0.17  -0.17     0.57
  MONTH TO DATE    0.00                      0.34  -0.34     0.57
  SINCE MAR 1      0.00                      0.34  -0.34     0.57
  SINCE JAN 1     13.70                      9.04   4.66    14.15

SNOWFALL (IN)
  YESTERDAY        0.0
  MONTH TO DATE    0.0
  SINCE MAR 1      0.0
  SINCE JUL 1      0.6
  SNOW DEPTH       0

DEGREE DAYS
 HEATING
  YESTERDAY        3                        10     -7        0
  MONTH TO DATE   15                        20     -5        0
  SINCE MAR 1     15                        20     -5        0
  SINCE JUL 1   1441                      1777   -336     1379

 COOLING
  YESTERDAY        0                         1     -1        8
  MONTH TO DATE    0                         2     -2       21
  SINCE MAR 1      0                         2     -2       21
  SINCE JAN 1     40                        18     22       83
...................................................................


WIND (MPH)
  HIGHEST WIND SPEED    21   HIGHEST WIND DIRECTION     S (180)
  HIGHEST GUST SPEED    17   HIGHEST GUST DIRECTION     S (170)
  AVERAGE WIND SPEED     6.0


SKY COVER
  POSSIBLE SUNSHINE  MM
  AVERAGE SKY COVER 0.3


WEATHER CONDITIONS
THE FOLLOWING WEATHER WAS RECORDED YESTERDAY.
  FOG
  FOG W/VISIBILITY <= 1/4 MILE


RELATIVE HUMIDITY (PERCENT)
 HIGHEST    MM
 LOWEST     MM
 AVERAGE    MM

..........................................................


THE SHREVEPORT CLIMATE NORMALS FOR TODAY
                         NORMAL    RECORD    YEAR
 MAXIMUM TEMPERATURE (F)   67        82      1899
                                             1974
                                             1976
 MINIMUM TEMPERATURE (F)   45        15      1943


SUNRISE AND SUNSET
MARCH  3 2024.........SUNRISE   6:40 AM CST   SUNSET   6:15 PM CST
MARCH  4 2024.........SUNRISE   6:39 AM CST   SUNSET   6:16 PM CST


-  INDICATES NEGATIVE NUMBERS.
R  INDICATES RECORD WAS SET OR TIED.
MM INDICATES DATA IS MISSING.
T  INDICATES TRACE AMOUNT.




$$
