000
CDUS44 KSHV 250738
CLISHV

CLIMATE REPORT
NATIONAL WEATHER SERVICE SHREVEPORT, LA
238 AM CDT FRI JUN 25 2021

...................................

...THE SHREVEPORT CLIMATE SUMMARY FOR JUNE 24 2021...

CLIMATE NORMAL PERIOD: 1991 TO 2020
CLIMATE RECORD PERIOD: 1874 TO 2021


WEATHER ITEM   OBSERVED TIME   RECORD YEAR NORMAL DEPARTURE LAST
                VALUE   (LST)  VALUE       VALUE  FROM      YEAR
                                                  NORMAL
...................................................................
TEMPERATURE (F)
 YESTERDAY
  MAXIMUM         95   4:46 PM 101    1882  92      3       90
  MINIMUM         78   5:36 AM  62    1974  72      6       72
  AVERAGE         87                        82      5       81

PRECIPITATION (IN)
  YESTERDAY        0.00          3.05 1999   0.16  -0.16     0.40
  MONTH TO DATE    3.25                      3.82  -0.57     2.10
  SINCE JUN 1      3.25                      3.82  -0.57     2.10
  SINCE JAN 1     29.17                     27.07   2.10    36.29

SNOWFALL (IN)
  YESTERDAY        0.0
  MONTH TO DATE    0.0
  SINCE JUN 1      0.0
  SINCE JUL 1      8.7
  SNOW DEPTH       0

DEGREE DAYS
 HEATING
  YESTERDAY        0                         0      0        0
  MONTH TO DATE    0                         0      0        0
  SINCE JUN 1      0                         0      0        0
  SINCE JUL 1   1997                      2067    -70     1864

 COOLING
  YESTERDAY       22                        17      5       16
  MONTH TO DATE  399                       371     28      376
  SINCE JUN 1    399                       371     28      376
  SINCE JAN 1    810                       819     -9      823
...................................................................


WIND (MPH)
  HIGHEST WIND SPEED    18   HIGHEST WIND DIRECTION     S (160)
  HIGHEST GUST SPEED    22   HIGHEST GUST DIRECTION     S (160)
  AVERAGE WIND SPEED     7.8


SKY COVER
  POSSIBLE SUNSHINE  MM
  AVERAGE SKY COVER 0.2


WEATHER CONDITIONS
THE FOLLOWING WEATHER WAS RECORDED YESTERDAY.
  NO SIGNIFICANT WEATHER WAS OBSERVED.


RELATIVE HUMIDITY (PERCENT)
 HIGHEST    88           4:00 AM
 LOWEST     48           3:00 PM
 AVERAGE    68

..........................................................


THE SHREVEPORT CLIMATE NORMALS FOR TODAY
                         NORMAL    RECORD    YEAR
 MAXIMUM TEMPERATURE (F)   92       104      1875
 MINIMUM TEMPERATURE (F)   72        59      1974


SUNRISE AND SUNSET
JUNE 25 2021..........SUNRISE   6:10 AM CDT   SUNSET   8:26 PM CDT
JUNE 26 2021..........SUNRISE   6:10 AM CDT   SUNSET   8:26 PM CDT


-  INDICATES NEGATIVE NUMBERS.
R  INDICATES RECORD WAS SET OR TIED.
MM INDICATES DATA IS MISSING.
T  INDICATES TRACE AMOUNT.




$$
