000
CDUS44 KSHV 190758
CLISHV


CLIMATE REPORT
NATIONAL WEATHER SERVICE SHREVEPORT, LA
257 AM CDT THU APR 19 2018


...................................

...THE SHREVEPORT CLIMATE SUMMARY FOR APRIL 18 2018...

CLIMATE NORMAL PERIOD 1981 TO 2010
CLIMATE RECORD PERIOD 1874 TO 2018


WEATHER ITEM   OBSERVED TIME   RECORD YEAR NORMAL DEPARTURE LAST
                VALUE   (LST)  VALUE       VALUE  FROM      YEAR
                                                  NORMAL
..................................................................
TEMPERATURE (F)
 YESTERDAY
  MAXIMUM         81    507 PM  93    2006  77      4       85
  MINIMUM         61   1159 PM  37    1999  54      7       65
  AVERAGE         71                        66      5       75

PRECIPITATION (IN)
  YESTERDAY        0.00          6.03 2016   0.15  -0.15     0.00
  MONTH TO DATE    3.49                      2.49   1.00     3.18
  SINCE DEC 1     24.90                     20.35   4.55    11.91
  SINCE JAN 1     20.78                     15.58   5.20     8.77

SNOWFALL (IN)
  YESTERDAY        0.0
  MONTH TO DATE    T
  SINCE MAR 1      T
  SINCE JUL 1      1.8
  SNOW DEPTH       0

DEGREE DAYS
 HEATING
  YESTERDAY        0                         2     -2        0
  MONTH TO DATE  103                        68     35       17
  SINCE MAR 1    245                       319    -74      151
  SINCE JUL 1   2005                      2201   -196     1182

 COOLING
  YESTERDAY        6                         3      3       10
  MONTH TO DATE   36                        45     -9       90
  SINCE MAR 1     98                        76     22      191
  SINCE JAN 1    136                        86     50      261
..................................................................


WIND (MPH)
  HIGHEST WIND SPEED    22   HIGHEST WIND DIRECTION     W (250)
  HIGHEST GUST SPEED    27   HIGHEST GUST DIRECTION    SW (240)
  AVERAGE WIND SPEED    10.4


SKY COVER
  POSSIBLE SUNSHINE  MM
  AVERAGE SKY COVER 0.5


WEATHER CONDITIONS
 THE FOLLOWING WEATHER WAS RECORDED YESTERDAY.
  NO SIGNIFICANT WEATHER WAS OBSERVED.


RELATIVE HUMIDITY (PERCENT)
 HIGHEST    93           400 AM
 LOWEST     35           600 PM
 AVERAGE    64

..........................................................


THE SHREVEPORT CLIMATE NORMALS FOR TODAY
                         NORMAL    RECORD    YEAR
 MAXIMUM TEMPERATURE (F)   78        93      1987
 MINIMUM TEMPERATURE (F)   55        38      1953


SUNRISE AND SUNSET
APRIL 19 2018.........SUNRISE   641 AM CDT   SUNSET   748 PM CDT
APRIL 20 2018.........SUNRISE   640 AM CDT   SUNSET   749 PM CDT


-  INDICATES NEGATIVE NUMBERS.
R  INDICATES RECORD WAS SET OR TIED.
MM INDICATES DATA IS MISSING.
T  INDICATES TRACE AMOUNT.




$$
