000
CDUS44 KSHV 022245
CLISHV


CLIMATE REPORT
NATIONAL WEATHER SERVICE SHREVEPORT, LA
544 PM CDT THU APR 2 2020


...................................

...THE SHREVEPORT CLIMATE SUMMARY FOR APRIL 2 2020...
VALID TODAY AS OF 0500 PM LOCAL TIME.

CLIMATE NORMAL PERIOD 1981 TO 2010
CLIMATE RECORD PERIOD 1874 TO 2020


WEATHER ITEM   OBSERVED TIME   RECORD YEAR NORMAL DEPARTURE LAST
                VALUE   (LST)  VALUE       VALUE  FROM      YEAR
                                                  NORMAL
..................................................................
TEMPERATURE (F)
 TODAY
  MAXIMUM         74    200 PM  88    1918  74      0       70
  MINIMUM         51    614 AM  31    2019  50      1       31
  AVERAGE         63                        62      1       51

PRECIPITATION (IN)
  TODAY            0.00          2.38 2017   0.14  -0.14     0.00
  MONTH TO DATE    0.00                      0.28  -0.28     0.01
  SINCE DEC 1     21.88                     18.14   3.74    21.27
  SINCE JAN 1     20.10                     13.37   6.73    10.00

SNOWFALL (IN)
  TODAY            0.0
  MONTH TO DATE    0.0
  SINCE MAR 1      0.0
  SINCE JUL 1      T
  SNOW DEPTH       0

DEGREE DAYS
 HEATING
  TODAY            2                         5     -3       14
  MONTH TO DATE    8                        10     -2       34
  SINCE MAR 1    105                       261   -156      314
  SINCE JUL 1   1798                      2143   -345     2123

 COOLING
  TODAY            0                         2     -2        0
  MONTH TO DATE    0                         4     -4        0
  SINCE MAR 1     98                        35     63        9
  SINCE JAN 1    106                        45     61       29
..................................................................


WIND (MPH)
  HIGHEST WIND SPEED    18   HIGHEST WIND DIRECTION     S (170)
  HIGHEST GUST SPEED    22   HIGHEST GUST DIRECTION     S (170)
  AVERAGE WIND SPEED    MM


SKY COVER
  POSSIBLE SUNSHINE  MM
  AVERAGE SKY COVER 0.8


WEATHER CONDITIONS
 THE FOLLOWING WEATHER WAS RECORDED TODAY.
  NO SIGNIFICANT WEATHER WAS OBSERVED.


RELATIVE HUMIDITY (PERCENT)
 HIGHEST    96           400 AM
 LOWEST     46           200 PM
 AVERAGE    71

..........................................................


THE SHREVEPORT CLIMATE NORMALS FOR TOMORROW
                         NORMAL    RECORD    YEAR
 MAXIMUM TEMPERATURE (F)   74        88      1989
                                             1974
 MINIMUM TEMPERATURE (F)   50        31      1987


SUNRISE AND SUNSET
APRIL  2 2020.........SUNRISE   701 AM CDT   SUNSET   736 PM CDT
APRIL  3 2020.........SUNRISE   700 AM CDT   SUNSET   737 PM CDT


-  INDICATES NEGATIVE NUMBERS.
R  INDICATES RECORD WAS SET OR TIED.
MM INDICATES DATA IS MISSING.
T  INDICATES TRACE AMOUNT.




$$
