000
CDUS44 KSHV 022245
CLITXK


CLIMATE REPORT
NATIONAL WEATHER SERVICE SHREVEPORT, LA
544 PM CDT THU APR 2 2020


...................................

...THE TEXARKANA CLIMATE SUMMARY FOR APRIL 2 2020...
VALID TODAY AS OF 0500 PM LOCAL TIME.

CLIMATE NORMAL PERIOD 1981 TO 2010
CLIMATE RECORD PERIOD 1896 TO 2020


WEATHER ITEM   OBSERVED TIME   RECORD YEAR NORMAL DEPARTURE LAST
                VALUE   (LST)  VALUE       VALUE  FROM      YEAR
                                                  NORMAL
..................................................................
TEMPERATURE (F)
 TODAY
  MAXIMUM         71    151 PM  92    1918  72     -1       67
  MINIMUM         52    618 AM  29    1936  49      3       33
  AVERAGE         62                        60      2       50

PRECIPITATION (IN)
  TODAY            0.00          1.24 1944   0.12  -0.12     0.00
  MONTH TO DATE    0.00                      0.25  -0.25     0.00
  SINCE DEC 1     20.37                     16.89   3.48    18.17
  SINCE JAN 1     18.97                     11.84   7.13    11.03

SNOWFALL (IN)
  TODAY            0.0
  MONTH TO DATE    0.0
  SINCE MAR 1      0.0
  SINCE JUL 1      T
  SNOW DEPTH       0

DEGREE DAYS
 HEATING
  TODAY            3                         6     -3       15
  MONTH TO DATE    9                        12     -3       37
  SINCE MAR 1    184                       312   -128      393
  SINCE JUL 1   2209                      2506   -297     2597

 COOLING
  TODAY            0                         1     -1        0
  MONTH TO DATE    0                         2     -2        0
  SINCE MAR 1     60                        21     39        8
  SINCE JAN 1     60                        25     35       25
..................................................................


WIND (MPH)
  HIGHEST WIND SPEED    18   HIGHEST WIND DIRECTION     S (160)
  HIGHEST GUST SPEED    25   HIGHEST GUST DIRECTION     S (170)
  AVERAGE WIND SPEED    MM


SKY COVER
  POSSIBLE SUNSHINE  MM
  AVERAGE SKY COVER 0.0


WEATHER CONDITIONS
 THE FOLLOWING WEATHER WAS RECORDED TODAY.
  NO SIGNIFICANT WEATHER WAS OBSERVED.


RELATIVE HUMIDITY (PERCENT)
 HIGHEST    89           500 AM
 LOWEST     47           200 PM
 AVERAGE    68

..........................................................


THE TEXARKANA CLIMATE NORMALS FOR TOMORROW
                         NORMAL    RECORD    YEAR
 MAXIMUM TEMPERATURE (F)   72        91      1940
 MINIMUM TEMPERATURE (F)   49        24      1936


SUNRISE AND SUNSET
APRIL  2 2020.........SUNRISE   702 AM CDT   SUNSET   738 PM CDT
APRIL  3 2020.........SUNRISE   700 AM CDT   SUNSET   738 PM CDT


-  INDICATES NEGATIVE NUMBERS.
R  INDICATES RECORD WAS SET OR TIED.
MM INDICATES DATA IS MISSING.
T  INDICATES TRACE AMOUNT.




$$
