000
CDUS44 KSHV 250738
CLITXK

CLIMATE REPORT
NATIONAL WEATHER SERVICE SHREVEPORT, LA
238 AM CDT FRI JUN 25 2021

...................................

...THE TEXARKANA CLIMATE SUMMARY FOR JUNE 24 2021...

CLIMATE NORMAL PERIOD: 1991 TO 2020
CLIMATE RECORD PERIOD: 1896 TO 2021


WEATHER ITEM   OBSERVED TIME   RECORD YEAR NORMAL DEPARTURE LAST
                VALUE   (LST)  VALUE       VALUE  FROM      YEAR
                                                  NORMAL
...................................................................
TEMPERATURE (F)
 YESTERDAY
  MAXIMUM         94   4:38 PM 102    1971  90      4       88
  MINIMUM         78   5:43 AM  60    1974  71      7       69
  AVERAGE         86                        80      6       79

PRECIPITATION (IN)
  YESTERDAY        0.00          1.25 1961   0.12  -0.12     0.00
  MONTH TO DATE    2.52                      3.23  -0.71     1.07
  SINCE JUN 1      2.52                      3.23  -0.71     1.07
  SINCE JAN 1     29.80                     25.13   4.67    32.62

SNOWFALL (IN)
  YESTERDAY        0.0
  MONTH TO DATE    0.0
  SINCE JUN 1      0.0
  SINCE JUL 1     16.2
  SNOW DEPTH       0

DEGREE DAYS
 HEATING
  YESTERDAY        0                         0      0        0
  MONTH TO DATE    0                         0      0        0
  SINCE JUN 1      0                         0      0        0
  SINCE JUL 1   2288                      2578   -290     2337

 COOLING
  YESTERDAY       21                        15      6       14
  MONTH TO DATE  392                       322     70      328
  SINCE JUN 1    392                       322     70      328
  SINCE JAN 1    712                       643     69      626
...................................................................


WIND (MPH)
  HIGHEST WIND SPEED    16   HIGHEST WIND DIRECTION    SW (220)
  HIGHEST GUST SPEED    19   HIGHEST GUST DIRECTION    SW (210)
  AVERAGE WIND SPEED     8.1


SKY COVER
  POSSIBLE SUNSHINE  MM
  AVERAGE SKY COVER 0.3


WEATHER CONDITIONS
THE FOLLOWING WEATHER WAS RECORDED YESTERDAY.
  HAZE


RELATIVE HUMIDITY (PERCENT)
 HIGHEST    90           4:00 AM
 LOWEST     54           2:00 PM
 AVERAGE    72

..........................................................


THE TEXARKANA CLIMATE NORMALS FOR TODAY
                         NORMAL    RECORD    YEAR
 MAXIMUM TEMPERATURE (F)   90       107      2012
 MINIMUM TEMPERATURE (F)   71        56      1974


SUNRISE AND SUNSET
JUNE 25 2021..........SUNRISE   6:08 AM CDT   SUNSET   8:30 PM CDT
JUNE 26 2021..........SUNRISE   6:08 AM CDT   SUNSET   8:30 PM CDT


-  INDICATES NEGATIVE NUMBERS.
R  INDICATES RECORD WAS SET OR TIED.
MM INDICATES DATA IS MISSING.
T  INDICATES TRACE AMOUNT.




$$
