000
CDUS46 KSTO 150840
CLISTO

CLIMATE REPORT
NATIONAL WEATHER SERVICE SACRAMENTO
140 AM PDT WED MAR 15 2023

...................................

...THE SACRAMENTO CITY CLIMATE SUMMARY FOR MARCH 14 2023...

CLIMATE NORMAL PERIOD: 1991 TO 2020
CLIMATE RECORD PERIOD: 1849 TO 2023


WEATHER ITEM   OBSERVED RECORD YEAR NORMAL DEPARTURE LAST
                VALUE   VALUE       VALUE  FROM      YEAR
                                           NORMAL
............................................................
TEMPERATURE (F)
 YESTERDAY
  MAXIMUM         68     85    2015  68      0       73
  MINIMUM         46     32    1942  47     -1       44
  AVERAGE         57                 57      0       59

PRECIPITATION (IN)
  YESTERDAY        0.59   1.47 1942   0.09   0.50     0.00
  MONTH TO DATE    3.02               1.46   1.56     0.00
  SINCE OCT 1     23.79              15.16   8.63    14.49
  SINCE JAN 1     13.11               8.96   4.15     0.05

DEGREE DAYS
 HEATING
  YESTERDAY        8                  8      0        6
  MONTH TO DATE  191                121     70      111
  SINCE MAR 1    191                121     70      111
  SINCE JUL 1   2064               1825    239     1716

 COOLING
  YESTERDAY        0                  0      0        0
  MONTH TO DATE    0                  0      0        0
  SINCE MAR 1      0                  0      0        0
  SINCE JAN 1      0                  0      0        0
............................................................


THE SACRAMENTO CITY CLIMATE NORMALS FOR TODAY
                         NORMAL    RECORD    YEAR
 MAXIMUM TEMPERATURE (F)   68        85      2004
 MINIMUM TEMPERATURE (F)   47        29      1880


SUNRISE AND SUNSET
MARCH 15 2023.........SUNRISE   7:17 AM PDT   SUNSET   7:13 PM PDT
MARCH 16 2023.........SUNRISE   7:15 AM PDT   SUNSET   7:14 PM PDT


-  INDICATES NEGATIVE NUMBERS.
R  INDICATES RECORD WAS SET OR TIED.
MM INDICATES DATA IS MISSING.
T  INDICATES TRACE AMOUNT.




$$
