000
CXUS55 KBOU 010735
CF633V
PRELIMINARY LOCAL CLIMATOLOGICAL DATA (WS FORM: F-6)
STATION: Walden
MONTH: AUGUST
YEAR: 2020
LATITUDE: 40 45 N
LONGITUDE: 106 16 W
TEMPERATURE IN F: :PCPN: SNOW: WIND :SUNSHINE: SKY :PK WND
================================================================================
1 2 3 4 5 6A 6B 7 8 9 10 11 12 13 14 15 16 17 18
12Z AVG MX 2MIN
DY MAX MIN AVG DEP HDD CDD WTR SNW DPTH SPD SPD DIR MIN PSBL S-S WX SPD DR
================================================================================
1 79 37 58 M 7 0 M M M 6.1 22 70 M M 1 36 70
2 81 41 61 M 4 0 M M M 6.5 12 50 M M 2 22 340
3 79 41 60 M 5 0 M M M 6.1 25 250 M M 2 37 250
4 81 54 68 M 0 3 M M M 10.3 21 340 M M 1 27 340
5 63 50 57 M 8 0 M M M 3.7 9 130 M M 1 M M
6 79 43 61 M 4 0 M M M 7.8 22 160 M M 3 28 160
7 81 34 58 M 7 0 M M M 9.2 20 260 M M 0 30 270
8 79 37 58 M 7 0 M M M 8.2 17 240 M M 0 28 240
9 81 36 59 M 6 0 M M M 8.1 16 260 M M 0 27 260
10 81 37 59 M 6 0 M M M 7.2 21 250 M M 0 29 220
11 81 41 61 M 4 0 M M M 8.6 18 220 M M 0 30 240
12 77 37 57 M 8 0 M M M 10.2 25 200 M M 1 47 200
13 82 37 60 M 5 0 M M M 8.6 20 250 M M 0 28 250
14 81 34 58 M 7 0 M M M 8.5 20 240 M M 0 27 240
15 81 34 58 M 7 0 M M M 7.7 15 310 M M 0 23 280
16 59 57 58 M 7 0 M M M 5.8 6 130 M M 0 M M
17 81 41 61 M 4 0 M M M 5.5 10 350 M M 0 M M
18 88 41 65 M 0 0 M M M 5.8 15 340 M M 0 23 340
19 81 43 62 M 3 0 M M M 6.9 28 260 M M 2 45 10
20 77 39 58 M 7 0 M M M 3.2 8 150 M M 0 M M
21 81 39 60 M 5 0 M M M 5.3 13 320 M M 1 16 210
22 84 50 67 M 0 2 M M M 7.4 17 350 M M 0 27 350
23 82 39 61 M 4 0 M M M 4.5 13 250 M M 1 17 100
24 82 43 63 M 2 0 M M M 6.4 24 210 M M 3 31 210
25 82 43 63 M 2 0 M M M 6.9 14 120 M M 2 22 70
26 75 54 65 M 0 0 M M M 5.6 8 160 M M 2 M M
27 81 41 61 M 4 0 M M M 7.8 23 330 M M 1 53 330
28 77 46 62 M 3 0 M M M 5.4 16 140 M M 2 20 120
29 70 43 57 M 8 0 M M M 8.2 17 200 M M 4 25 200
30 75 43 59 M 6 0 M M M 11.1 21 300 M M 3 31 310
31 75 32 54 M 11 0 0.00 0.0 0 9.9 23 270 M M 4 32 270
================================================================================
SM 2436 1287 151 5 0.00 0.0 222.5 M 36
================================================================================
AV 78.6 41.5 7.2 FASTST M M 1 MAX(MPH)
MISC ----> # 28 260 # 53 330
================================================================================
NOTES:
# LAST OF SEVERAL OCCURRENCES
COLUMN 17 PEAK WIND IN M.P.H.
PRELIMINARY LOCAL CLIMATOLOGICAL DATA (WS FORM: F-6) , PAGE 2
STATION: Walden
MONTH: AUGUST
YEAR: 2020
LATITUDE: 40 45 N
LONGITUDE: 106 16 W
[TEMPERATURE DATA] [PRECIPITATION DATA] SYMBOLS USED IN COLUMN 16
AVERAGE MONTHLY: 60.1 TOTAL FOR MONTH: 0.00 1 = FOG OR MIST
DPTR FM NORMAL: M DPTR FM NORMAL: M 2 = FOG REDUCING VISIBILITY
HIGHEST: 88 ON 18 GRTST 24HR 0.00 ON 31-31 TO 1/4 MILE OR LESS
LOWEST: 32 ON 31 3 = THUNDER
SNOW, ICE PELLETS, HAIL 4 = ICE PELLETS
TOTAL MONTH: 0.0 INCH 5 = HAIL
GRTST 24HR 0.0 6 = FREEZING RAIN OR DRIZZLE
GRTST DEPTH: 0 7 = DUSTSTORM OR SANDSTORM:
VSBY 1/2 MILE OR LESS
8 = SMOKE OR HAZE
[NO. OF DAYS WITH] [WEATHER - DAYS WITH] 9 = BLOWING SNOW
X = TORNADO
MAX 32 OR BELOW: 0 0.01 INCH OR MORE: 0
MAX 90 OR ABOVE: 0 0.10 INCH OR MORE: 0
MIN 32 OR BELOW: 1 0.50 INCH OR MORE: 0
MIN 0 OR BELOW: 0 1.00 INCH OR MORE: 0
[HDD (BASE 65) ]
TOTAL THIS MO. 151 CLEAR (SCALE 0-3) 27
DPTR FM NORMAL M PTCLDY (SCALE 4-7) 4
TOTAL FM JUL 1 303 CLOUDY (SCALE 8-10) 0
DPTR FM NORMAL M
[CDD (BASE 65) ]
TOTAL THIS MO. 5
DPTR FM NORMAL M [PRESSURE DATA]
TOTAL FM JAN 1 11 HIGHEST SLP M ON M
DPTR FM NORMAL M LOWEST SLP M ON M
[REMARKS]
#FINAL-08-20#