000
CXUS54 KLZK 011130
CF6ADF
PRELIMINARY LOCAL CLIMATOLOGICAL DATA (WS FORM: F-6)
STATION: ARKADELPHIA AIRPORT
MONTH: APRIL
YEAR: 2021
LATITUDE: 34 9 N
LONGITUDE: 93 4 W
TEMPERATURE IN F: :PCPN: SNOW: WIND :SUNSHINE: SKY :PK WND
================================================================================
1 2 3 4 5 6A 6B 7 8 9 10 11 12 13 14 15 16 17 18
12Z AVG MX 2MIN
DY MAX MIN AVG DEP HDD CDD WTR SNW DPTH SPD SPD DIR MIN PSBL S-S WX SPD DR
================================================================================
1 62 33 48 -10 17 0 0.00 M M 5.3 17 20 M M 0 8 24 10
2 63 31 47 -11 18 0 0.00 M M 2.2 7 130 M M 0 M M
3 67 37 52 -7 13 0 0.00 M M 2.5 8 190 M M 6 M M
4 75 39 57 -2 8 0 0.00 M M 2.5 8 230 M M 3 M M
5 79 56 68 9 0 3 0.00 M M 3.6 14 190 M M 8 18 170
6 77 50 64 4 1 0 0.00 M M 4.1 12 160 M M 7 8 17 160
7 M M M M M M 0.00 M M M M M M M M M M
8 76 43 60 0 5 0 0.00 M M 6.5 15 220 M M 0 23 240
9 72 48 60 0 5 0 0.26 M M 1.8 22 280 M M 2 138 40 280
10 71 45 58 -2 7 0 0.15 M M 8.3 17 290 M M 2 18 33 290
11 78 40 59 -2 6 0 0.00 M M 3.4 10 240 M M 0 18 20 240
12 85 45 65 4 0 0 0.00 M M 1.3 7 180 M M 0 M M
13 78 53 66 5 0 1 T M M 4.8 10 20 M M 1 16 99
14 63 51 57 -4 8 0 1.67 M M 5.5 16 20 M M 9 13 20 20
15 69 50 60 -2 5 0 0.13 M M 4.5 9 20 M M 3 8 16 20
16 57 50 54 -8 11 0 0.18 M M 3.4 9 350 M M 10 M M
17 64 48 56 -6 9 0 0.00 M M 4.9 10 340 M M 8 M M
18 65 45 55 -7 10 0 0.00 M M 3.9 12 310 M M 6 17 310
19 72 38 55 -8 10 0 0.00 M M 2.4 9 280 M M 0 128 M M
20 75 40 58 -5 7 0 0.00 M M 8.1 18 350 M M 2 8 31 340
21 63 31 47 -16 18 0 0.00 M M 2.4 8 310 M M 0 M M
22 61 42 52 -11 13 0 T M M 1.7 6 360 M M 8 M M
23 62 51 57 -7 8 0 2.56 M M 3.9 10 20 M M 10 13 M M
24 69 54 62 -2 3 0 0.20 M M 6.9 20 280 M M 6 13 30 270
25 77 48 63 -1 2 0 0.00 0.0 0 1.9 7 99 M M 0 18 M M
26 81 51 66 2 0 1 0.00 0.0 0 3.3 12 200 M M 0 M M
27 79 58 69 4 0 4 0.00 M M 4.1 10 180 M M 6 16 180
28 83 66 75 10 0 10 0.00 M M 4.0 9 170 M M 6 18 M M
29 77 64 71 6 0 6 0.84 M M 5.3 16 260 M M 7 128 21 260
30 78 60 69 3 0 4 0.00 M M 3.1 8 30 M M 1 128 M M
================================================================================
SM 2078 1367 184 29 5.99 0.0 115.4 M 111
================================================================================
AV 71.7 47.1 4.0 FASTST M M 4 MAX(MPH)
MISC ----> 22 280 40 280
================================================================================
NOTES:
# LAST OF SEVERAL OCCURRENCES
COLUMN 17 PEAK WIND IN M.P.H.
PRELIMINARY LOCAL CLIMATOLOGICAL DATA (WS FORM: F-6) , PAGE 2
STATION: ARKADELPHIA AIRPORT
MONTH: APRIL
YEAR: 2021
LATITUDE: 34 9 N
LONGITUDE: 93 4 W
[TEMPERATURE DATA] [PRECIPITATION DATA] SYMBOLS USED IN COLUMN 16
AVERAGE MONTHLY: 59.4 TOTAL FOR MONTH: 5.99 1 = FOG OR MIST
DPTR FM NORMAL: -2.4 DPTR FM NORMAL: 1.37 2 = FOG REDUCING VISIBILITY
HIGHEST: 85 ON 12 GRTST 24HR 2.56 ON 23-23 TO 1/4 MILE OR LESS
LOWEST: 31 ON 21, 2 3 = THUNDER
SNOW, ICE PELLETS, HAIL 4 = ICE PELLETS
TOTAL MONTH: 0.0 INCH 5 = HAIL
GRTST 24HR 0.0 6 = FREEZING RAIN OR DRIZZLE
GRTST DEPTH: 0 7 = DUSTSTORM OR SANDSTORM:
VSBY 1/2 MILE OR LESS
8 = SMOKE OR HAZE
[NO. OF DAYS WITH] [WEATHER - DAYS WITH] 9 = BLOWING SNOW
X = TORNADO
MAX 32 OR BELOW: 0 0.01 INCH OR MORE: 8
MAX 90 OR ABOVE: 0 0.10 INCH OR MORE: 8
MIN 32 OR BELOW: 2 0.50 INCH OR MORE: 3
MIN 0 OR BELOW: 0 1.00 INCH OR MORE: 2
[HDD (BASE 65) ]
TOTAL THIS MO. 184 CLEAR (SCALE 0-3) 14
DPTR FM NORMAL 41 PTCLDY (SCALE 4-7) 11
TOTAL FM JUL 1 2943 CLOUDY (SCALE 8-10) 5
DPTR FM NORMAL -62
[CDD (BASE 65) ]
TOTAL THIS MO. 29
DPTR FM NORMAL -19 [PRESSURE DATA]
TOTAL FM JAN 1 44 HIGHEST SLP M ON M
DPTR FM NORMAL -16 LOWEST SLP M ON M
[REMARKS]
#FINAL-04-21#