000
CXUS53 KAPX 010730
CF6ANJ
PRELIMINARY LOCAL CLIMATOLOGICAL DATA (WS FORM: F-6)
STATION: SAULT STE MARIE MI
MONTH: AUGUST
YEAR: 2022
LATITUDE: 46 28 N
LONGITUDE: 84 21 W
TEMPERATURE IN F: :PCPN: SNOW: WIND :SUNSHINE: SKY :PK WND
================================================================================
1 2 3 4 5 6A 6B 7 8 9 10 11 12 13 14 15 16 17 18
12Z AVG MX 2MIN
DY MAX MIN AVG DEP HDD CDD WTR SNW DPTH SPD SPD DIR MIN PSBL S-S WX SPD DR
================================================================================
1 71 55 63 -4 2 0 0.07 0.0 0 8.5 18 290 M M 8 18 26 310
2 76 55 66 -1 0 1 0.03 0.0 0 4.7 14 190 M M 5 12 22 210
3 83 62 73 6 0 8 0.37 0.0 0 8.1 26 220 M M 6 13 40 210
4 74 56 65 -2 0 0 0.00 0.0 0 6.9 15 310 M M 3 1 21 300
5 79 55 67 0 0 2 0.00 0.0 0 6.4 14 130 M M 1 23 140
6 84 62 73 6 0 8 0.03 0.0 0 6.4 17 220 M M 5 1 26 220
7 68 60 64 -3 1 0 0.61 0.0 0 4.2 13 60 M M 9 1 22 60
8 68 58 63 -3 2 0 0.29 0.0 0 6.0 15 320 M M 8 18 23 290
9 77 53 65 -1 0 0 0.00 0.0 0 4.2 12 210 M M 0 1 17 220
10 76 57 67 1 0 2 0.00 0.0 0 6.1 18 290 M M 1 31 300
11 70 53 62 -4 3 0 0.00 0.0 0 9.3 18 310 M M 0 31 300
12 76 49 63 -3 2 0 0.00 0.0 0 2.9 10 300 M M 0 15 230
13 75 53 64 -2 1 0 0.00 0.0 0 3.5 13 190 M M 2 18 190
14 76 52 64 -2 1 0 0.00 0.0 0 3.7 10 140 M M 0 16 160
15 80 55 68 2 0 3 0.00 0.0 0 1.8 12 10 M M 4 17 10
16 80 57 69 3 0 4 0.00 0.0 0 3.9 14 290 M M 0 18 310
17 83 55 69 3 0 4 0.00 0.0 0 1.9 12 310 M M 1 17 320
18 80 56 68 2 0 3 0.17 0.0 0 2.7 17 240 M M 3 13 30 230
19 81 61 71 5 0 6 0.00 0.0 0 4.6 16 210 M M 4 23 200
20 82 62 72 7 0 7 0.01 0.0 0 2.3 12 280 M M 6 13 20 150
21 80 62 71 6 0 6 0.00 0.0 0 5.2 15 300 M M 4 18 21 310
22 79 58 69 4 0 4 0.00 0.0 0 5.4 13 310 M M 0 18 320
23 78 57 68 3 0 3 0.00 0.0 0 4.8 14 300 M M 2 1 19 300
24 79 60 70 5 0 5 0.01 0.0 0 4.1 13 290 M M 4 17 300
25 66 61 64 -1 1 0 0.55 0.0 0 4.5 10 10 M M 10 1 17 40
26 72 55 64 0 1 0 0.00 0.0 0 4.4 10 280 M M 1 16 290
27 79 56 68 4 0 3 T 0.0 0 5.8 16 190 M M 2 23 190
28 79 65 72 8 0 7 0.75 0.0 0 7.0 20 290 M M 5 13 27 290
29 77 67 72 8 0 7 0.37 0.0 0 6.4 22 210 M M 9 18 30 220
30 67 59 63 -1 2 0 0.02 0.0 0 10.2 26 300 M M 6 18 43 310
31 65 48 57 -6 8 0 0.00 0.0 0 10.6 25 300 M M 1 42 290
================================================================================
SM 2360 1774 24 83 3.28 0.0 166.5 M 110
================================================================================
AV 76.1 57.2 5.4 FASTST M M 4 MAX(MPH)
MISC ----> # 26 220 43 310
================================================================================
NOTES:
# LAST OF SEVERAL OCCURRENCES
COLUMN 17 PEAK WIND IN M.P.H.
PRELIMINARY LOCAL CLIMATOLOGICAL DATA (WS FORM: F-6) , PAGE 2
STATION: SAULT STE MARIE MI
MONTH: AUGUST
YEAR: 2022
LATITUDE: 46 28 N
LONGITUDE: 84 21 W
[TEMPERATURE DATA] [PRECIPITATION DATA] SYMBOLS USED IN COLUMN 16
AVERAGE MONTHLY: 66.7 TOTAL FOR MONTH: 3.28 1 = FOG OR MIST
DPTR FM NORMAL: 1.1 DPTR FM NORMAL: 0.09 2 = FOG REDUCING VISIBILITY
HIGHEST: 84 ON 6 GRTST 24HR 1.12 ON 28-29 TO 1/4 MILE OR LESS
LOWEST: 48 ON 31 3 = THUNDER
SNOW, ICE PELLETS, HAIL 4 = ICE PELLETS
TOTAL MONTH: 0.0 INCH 5 = HAIL
GRTST 24HR 0.0 6 = FREEZING RAIN OR DRIZZLE
GRTST DEPTH: 0 7 = DUSTSTORM OR SANDSTORM:
VSBY 1/2 MILE OR LESS
8 = SMOKE OR HAZE
[NO. OF DAYS WITH] [WEATHER - DAYS WITH] 9 = BLOWING SNOW
X = TORNADO
MAX 32 OR BELOW: 0 0.01 INCH OR MORE: 13
MAX 90 OR ABOVE: 0 0.10 INCH OR MORE: 7
MIN 32 OR BELOW: 0 0.50 INCH OR MORE: 3
MIN 0 OR BELOW: 0 1.00 INCH OR MORE: 0
[HDD (BASE 65) ]
TOTAL THIS MO. 24 CLEAR (SCALE 0-3) 16
DPTR FM NORMAL -36 PTCLDY (SCALE 4-7) 11
TOTAL FM JUL 1 75 CLOUDY (SCALE 8-10) 4
DPTR FM NORMAL -49
[CDD (BASE 65) ]
TOTAL THIS MO. 83
DPTR FM NORMAL 4 [PRESSURE DATA]
TOTAL FM JAN 1 201 HIGHEST SLP 30.27 ON 12
DPTR FM NORMAL -9 LOWEST SLP 29.56 ON 3
[REMARKS]
#FINAL-08-22#