000
CXUS51 KCTP 010800
CF6AOO
PRELIMINARY LOCAL CLIMATOLOGICAL DATA (WS FORM: F-6)
STATION: ALTOONA
MONTH: SEPTEMBER
YEAR: 2021
LATITUDE: 40 17 N
LONGITUDE: 78 19 W
TEMPERATURE IN F: :PCPN: SNOW: WIND :SUNSHINE: SKY :PK WND
================================================================================
1 2 3 4 5 6A 6B 7 8 9 10 11 12 13 14 15 16 17 18
12Z AVG MX 2MIN
DY MAX MIN AVG DEP HDD CDD WTR SNW DPTH SPD SPD DIR MIN PSBL S-S WX SPD DR
================================================================================
1 68 57 63 -5 2 0 5.21 M M 8.1 20 360 M M 10 1 29 30
2 74 51 63 -5 2 0 0.00 M M 6.3 16 310 M M 0 23 340
3 74 47 61 -7 4 0 0.00 M M 2.5 9 10 M M 1 12 30
4 77 53 65 -2 0 0 0.00 M M 2.8 9 150 M M 1 13 220
5 74 61 68 1 0 3 0.20 M M 4.7 10 210 M M 8 1 15 210
6 79 55 67 0 0 2 0.00 M M 6.6 18 290 M M 1 1 26 270
7 82 52 67 0 0 2 0.00 M M 4.6 14 270 M M 2 1 21 250
8 82 58 70 4 0 5 0.06 M M 5.1 20 310 M M 4 1 25 300
9 77 56 67 1 0 2 0.00 M M 5.2 21 310 M M 2 18 30 300
10 72 51 62 -4 3 0 0.00 M M 7.3 16 310 M M 3 24 310
11 76 48 62 -3 3 0 0.00 M M 4.9 13 180 M M 0 1 20 220
12 84 57 71 6 0 6 0.00 M M 8.8 15 260 M M 0 21 240
13 81 66 74 9 0 9 0.00 M M 8.2 23 290 M M 3 18 34 290
14 83 63 73 9 0 8 0.00 M M 4.3 13 190 M M 1 18 17 180
15 85 65 75 11 0 10 0.25 M M 5.5 17 220 M M 4 1 26 210
16 73 64 69 5 0 4 0.04 M M 4.1 8 100 M M 10 12 11 90
17 79 63 71 8 0 6 0.00 M M 3.1 9 160 M M 6 18 12 120
18 85 61 73 10 0 8 0.00 M M 1.5 9 40 M M 3 12 13 40
19 78 55 67 4 0 2 0.00 M M 2.4 8 80 M M 3 1 11 10
20 75 52 64 2 1 0 0.00 M M 4.0 13 150 M M 6 1 17 140
21 71 61 66 4 0 1 0.23 M M 5.2 13 170 M M 10 1 17 180
22 73 60 67 5 0 2 1.26 M M 10.4 23 150 M M 10 13 37 170
23 66 49 58 -3 7 0 0.84 M M 6.7 17 240 M M 7 1 24 240
24 71 48 60 -1 5 0 0.00 M M 6.1 16 290 M M 0 22 260
25 72 45 59 -1 6 0 0.02 M M 4.3 13 270 M M 2 19 210
26 71 47 59 -1 6 0 0.00 M M 7.5 18 290 M M 1 8 26 290
27 79 52 66 6 0 1 0.00 M M 9.0 17 250 M M 0 24 270
28 76 55 66 7 0 1 0.20 M M 7.3 26 250 M M 5 13 34 260
29 70 46 58 -1 7 0 0.00 M M 2.3 12 310 M M 1 15 320
30 69 45 57 -2 8 0 0.00 M M 4.0 13 340 M M 3 18 320
================================================================================
SM 2276 1643 54 72 8.31 M 162.8 M 107
================================================================================
AV 75.9 54.8 5.4 FASTST M M 4 MAX(MPH)
MISC ----> 26 250 37 170
================================================================================
NOTES:
# LAST OF SEVERAL OCCURRENCES
COLUMN 17 PEAK WIND IN M.P.H.
PRELIMINARY LOCAL CLIMATOLOGICAL DATA (WS FORM: F-6) , PAGE 2
STATION: ALTOONA
MONTH: SEPTEMBER
YEAR: 2021
LATITUDE: 40 17 N
LONGITUDE: 78 19 W
[TEMPERATURE DATA] [PRECIPITATION DATA] SYMBOLS USED IN COLUMN 16
AVERAGE MONTHLY: 65.3 TOTAL FOR MONTH: 8.31 1 = FOG OR MIST
DPTR FM NORMAL: 1.6 DPTR FM NORMAL: 4.35 2 = FOG REDUCING VISIBILITY
HIGHEST: 85 ON 18,15 GRTST 24HR 5.48 ON 31- 1 TO 1/4 MILE OR LESS
LOWEST: 45 ON 30,25 3 = THUNDER
SNOW, ICE PELLETS, HAIL 4 = ICE PELLETS
TOTAL MONTH: M 5 = HAIL
GRTST 24HR M ON M 6 = FREEZING RAIN OR DRIZZLE
GRTST DEPTH: M ON M 7 = DUSTSTORM OR SANDSTORM:
VSBY 1/2 MILE OR LESS
8 = SMOKE OR HAZE
[NO. OF DAYS WITH] [WEATHER - DAYS WITH] 9 = BLOWING SNOW
X = TORNADO
MAX 32 OR BELOW: 0 0.01 INCH OR MORE: 10
MAX 90 OR ABOVE: 0 0.10 INCH OR MORE: 7
MIN 32 OR BELOW: 0 0.50 INCH OR MORE: 3
MIN 0 OR BELOW: 0 1.00 INCH OR MORE: 2
[HDD (BASE 65) ]
TOTAL THIS MO. 54 CLEAR (SCALE 0-3) 18
DPTR FM NORMAL -54 PTCLDY (SCALE 4-7) 8
TOTAL FM JUL 1 55 CLOUDY (SCALE 8-10) 4
DPTR FM NORMAL -69
[CDD (BASE 65) ]
TOTAL THIS MO. 72
DPTR FM NORMAL 3 [PRESSURE DATA]
TOTAL FM JAN 1 858 HIGHEST SLP 30.30 ON 21
DPTR FM NORMAL 176 LOWEST SLP 29.67 ON 1
[REMARKS]
#FINAL-09-21#