458
CXUS55 KVEF 011840
CF6BIH
PRELIMINARY LOCAL CLIMATOLOGICAL DATA (WS FORM: F-6)
STATION: BISHOP CA
MONTH: JUNE
YEAR: 2020
LATITUDE: 37 22 N
LONGITUDE: 118 22 W
TEMPERATURE IN F: :PCPN: SNOW: WIND :SUNSHINE: SKY :PK WND
================================================================================
1 2 3 4 5 6A 6B 7 8 9 10 11 12 13 14 15 16 17 18
12Z AVG MX 2MIN
DY MAX MIN AVG DEP HDD CDD WTR SNW DPTH SPD SPD DIR MIN PSBL S-S WX SPD DR
================================================================================
1 90 56 73 5 0 8 0.00 0.0 0 8.8 21 160 M M 1 26 170
2 94 56 75 7 0 10 0.00 0.0 0 8.1 26 160 M M 0 34 170
3 98 52 75 7 0 10 T 0.0 0 6.4 24 10 M M 0 3 31 180
4 101 53 77 9 0 12 0.00 0.0 0 7.6 31 230 M M 0 3 42 230
5 92 53 73 4 0 8 T 0.0 0 7.7 23 260 M M 1 38 260
6 85 52 69 0 0 4 0.00 0.0 0 10.8 25 240 M M 1 36 360
7 75 45 60 -9 5 0 0.00 0.0 0 17.2 32 360 M M 1 42 340
8 78 42 60 -10 5 0 0.00 0.0 0 8.1 20 10 M M 0 24 10
9 87 39 63 -7 2 0 0.00 0.0 0 7.5 15 140 M M 0 M M
10 93 46 70 0 0 5 0.00 0.0 0 8.3 16 150 M M 0 21 150
11 96 50 73 3 0 8 0.00 0.0 0 10.7 23 140 M M 0 35 140
12 93 54 74 4 0 9 0.00 0.0 0 14.2 33 200 M M 0 42 180
13 85 46 66 -5 0 1 0.00 0.0 0 9.1 23 350 M M 0 32 350
14 88 50 69 -2 0 4 0.00 0.0 0 7.7 15 340 M M 0 20 360
15 95 52 74 3 0 9 0.00 0.0 0 11.1 24 10 M M 0 33 20
16 95 50 73 1 0 8 0.00 0.0 0 8.8 24 360 M M 0 30 360
17 86 55 71 -1 0 6 0.00 0.0 0 13.3 28 350 M M 0 34 360
18 89 46 68 -4 0 3 0.00 0.0 0 5.8 21 350 M M 0 25 350
19 95 51 73 1 0 8 0.00 0.0 0 5.4 13 150 M M 0 16 40
20 100 53 77 4 0 12 0.00 0.0 0 5.8 16 140 M M 0 22 190
21 103 56 80 7 0 15 0.00 0.0 0 6.8 18 140 M M 0 23 150
22 105 60 83 10 0 18 0.00 0.0 0 7.6 17 140 M M 0 23 220
23 106 59 83 9 0 18 0.00 0.0 0 7.5 28 360 M M 0 40 350
24 104 60 82 8 0 17 0.00 0.0 0 8.7 23 150 M M 0 30 140
25 98 59 79 5 0 14 T 0.0 0 8.4 38 360 M M 1 3 48 10
26 99 58 79 5 0 14 0.00 0.0 0 5.5 13 200 M M 0 16 200
27 105 57 81 6 0 16 0.00 0.0 0 8.6 26 250 M M 0 34 240
28 98 58 78 3 0 13 0.00 0.0 0 14.9 36 240 M M 0 8 46 240
29 84 55 70 -5 0 5 0.00 0.0 0 12.5 29 360 M M 0 37 360
30 90 49 70 -5 0 5 0.00 0.0 0 5.8 14 140 M M 0 20 140
================================================================================
SM 2807 1572 12 260 T 0.0 268.7 M 5
================================================================================
AV 93.6 52.4 9.0 FASTST M M 0 MAX(MPH)
MISC ----> 38 360 48 10
================================================================================
NOTES:
# LAST OF SEVERAL OCCURRENCES
COLUMN 17 PEAK WIND IN M.P.H.
PRELIMINARY LOCAL CLIMATOLOGICAL DATA (WS FORM: F-6) , PAGE 2
STATION: BISHOP CA
MONTH: JUNE
YEAR: 2020
LATITUDE: 37 22 N
LONGITUDE: 118 22 W
[TEMPERATURE DATA] [PRECIPITATION DATA] SYMBOLS USED IN COLUMN 16
AVERAGE MONTHLY: 73.0 TOTAL FOR MONTH: T 1 = FOG OR MIST
DPTR FM NORMAL: 1.5 DPTR FM NORMAL: -0.19 2 = FOG REDUCING VISIBILITY
HIGHEST: 106 ON 23 GRTST 24HR T ON 3- 3 TO 1/4 MILE OR LESS
LOWEST: 39 ON 9 3 = THUNDER
SNOW, ICE PELLETS, HAIL 4 = ICE PELLETS
TOTAL MONTH: 0.0 INCH 5 = HAIL
GRTST 24HR 0.0 6 = FREEZING RAIN OR DRIZZLE
GRTST DEPTH: 0 7 = DUSTSTORM OR SANDSTORM:
VSBY 1/2 MILE OR LESS
8 = SMOKE OR HAZE
[NO. OF DAYS WITH] [WEATHER - DAYS WITH] 9 = BLOWING SNOW
X = TORNADO
MAX 32 OR BELOW: 0 0.01 INCH OR MORE: 0
MAX 90 OR ABOVE: 21 0.10 INCH OR MORE: 0
MIN 32 OR BELOW: 0 0.50 INCH OR MORE: 0
MIN 0 OR BELOW: 0 1.00 INCH OR MORE: 0
[HDD (BASE 65) ]
TOTAL THIS MO. 12 CLEAR (SCALE 0-3) 30
DPTR FM NORMAL -7 PTCLDY (SCALE 4-7) 0
TOTAL FM JUL 1 4048 CLOUDY (SCALE 8-10) 0
DPTR FM NORMAL -127
[CDD (BASE 65) ]
TOTAL THIS MO. 260
DPTR FM NORMAL 46 [PRESSURE DATA]
TOTAL FM JAN 1 413 HIGHEST SLP 30.19 ON 8
DPTR FM NORMAL 131 LOWEST SLP 29.31 ON 28
[REMARKS]
#FINAL-06-20#