000
CXUS53 KARX 010930
CF6CMY
PRELIMINARY LOCAL CLIMATOLOGICAL DATA (WS FORM: F-6)
STATION: SPARTA - FORT MCCOY WI
MONTH: APRIL
YEAR: 2020
LATITUDE: 43 58 N
LONGITUDE: 90 44 W
TEMPERATURE IN F: :PCPN: SNOW: WIND :SUNSHINE: SKY :PK WND
================================================================================
1 2 3 4 5 6A 6B 7 8 9 10 11 12 13 14 15 16 17 18
12Z AVG MX 2MIN
DY MAX MIN AVG DEP HDD CDD WTR SNW DPTH SPD SPD DIR MIN PSBL S-S WX SPD DR
================================================================================
1 56 20 38 M 27 0 0.00 0.0 0 4.4 14 90 M M 3 M M
2 64 38 51 M 14 0 0.00 0.0 0 8.2 15 130 M M 4 21 140
3 58 27 43 M 22 0 0.27 M M 7.0 12 260 M M 9 M M
4 45 23 34 M 31 0 0.09 M M 5.9 12 330 M M 4 M M
5 59 17 38 M 27 0 0.00 0.0 0 2.4 7 240 M M 0 M M
6 55 28 42 M 23 0 M 0.0 0 4.2 10 170 M M 6 M M
7 61 36 49 M 16 0 M 0.0 0 3.6 9 290 M M 9 123 10 360
8 56 34 45 M 20 0 M M 0 4.9 14 280 M M 7 12 25 300
9 44 31 38 M 27 0 M M 0 12.4 22 320 M M 4 33 290
10 48 30 39 M 26 0 0.00 0.0 0 6.3 13 300 M M 6 20 320
11 60 26 43 M 22 0 0.00 0.0 0 2.5 9 170 M M 5 M M
12 45 29 37 M 28 0 M M M 8.1 16 30 M M 10 24 40
13 35 26 31 M 34 0 M M 0 12.2 20 300 M M 4 30 300
14 32 19 26 M 39 0 0.00 0.0 M 7.8 15 300 M M 4 23 280
15 34 11 23 M 42 0 0.02 M M 4.8 13 320 M M 4 21 270
16 43 14 29 M 36 0 0.00 0.0 0 4.4 13 320 M M 1 22 310
17 49 24 37 M 28 0 0.00 0.0 0 4.6 17 260 M M 5 21 260
18 66 20 43 M 22 0 0.00 0.0 0 7.1 16 310 M M 3 25 210
19 54 25 40 M 25 0 0.00 0.0 0 7.6 14 330 M M 1 21 310
20 61 20 41 M 24 0 M 0.0 0 8.9 25 260 M M 3 36 260
21 49 26 38 M 27 0 0.00 0.0 0 8.3 16 300 M M 3 23 300
22 62 38 50 M 15 0 T 0.0 0 10.4 20 90 M M 5 24 100
23 48 36 42 M 23 0 0.00 0.0 0 6.1 10 110 M M 9 1 16 80
24 60 35 48 M 17 0 0.00 0.0 0 4.4 9 100 M M 5 16 30
25 65 30 48 M 17 0 0.00 0.0 0 4.3 13 100 M M 1 18 100
26 70 27 49 M 16 0 0.00 0.0 0 2.1 8 290 M M 3 M M
27 68 40 54 M 11 0 0.20 0.0 0 3.2 9 190 M M 4 M M
28 61 39 50 M 15 0 0.34 M 0 4.9 17 90 M M 7 13 23 310
29 57 42 50 M 15 0 0.00 0.0 0 11.7 21 350 M M 8 1 31 350
30 67 34 51 M 14 0 0.00 0.0 0 7.9 16 320 M M 0 24 360
================================================================================
SM 1632 845 703 0 0.92 0.0 190.6 M 137
================================================================================
AV 54.4 28.2 6.4 FASTST M M 5 MAX(MPH)
MISC ----> # 25 260 # 36 260
================================================================================
NOTES:
# LAST OF SEVERAL OCCURRENCES
COLUMN 17 PEAK WIND IN M.P.H.
PRELIMINARY LOCAL CLIMATOLOGICAL DATA (WS FORM: F-6) , PAGE 2
STATION: SPARTA - FORT MCCOY WI
MONTH: APRIL
YEAR: 2020
LATITUDE: 43 58 N
LONGITUDE: 90 44 W
[TEMPERATURE DATA] [PRECIPITATION DATA] SYMBOLS USED IN COLUMN 16
AVERAGE MONTHLY: 41.3 TOTAL FOR MONTH: 0.92 1 = FOG OR MIST
DPTR FM NORMAL: M DPTR FM NORMAL: M 2 = FOG REDUCING VISIBILITY
HIGHEST: 70 ON 26 GRTST 24HR 0.34 ON 28-28 TO 1/4 MILE OR LESS
LOWEST: 11 ON 15 3 = THUNDER
SNOW, ICE PELLETS, HAIL 4 = ICE PELLETS
TOTAL MONTH: 0.0 INCH 5 = HAIL
GRTST 24HR 0.0 6 = FREEZING RAIN OR DRIZZLE
GRTST DEPTH: 0 7 = DUSTSTORM OR SANDSTORM:
VSBY 1/2 MILE OR LESS
8 = SMOKE OR HAZE
[NO. OF DAYS WITH] [WEATHER - DAYS WITH] 9 = BLOWING SNOW
X = TORNADO
MAX 32 OR BELOW: 1 0.01 INCH OR MORE: 5
MAX 90 OR ABOVE: 0 0.10 INCH OR MORE: 3
MIN 32 OR BELOW: 20 0.50 INCH OR MORE: 0
MIN 0 OR BELOW: 0 1.00 INCH OR MORE: 0
[HDD (BASE 65) ]
TOTAL THIS MO. 703 CLEAR (SCALE 0-3) 7
DPTR FM NORMAL M PTCLDY (SCALE 4-7) 19
TOTAL FM JUL 1 7517 CLOUDY (SCALE 8-10) 4
DPTR FM NORMAL M
[CDD (BASE 65) ]
TOTAL THIS MO. 0
DPTR FM NORMAL M [PRESSURE DATA]
TOTAL FM JAN 1 0 HIGHEST SLP M ON M
DPTR FM NORMAL M LOWEST SLP M ON M
[REMARKS]
#FINAL-04-20#