000
CXUS54 KMAF 011920
CF6GDP
PRELIMINARY LOCAL CLIMATOLOGICAL DATA (WS FORM: F-6)
STATION: GUADALUPE PASS
MONTH: SEPTEMBER
YEAR: 2022
LATITUDE: 31 49 N
LONGITUDE: 104 48 W
TEMPERATURE IN F: :PCPN: SNOW: WIND :SUNSHINE: SKY :PK WND
================================================================================
1 2 3 4 5 6A 6B 7 8 9 10 11 12 13 14 15 16 17 18
12Z AVG MX 2MIN
DY MAX MIN AVG DEP HDD CDD WTR SNW DPTH SPD SPD DIR MIN PSBL S-S WX SPD DR
================================================================================
1 65 60 63 -11 2 0 1.58 M M 17.6 28 40 M M M 29 40
2 72 62 67 -7 0 2 T M M 9.3 21 70 M M 4 22 70
3 75 64 70 -4 0 5 0.00 M M 20.4 30 70 M M M 35 80
4 M M M M M M M M M M M M M M M M M
5 M M M M M M M M M M M M M M M M M
6 M M M M M M M M M M M M M M M M M
7 M M M M M M M M M M M M M M M M M
8 M M M M M M M M M M M M M M M M M
9 M M M M M M M M M M M M M M M M M
10 M M M M M M M M M M M M M M M M M
11 M M M M M M M M M M M M M M M M M
12 M M M M M M M M M M M M M M M M M
13 M M M M M M M M M M M M M M 0 M M
14 M M M M M M 0.00 M M M 21 230 M M 0 26 230
15 85 61 73 2 0 8 T M M 10.2 25 240 M M 1 34 240
16 88 67 78 7 0 13 0.00 M M 10.1 29 230 M M 0 35 240
17 88 67 78 8 0 13 0.00 M M 11.2 23 40 M M 0 26 40
18 85 67 76 6 0 11 0.00 M M 12.4 24 90 M M 2 31 100
19 83 63 73 3 0 8 0.00 M M 14.1 29 230 M M M 36 240
20 86 66 76 6 0 11 0.00 M M 10.5 25 50 M M 1 28 40
21 87 66 77 8 0 12 0.00 M M 11.3 29 50 M M 1 30 50
22 79 62 71 2 0 6 0.00 M M 19.5 28 50 M M 0 33 40
23 86 63 75 6 0 10 0.00 M M 10.0 23 40 M M 0 28 40
24 90 66 78 9 0 13 0.00 M M 9.4 18 240 M M 0 26 260
25 83 61 72 4 0 7 0.24 M M 15.0 51 50 M M 3 55 50
26 74 59 67 -1 0 2 0.00 M M 17.5 28 50 M M 1 31 50
27 78 61 70 2 0 5 0.00 M M 10.3 20 60 M M 0 23 70
28 74 59 67 -1 0 2 0.00 M M 20.5 33 70 M M 0 8 37 70
29 76 58 67 0 0 2 0.00 M M 12.1 24 40 M M 0 30 110
30 81 61 71 4 0 6 0.00 M M 7.7 24 240 M M 0 29 240
================================================================================
SM 1535 1193 2 136 1.82 M 249.1 M 13
================================================================================
AV 80.8 62.8 13.1 FASTST M M 1 MAX(MPH)
MISC ----> 51 50 55 50
================================================================================
NOTES:
# LAST OF SEVERAL OCCURRENCES
COLUMN 17 PEAK WIND IN M.P.H.
PRELIMINARY LOCAL CLIMATOLOGICAL DATA (WS FORM: F-6) , PAGE 2
STATION: GUADALUPE PASS
MONTH: SEPTEMBER
YEAR: 2022
LATITUDE: 31 49 N
LONGITUDE: 104 48 W
[TEMPERATURE DATA] [PRECIPITATION DATA] SYMBOLS USED IN COLUMN 16
AVERAGE MONTHLY: 71.8 TOTAL FOR MONTH: 1.82 1 = FOG OR MIST
DPTR FM NORMAL: 1.0 DPTR FM NORMAL: -0.30 2 = FOG REDUCING VISIBILITY
HIGHEST: 90 ON 24 GRTST 24HR 1.58 ON 1- 1 TO 1/4 MILE OR LESS
LOWEST: 58 ON 29 3 = THUNDER
SNOW, ICE PELLETS, HAIL 4 = ICE PELLETS
TOTAL MONTH: M 5 = HAIL
GRTST 24HR M ON M 6 = FREEZING RAIN OR DRIZZLE
GRTST DEPTH: M ON M 7 = DUSTSTORM OR SANDSTORM:
VSBY 1/2 MILE OR LESS
8 = SMOKE OR HAZE
[NO. OF DAYS WITH] [WEATHER - DAYS WITH] 9 = BLOWING SNOW
X = TORNADO
MAX 32 OR BELOW: 0 0.01 INCH OR MORE: 2
MAX 90 OR ABOVE: 1 0.10 INCH OR MORE: 2
MIN 32 OR BELOW: 0 0.50 INCH OR MORE: 1
MIN 0 OR BELOW: 0 1.00 INCH OR MORE: 1
[HDD (BASE 65) ]
TOTAL THIS MO. 2 CLEAR (SCALE 0-3) 17
DPTR FM NORMAL -23 PTCLDY (SCALE 4-7) 1
TOTAL FM JUL 1 4 CLOUDY (SCALE 8-10) 12
DPTR FM NORMAL -23
[CDD (BASE 65) ]
TOTAL THIS MO. 136
DPTR FM NORMAL -62 [PRESSURE DATA]
TOTAL FM JAN 1 1739 HIGHEST SLP 30.25 ON 28
DPTR FM NORMAL 138 LOWEST SLP 29.81 ON 17
[REMARKS]
#FINAL-09-22#