000
CXUS54 KMAF 011210
CF6GNC
PRELIMINARY LOCAL CLIMATOLOGICAL DATA (WS FORM: F-6)
STATION: GAINES COUNTY AIRPORT
MONTH: DECEMBER
YEAR: 2022
LATITUDE: 32 40 N
LONGITUDE: 102 39 W
TEMPERATURE IN F: :PCPN: SNOW: WIND :SUNSHINE: SKY :PK WND
================================================================================
1 2 3 4 5 6A 6B 7 8 9 10 11 12 13 14 15 16 17 18
12Z AVG MX 2MIN
DY MAX MIN AVG DEP HDD CDD WTR SNW DPTH SPD SPD DIR MIN PSBL S-S WX SPD DR
================================================================================
1 59 32 46 M 19 0 M M M 7.1 14 190 M M 2 18 190
2 77 35 56 M 9 0 M M M 12.6 32 250 M M 0 46 260
3 57 37 47 M 18 0 M M M 9.4 22 60 M M 0 8 29 360
4 64 41 53 M 12 0 M M M 7.1 14 210 M M 3 18 220
5 76 53 65 M 0 0 M M M 14.9 29 250 M M 1 36 250
6 74 50 62 M 3 0 M M M 9.8 20 250 M M 0 23 250
7 62 54 58 M 7 0 0.10 M M 1.7 7 270 M M 8 M M
8 70 47 59 M 6 0 0.01 M M 6.7 13 280 M M 1 1 20 270
9 55 45 50 M 15 0 M M M 5.7 9 100 M M 8 12 M M
10 57 44 51 M 14 0 0.03 M M 4.8 9 10 M M 8 12 M M
11 61 42 52 M 13 0 M M M 4.5 10 190 M M 6 12 16 180
12 70 49 60 M 5 0 M M M 12.5 22 200 M M 5 1 28 190
13 55 37 46 M 19 0 M M M 12.4 24 270 M M 2 33 260
14 52 30 41 M 24 0 M M M 12.1 21 290 M M 0 32 290
15 54 30 42 M 23 0 M M M 7.2 13 320 M M 0 18 320
16 44 25 35 M 30 0 M M M 5.6 14 340 M M 0 18 340
17 51 20 36 M 29 0 M M M 5.2 12 230 M M 0 18 210
18 55 27 41 M 24 0 M M M 5.1 15 170 M M 2 21 170
19 62 29 46 M 19 0 M M M 10.3 20 290 M M 0 28 290
20 51 27 39 M 26 0 M M M 7.5 10 140 M M 1 12 130
21 57 33 45 M 20 0 M M M 9.2 13 220 M M 5 1 16 220
22 38 10 24 M 41 0 M M M 16.9 26 20 M M 0 36 40
23 24 10 17 M 48 0 M M M 6.7 14 10 M M 2 21 10
24 38 16 27 M 38 0 M M M 5.2 9 180 M M 0 M M
25 55 19 37 M 28 0 M M M 7.6 12 240 M M 0 M M
26 56 32 44 M 21 0 M M M 10.7 22 40 M M 0 28 20
27 64 32 48 M 17 0 M M M 10.9 18 220 M M 0 25 230
28 69 46 58 M 7 0 M M M 14.4 22 240 M M 1 33 250
29 65 40 53 M 12 0 M M M 8.6 16 240 M M 0 24 290
30 58 32 45 M 20 0 M M M 6.6 16 250 M M 2 20 250
31 72 38 55 M 10 0 M M M 13.0 21 240 M M 0 25 240
================================================================================
SM 1802 1062 577 0 0.14 M 272.0 M 57
================================================================================
AV 58.1 34.3 8.8 FASTST M M 2 MAX(MPH)
MISC ----> 32 250 46 260
================================================================================
NOTES:
# LAST OF SEVERAL OCCURRENCES
COLUMN 17 PEAK WIND IN M.P.H.
PRELIMINARY LOCAL CLIMATOLOGICAL DATA (WS FORM: F-6) , PAGE 2
STATION: GAINES COUNTY AIRPORT
MONTH: DECEMBER
YEAR: 2022
LATITUDE: 32 40 N
LONGITUDE: 102 39 W
[TEMPERATURE DATA] [PRECIPITATION DATA] SYMBOLS USED IN COLUMN 16
AVERAGE MONTHLY: 46.2 TOTAL FOR MONTH: 0.14 1 = FOG OR MIST
DPTR FM NORMAL: 0.0 DPTR FM NORMAL: M 2 = FOG REDUCING VISIBILITY
HIGHEST: 77 ON 2 GRTST 24HR 0.10 ON 7- 7 TO 1/4 MILE OR LESS
LOWEST: 10 ON 23,22 3 = THUNDER
SNOW, ICE PELLETS, HAIL 4 = ICE PELLETS
TOTAL MONTH: M 5 = HAIL
GRTST 24HR M ON M 6 = FREEZING RAIN OR DRIZZLE
GRTST DEPTH: M ON M 7 = DUSTSTORM OR SANDSTORM:
VSBY 1/2 MILE OR LESS
8 = SMOKE OR HAZE
[NO. OF DAYS WITH] [WEATHER - DAYS WITH] 9 = BLOWING SNOW
X = TORNADO
MAX 32 OR BELOW: 1 0.01 INCH OR MORE: 3
MAX 90 OR ABOVE: 0 0.10 INCH OR MORE: 0
MIN 32 OR BELOW: 15 0.50 INCH OR MORE: 0
MIN 0 OR BELOW: 0 1.00 INCH OR MORE: 0
[HDD (BASE 65) ]
TOTAL THIS MO. 577 CLEAR (SCALE 0-3) 25
DPTR FM NORMAL M PTCLDY (SCALE 4-7) 5
TOTAL FM JUL 1 1203 CLOUDY (SCALE 8-10) 1
DPTR FM NORMAL M
[CDD (BASE 65) ]
TOTAL THIS MO. 0
DPTR FM NORMAL M [PRESSURE DATA]
TOTAL FM JAN 1 2547 HIGHEST SLP M ON M
DPTR FM NORMAL M LOWEST SLP M ON M
[REMARKS]
#FINAL-12-22#