000
CXUS54 KMAF 011110
CF6GNC
PRELIMINARY LOCAL CLIMATOLOGICAL DATA (WS FORM: F-6)
STATION: GAINES COUNTY AIRPORT
MONTH: JULY
YEAR: 2022
LATITUDE: 32 40 N
LONGITUDE: 102 39 W
TEMPERATURE IN F: :PCPN: SNOW: WIND :SUNSHINE: SKY :PK WND
================================================================================
1 2 3 4 5 6A 6B 7 8 9 10 11 12 13 14 15 16 17 18
12Z AVG MX 2MIN
DY MAX MIN AVG DEP HDD CDD WTR SNW DPTH SPD SPD DIR MIN PSBL S-S WX SPD DR
================================================================================
1 98 70 84 M 0 19 M M M 7.0 14 160 M M 0 8 20 180
2 99 69 84 M 0 19 M M M 7.2 15 160 M M 0 21 130
3 96 68 82 M 0 17 M M M 10.4 21 140 M M 0 8 26 140
4 99 72 86 M 0 21 M M M 9.8 25 210 M M 0 8 32 210
5 98 72 85 M 0 20 M M M 7.6 17 240 M M 0 24 240
6 99 71 85 M 0 20 M M M 7.0 16 210 M M 0 22 210
7 101 74 88 M 0 23 M M M 8.8 14 310 M M 0 24 310
8 100 70 85 M 0 20 M M M 5.9 14 30 M M 0 21 330
9 98 72 85 M 0 20 M M M 6.8 16 80 M M 0 22 80
10 101 74 88 M 0 23 M M M 4.1 14 80 M M 0 20 80
11 103 71 87 M 0 22 M M M 5.4 13 50 M M 0 8 21 50
12 98 74 86 M 0 21 M M M 11.7 21 40 M M 1 31 20
13 97 72 85 M 0 20 M M M 5.9 16 180 M M 0 41 140
14 99 69 84 M 0 19 M M M 5.2 21 160 M M 1 32 130
15 98 69 84 M 0 19 M M M 6.3 14 110 M M 0 20 30
16 98 69 84 M 0 19 M M M 5.1 10 200 M M 0 18 140
17 100 69 85 M 0 20 M M M 7.3 13 210 M M 0 20 100
18 102 70 86 M 0 21 M M M 6.4 12 160 M M 0 16 190
19 104 76 90 M 0 25 M M M 10.8 18 220 M M 0 24 190
20 103 80 92 M 0 27 M M M 9.3 14 180 M M 0 21 180
21 97 76 87 M 0 22 M M M 7.9 15 120 M M 0 23 110
22 99 74 87 M 0 22 0.01 M M 8.6 24 110 M M 1 8 31 110
23 98 71 85 M 0 20 M M M 7.4 15 180 M M 0 22 150
24 97 73 85 M 0 20 M M M 8.7 15 110 M M 0 23 110
25 99 74 87 M 0 22 M M M 9.5 15 140 M M 0 21 180
26 99 72 86 M 0 21 M M M 7.4 14 200 M M 0 21 140
27 99 75 87 M 0 22 M M M 8.3 15 120 M M 0 20 90
28 97 73 85 M 0 20 M M M 8.4 16 110 M M 0 25 60
29 98 73 86 M 0 21 M M M 8.0 17 140 M M 0 24 140
30 98 73 86 M 0 21 M M M 6.6 14 180 M M 0 21 180
31 100 72 86 M 0 21 M M M 8.8 14 180 M M 0 20 180
================================================================================
SM 3072 2237 0 647 0.01 M 237.8 M 3
================================================================================
AV 99.1 72.2 7.7 FASTST M M 0 MAX(MPH)
MISC ----> 25 210 41 140
================================================================================
NOTES:
# LAST OF SEVERAL OCCURRENCES
COLUMN 17 PEAK WIND IN M.P.H.
PRELIMINARY LOCAL CLIMATOLOGICAL DATA (WS FORM: F-6) , PAGE 2
STATION: GAINES COUNTY AIRPORT
MONTH: JULY
YEAR: 2022
LATITUDE: 32 40 N
LONGITUDE: 102 39 W
[TEMPERATURE DATA] [PRECIPITATION DATA] SYMBOLS USED IN COLUMN 16
AVERAGE MONTHLY: 85.6 TOTAL FOR MONTH: 0.01 1 = FOG OR MIST
DPTR FM NORMAL: 0.0 DPTR FM NORMAL: M 2 = FOG REDUCING VISIBILITY
HIGHEST: 104 ON 19 GRTST 24HR 0.01 ON 22-22 TO 1/4 MILE OR LESS
LOWEST: 68 ON 3 3 = THUNDER
SNOW, ICE PELLETS, HAIL 4 = ICE PELLETS
TOTAL MONTH: M 5 = HAIL
GRTST 24HR M ON M 6 = FREEZING RAIN OR DRIZZLE
GRTST DEPTH: M ON M 7 = DUSTSTORM OR SANDSTORM:
VSBY 1/2 MILE OR LESS
8 = SMOKE OR HAZE
[NO. OF DAYS WITH] [WEATHER - DAYS WITH] 9 = BLOWING SNOW
X = TORNADO
MAX 32 OR BELOW: 0 0.01 INCH OR MORE: 1
MAX 90 OR ABOVE: 31 0.10 INCH OR MORE: 0
MIN 32 OR BELOW: 0 0.50 INCH OR MORE: 0
MIN 0 OR BELOW: 0 1.00 INCH OR MORE: 0
[HDD (BASE 65) ]
TOTAL THIS MO. 0 CLEAR (SCALE 0-3) 31
DPTR FM NORMAL M PTCLDY (SCALE 4-7) 0
TOTAL FM JUL 1 0 CLOUDY (SCALE 8-10) 0
DPTR FM NORMAL M
[CDD (BASE 65) ]
TOTAL THIS MO. 647
DPTR FM NORMAL M [PRESSURE DATA]
TOTAL FM JAN 1 1660 HIGHEST SLP M ON M
DPTR FM NORMAL M LOWEST SLP M ON M
[REMARKS]
#FINAL-07-22#