000
CXUS54 KMEG 010900
CF6JBR
PRELIMINARY LOCAL CLIMATOLOGICAL DATA (WS FORM: F-6)
STATION: JONESBORO
MONTH: MAY
YEAR: 2022
LATITUDE: 35 49 N
LONGITUDE: 90 39 W
TEMPERATURE IN F: :PCPN: SNOW: WIND :SUNSHINE: SKY :PK WND
================================================================================
1 2 3 4 5 6A 6B 7 8 9 10 11 12 13 14 15 16 17 18
12Z AVG MX 2MIN
DY MAX MIN AVG DEP HDD CDD WTR SNW DPTH SPD SPD DIR MIN PSBL S-S WX SPD DR
================================================================================
1 77 49 63 -3 2 0 0.00 M M 5.2 17 300 M M 0 23 270
2 67 51 59 -7 6 0 0.12 M M 5.0 15 340 M M 4 13 22 320
3 76 57 67 1 0 2 0.53 M M 12.0 28 270 M M 5 13 37 280
4 65 54 60 -6 5 0 0.00 M M 9.3 17 50 M M 10 23 60
5 65 58 62 -5 3 0 0.37 M M 7.7 21 300 M M 7 123 29 280
6 70 58 64 -3 1 0 0.10 M M 10.2 22 300 M M 6 1 32 290
7 73 53 63 -4 2 0 0.00 M M 6.1 15 40 M M 1 23 30
8 79 50 65 -3 0 0 0.00 M M 7.8 17 120 M M 1 20 140
9 85 66 76 8 0 11 0.00 M M 12.7 22 190 M M 6 27 160
10 88 69 79 11 0 14 0.00 M M 10.9 25 190 M M 1 31 190
11 92 68 80 11 0 15 0.00 M M 3.9 12 210 M M 0 18 17 180
12 94 67 81 12 0 16 0.00 M M 2.4 9 220 M M 0 18 29 100
13 92 68 80 11 0 15 0.00 M M 6.9 20 150 M M 1 13 24 150
14 87 67 77 7 0 12 T M M 5.4 18 20 M M 1 38 24 20
15 88 66 77 7 0 12 T M M 5.9 18 280 M M 1 1 27 110
16 84 58 71 1 0 6 0.00 M M 5.4 14 10 M M 2 8 19 40
17 85 53 69 -2 0 4 0.00 M M 3.9 14 150 M M 0 20 110
18 91 61 76 5 0 11 0.00 M M 9.7 25 220 M M 0 32 230
19 90 68 79 8 0 14 0.00 M M 14.1 32 200 M M 0 8 44 210
20 92 74 83 11 0 18 0.00 M M 19.8 31 190 M M 1 42 210
21 90 65 78 6 0 13 1.48 M M 11.9 38 310 M M 5 13 51 310
22 68 58 63 -9 2 0 0.29 M M 10.4 16 40 M M 9 13 22 40
23 72 59 66 -7 0 1 0.00 M M 11.1 20 60 M M 9 24 60
24 78 60 69 -4 0 4 0.64 M M 8.7 29 290 M M 9 123 37 280
25 78 66 72 -1 0 7 0.39 M M 14.9 31 160 M M 5 13 39 160
26 71 59 65 -9 0 0 0.02 M M 12.5 24 220 M M 7 1 32 230
27 72 54 63 -11 2 0 0.00 M M 6.7 14 320 M M 5 19 320
28 80 51 66 -8 0 1 0.00 M M 3.1 13 210 M M 0 17 190
29 88 59 74 -1 0 9 0.00 M M 9.3 21 190 M M 0 25 160
30 90 63 77 2 0 12 0.00 M M 11.4 23 210 M M 2 30 180
31 92 69 81 6 0 16 0.00 M M 7.6 18 220 M M 1 23 220
================================================================================
SM 2519 1878 23 213 3.94 M 271.9 M 99
================================================================================
AV 81.3 60.6 8.8 FASTST M M 3 MAX(MPH)
MISC ----> 38 310 51 310
================================================================================
NOTES:
# LAST OF SEVERAL OCCURRENCES
COLUMN 17 PEAK WIND IN M.P.H.
PRELIMINARY LOCAL CLIMATOLOGICAL DATA (WS FORM: F-6) , PAGE 2
STATION: JONESBORO
MONTH: MAY
YEAR: 2022
LATITUDE: 35 49 N
LONGITUDE: 90 39 W
[TEMPERATURE DATA] [PRECIPITATION DATA] SYMBOLS USED IN COLUMN 16
AVERAGE MONTHLY: 70.9 TOTAL FOR MONTH: 3.94 1 = FOG OR MIST
DPTR FM NORMAL: 0.5 DPTR FM NORMAL: -1.27 2 = FOG REDUCING VISIBILITY
HIGHEST: 94 ON 12 GRTST 24HR 1.76 ON 21-22 TO 1/4 MILE OR LESS
LOWEST: 49 ON 1 3 = THUNDER
SNOW, ICE PELLETS, HAIL 4 = ICE PELLETS
TOTAL MONTH: M 5 = HAIL
GRTST 24HR M ON M 6 = FREEZING RAIN OR DRIZZLE
GRTST DEPTH: M ON M 7 = DUSTSTORM OR SANDSTORM:
VSBY 1/2 MILE OR LESS
8 = SMOKE OR HAZE
[NO. OF DAYS WITH] [WEATHER - DAYS WITH] 9 = BLOWING SNOW
X = TORNADO
MAX 32 OR BELOW: 0 0.01 INCH OR MORE: 9
MAX 90 OR ABOVE: 9 0.10 INCH OR MORE: 8
MIN 32 OR BELOW: 0 0.50 INCH OR MORE: 3
MIN 0 OR BELOW: 0 1.00 INCH OR MORE: 1
[HDD (BASE 65) ]
TOTAL THIS MO. 23 CLEAR (SCALE 0-3) 18
DPTR FM NORMAL -10 PTCLDY (SCALE 4-7) 9
TOTAL FM JUL 1 3218 CLOUDY (SCALE 8-10) 4
DPTR FM NORMAL -230
[CDD (BASE 65) ]
TOTAL THIS MO. 213
DPTR FM NORMAL 15 [PRESSURE DATA]
TOTAL FM JAN 1 261 HIGHEST SLP 30.28 ON 22
DPTR FM NORMAL 4 LOWEST SLP 29.58 ON 19
[REMARKS]
#FINAL-05-22#