611
CXUS53 KOAX 011000
CF6OMA
PRELIMINARY LOCAL CLIMATOLOGICAL DATA (WS FORM: F-6)
STATION: OMAHA NE
MONTH: AUGUST
YEAR: 2020
LATITUDE: 41 17 N
LONGITUDE: 95 54 W
TEMPERATURE IN F: :PCPN: SNOW: WIND :SUNSHINE: SKY :PK WND
================================================================================
1 2 3 4 5 6A 6B 7 8 9 10 11 12 13 14 15 16 17 18
12Z AVG MX 2MIN
DY MAX MIN AVG DEP HDD CDD WTR SNW DPTH SPD SPD DIR MIN PSBL S-S WX SPD DR
================================================================================
1 85 60 73 -3 0 8 0.19 0.0 0 5.8 25 20 M M 6 13 34 20
2 81 59 70 -6 0 5 0.00 0.0 0 9.7 22 10 M M 4 29 360
3 78 55 67 -9 0 2 0.00 0.0 0 6.6 16 20 M M 2 21 10
4 80 53 67 -9 0 2 0.00 0.0 0 4.6 14 170 M M 5 1 22 200
5 79 62 71 -5 0 6 0.12 0.0 0 12.6 21 160 M M 8 13 27 170
6 85 66 76 0 0 11 0.07 0.0 0 12.8 20 150 M M 6 13 26 170
7 86 71 79 3 0 14 0.00 0.0 0 16.2 24 160 M M 8 33 150
8 90 74 82 6 0 17 0.00 0.0 0 14.6 24 170 M M 7 31 160
9 90 75 83 7 0 18 0.06 0.0 0 13.1 35 120 M M 6 13 44 310
10 86 66 76 0 0 11 T 0.0 0 8.9 49 340 M M 5 66 330
11 88 59 74 -2 0 9 0.00 0.0 0 7.8 16 130 M M 4 20 140
12 87 72 80 5 0 15 0.00 0.0 0 11.9 24 170 M M 8 18 31 160
13 92 72 82 7 0 17 0.00 0.0 0 11.0 20 150 M M 4 27 180
14 91 73 82 7 0 17 0.00 0.0 0 9.5 25 160 M M 4 31 160
15 89 61 75 0 0 10 0.00 0.0 0 4.8 12 10 M M 4 16 10
16 90 65 78 3 0 13 0.01 0.0 0 7.0 17 190 M M 7 3 23 210
17 86 62 74 -1 0 9 0.00 0.0 0 8.7 21 350 M M 1 1 29 360
18 85 56 71 -4 0 6 0.00 0.0 0 3.1 10 120 M M 4 1 19 110
19 86 61 74 0 0 9 0.00 0.0 0 8.4 16 170 M M 2 28 150
20 89 67 78 4 0 13 0.00 0.0 0 12.7 21 170 M M 5 26 160
21 94 71 83 9 0 18 0.00 0.0 0 12.3 18 170 M M 4 25 170
22 95 71 83 9 0 18 0.00 0.0 0 9.2 17 190 M M 5 24 210
23 99 73 86 12 0 21 0.00 0.0 0 7.4 15 170 M M 1 23 180
24 100 74 87 13 0 22 0.00 0.0 0 9.6 21 190 M M 2 27 180
25 99 73 86 13 0 21 0.00 0.0 0 11.5 21 180 M M 0 28 170
26 98 73 86 13 0 21 0.00 0.0 0 12.5 25 180 M M 0 35 180
27 99 76 88 15 0 23 0.00 0.0 0 10.9 20 180 M M 2 26 190
28 96 69 83 11 0 18 0.00 0.0 0 8.8 23 340 M M 4 31 350
29 83 57 70 -2 0 5 0.00 0.0 0 5.9 16 40 M M 5 21 40
30 82 56 69 -3 0 4 0.00 0.0 0 11.3 22 150 M M 6 29 160
31 80 56 68 -4 0 3 0.01 0.0 0 11.3 28 290 M M 5 40 290
================================================================================
SM 2748 2038 0 386 0.46 0.0 300.5 M 134
================================================================================
AV 88.7 65.7 9.7 FASTST M M 4 MAX(MPH)
MISC ----> # 49 340 # 66 330
================================================================================
NOTES:
# LAST OF SEVERAL OCCURRENCES
COLUMN 17 PEAK WIND IN M.P.H.
PRELIMINARY LOCAL CLIMATOLOGICAL DATA (WS FORM: F-6) , PAGE 2
STATION: OMAHA NE
MONTH: AUGUST
YEAR: 2020
LATITUDE: 41 17 N
LONGITUDE: 95 54 W
[TEMPERATURE DATA] [PRECIPITATION DATA] SYMBOLS USED IN COLUMN 16
AVERAGE MONTHLY: 77.2 TOTAL FOR MONTH: 0.46 1 = FOG OR MIST
DPTR FM NORMAL: 2.6 DPTR FM NORMAL: -3.36 2 = FOG REDUCING VISIBILITY
HIGHEST: 100 ON 24 GRTST 24HR 0.19 ON 1- 1 TO 1/4 MILE OR LESS
LOWEST: 53 ON 4 3 = THUNDER
SNOW, ICE PELLETS, HAIL 4 = ICE PELLETS
TOTAL MONTH: 0.0 INCH 5 = HAIL
GRTST 24HR 0.0 6 = FREEZING RAIN OR DRIZZLE
GRTST DEPTH: 0 7 = DUSTSTORM OR SANDSTORM:
VSBY 1/2 MILE OR LESS
8 = SMOKE OR HAZE
[NO. OF DAYS WITH] [WEATHER - DAYS WITH] 9 = BLOWING SNOW
X = TORNADO
MAX 32 OR BELOW: 0 0.01 INCH OR MORE: 6
MAX 90 OR ABOVE: 13 0.10 INCH OR MORE: 2
MIN 32 OR BELOW: 0 0.50 INCH OR MORE: 0
MIN 0 OR BELOW: 0 1.00 INCH OR MORE: 0
[HDD (BASE 65) ]
TOTAL THIS MO. 0 CLEAR (SCALE 0-3) 8
DPTR FM NORMAL -7 PTCLDY (SCALE 4-7) 22
TOTAL FM JUL 1 0 CLOUDY (SCALE 8-10) 1
DPTR FM NORMAL -8
[CDD (BASE 65) ]
TOTAL THIS MO. 386
DPTR FM NORMAL 83 [PRESSURE DATA]
TOTAL FM JAN 1 1272 HIGHEST SLP 30.18 ON 3
DPTR FM NORMAL 292 LOWEST SLP 28.74 ON 28
[REMARKS]
#FINAL-08-20#