000
CXUS54 KMRX 011708
CF6OQT
PRELIMINARY LOCAL CLIMATOLOGICAL DATA (WS FORM: F-6)
STATION: OAK RIDGE
MONTH: OCTOBER
YEAR: 2020
LATITUDE: 36 1 N
LONGITUDE: 84 14 W
TEMPERATURE IN F: :PCPN: SNOW: WIND :SUNSHINE: SKY :PK WND
================================================================================
1 2 3 4 5 6A 6B 7 8 9 10 11 12 13 14 15 16 17 18
12Z AVG MX 2MIN
DY MAX MIN AVG DEP HDD CDD WTR SNW DPTH SPD SPD DIR MIN PSBL S-S WX SPD DR
================================================================================
1 73 49 61 -4 4 0 0.00 M M 1.1 10 290 M M 1 17 310
2 67 43 55 -10 10 0 0.00 M M 1.0 10 80 M M 1 16 80
3 69 43 56 -8 9 0 0.00 M M 1.1 8 260 M M 1 12 260
4 72 48 60 -4 5 0 0.00 M M 1.2 9 150 M M 4 1 17 210
5 72 49 61 -2 4 0 0.00 M M 1.1 7 70 M M 1 14 70
6 77 48 63 0 2 0 0.00 M M 1.3 8 160 M M 4 12 14 220
7 80 53 67 4 0 2 0.00 M M 0.9 8 260 M M 2 12 17 210
8 79 52 66 4 0 1 0.00 M M 0.4 4 170 M M 1 1 M M
9 72 62 67 5 0 2 T M M 0.3 5 160 M M 3 1 9 70
10 69 63 66 4 0 1 1.41 M M 2.3 8 70 M M 9 1 14 50
11 72 65 69 8 0 4 0.61 M M 1.1 6 90 M M 10 1 13 70
12 79 67 73 12 0 8 T M M 1.4 8 170 M M 8 1 14 170
13 73 48 61 1 4 0 0.05 M M 1.8 9 340 M M 2 1 17 350
14 77 45 61 1 4 0 0.00 M M 1.2 7 100 M M 2 1 11 130
15 79 55 67 7 0 2 0.00 M M 3.3 10 340 M M 4 23 360
16 65 40 53 -7 12 0 0.08 M M 1.9 9 340 M M 5 1 20 340
17 65 36 51 -8 14 0 0.00 M M 1.3 10 70 M M 0 1 19 80
18 69 39 54 -5 11 0 0.00 M M 0.5 7 170 M M 2 12 160
19 74 52 63 5 2 0 0.00 M M 1.3 8 260 M M 2 13 240
20 76 52 64 6 1 0 0.00 M M 0.1 5 340 M M 4 12 8 290
21 80 52 66 8 0 1 0.00 M M 0.1 5 90 M M 4 12 8 290
22 81 57 69 12 0 4 0.00 M M 0.1 6 130 M M 3 12 9 100
23 81 56 69 12 0 4 0.00 M M 1.3 8 160 M M 4 1 14 250
24 70 58 64 7 1 0 0.92 M M 1.5 7 90 M M 8 1 11 90
25 73 57 65 9 0 0 0.00 M M 0.4 6 140 M M 8 1 9 130
26 73 61 67 11 0 2 0.00 M M 1.3 6 80 M M 9 12 220
27 75 54 65 9 0 0 0.00 M M 0.5 6 280 M M 7 11 250
28 67 65 66 11 0 1 2.29 M M 0.6 5 60 M M 10 1 8 60
29 80 58 69 14 0 4 0.89 M M 5.4 17 270 M M 7 1 33 250
30 58 41 50 -5 15 0 0.00 M M 3.1 12 330 M M 5 21 330
31 64 39 52 -2 13 0 0.00 M M 1.0 6 160 M M 0 10 100
================================================================================
SM 2261 1607 111 36 6.25 M 39.9 M 131
================================================================================
AV 72.9 51.8 1.3 FASTST M M 4 MAX(MPH)
MISC ----> 17 270 33 250
================================================================================
NOTES:
# LAST OF SEVERAL OCCURRENCES
COLUMN 17 PEAK WIND IN M.P.H.
PRELIMINARY LOCAL CLIMATOLOGICAL DATA (WS FORM: F-6) , PAGE 2
STATION: OAK RIDGE
MONTH: OCTOBER
YEAR: 2020
LATITUDE: 36 1 N
LONGITUDE: 84 14 W
[TEMPERATURE DATA] [PRECIPITATION DATA] SYMBOLS USED IN COLUMN 16
AVERAGE MONTHLY: 62.4 TOTAL FOR MONTH: 6.25 1 = FOG OR MIST
DPTR FM NORMAL: 2.9 DPTR FM NORMAL: 3.33 2 = FOG REDUCING VISIBILITY
HIGHEST: 81 ON 23,22 GRTST 24HR 3.14 ON 28-29 TO 1/4 MILE OR LESS
LOWEST: 36 ON 17 3 = THUNDER
SNOW, ICE PELLETS, HAIL 4 = ICE PELLETS
TOTAL MONTH: M 5 = HAIL
GRTST 24HR M ON M 6 = FREEZING RAIN OR DRIZZLE
GRTST DEPTH: M ON M 7 = DUSTSTORM OR SANDSTORM:
VSBY 1/2 MILE OR LESS
8 = SMOKE OR HAZE
[NO. OF DAYS WITH] [WEATHER - DAYS WITH] 9 = BLOWING SNOW
X = TORNADO
MAX 32 OR BELOW: 0 0.01 INCH OR MORE: 7
MAX 90 OR ABOVE: 0 0.10 INCH OR MORE: 5
MIN 32 OR BELOW: 0 0.50 INCH OR MORE: 5
MIN 0 OR BELOW: 0 1.00 INCH OR MORE: 2
[HDD (BASE 65) ]
TOTAL THIS MO. 111 CLEAR (SCALE 0-3) 14
DPTR FM NORMAL -88 PTCLDY (SCALE 4-7) 13
TOTAL FM JUL 1 135 CLOUDY (SCALE 8-10) 4
DPTR FM NORMAL -85
[CDD (BASE 65) ]
TOTAL THIS MO. 36
DPTR FM NORMAL 6 [PRESSURE DATA]
TOTAL FM JAN 1 1685 HIGHEST SLP 30.43 ON 31
DPTR FM NORMAL 205 LOWEST SLP 29.40 ON 29
[REMARKS]
#FINAL-10-20#