393
CXUS55 KPUB 011339
CF6PUB
PRELIMINARY LOCAL CLIMATOLOGICAL DATA (WS FORM: F-6)
STATION: PUEBLO CO
MONTH: NOVEMBER
YEAR: 2020
LATITUDE: 38 16 N
LONGITUDE: 104 31 W
TEMPERATURE IN F: :PCPN: SNOW: WIND :SUNSHINE: SKY :PK WND
================================================================================
1 2 3 4 5 6A 6B 7 8 9 10 11 12 13 14 15 16 17 18
12Z AVG MX 2MIN
DY MAX MIN AVG DEP HDD CDD WTR SNW DPTH SPD SPD DIR MIN PSBL S-S WX SPD DR
================================================================================
1 68 29 49 3 16 0 0.00 0.0 0 3.2 9 50 M M 0 11 80
2 75 30 53 8 12 0 0.00 0.0 0 3.4 12 290 M M 0 13 110
3 81 34 58 13 7 0 0.00 0.0 0 5.6 13 280 M M 0 8 15 280
4 80 40 60 15 5 0 0.00 0.0 0 6.2 17 350 M M 0 23 290
5 78 39 59 15 6 0 0.00 0.0 0 6.9 14 130 M M 0 17 140
6 77 32 55 11 10 0 0.00 0.0 0 2.7 10 290 M M 0 13 300
7 81 41 61 18 4 0 0.00 0.0 0 11.1 33 210 M M 0 8 45 210
8 63 37 50 7 15 0 T 0.0 0 12.5 32 220 M M 1 48 220
9 60 24 42 0 23 0 0.00 0.0 0 10.4 28 50 M M 2 35 50
10 56 18 37 -5 28 0 0.00 0.0 0 11.5 35 300 M M 0 18 42 300
11 50 18 34 -7 31 0 0.00 0.0 0 5.1 15 130 M M 0 17 130
12 50 18 34 -7 31 0 0.00 0.0 0 8.1 20 130 M M 0 28 120
13 67 15 41 1 24 0 0.00 0.0 0 6.0 26 280 M M 0 37 280
14 61 25 43 3 22 0 0.00 0.0 0 19.4 46 280 M M 0 8 65 320
15 68 17 43 3 22 0 0.00 0.0 0 10.2 30 270 M M 0 39 270
16 70 26 48 9 17 0 0.00 0.0 0 4.3 16 120 M M 0 19 120
17 72 25 49 10 16 0 0.00 0.0 0 5.6 14 350 M M 0 15 360
18 77 33 55 17 10 0 0.00 0.0 0 6.1 26 280 M M 0 32 280
19 80 34 57 19 8 0 0.00 0.0 0 8.6 37 70 M M 0 47 80
20 56 27 42 5 23 0 0.00 0.0 0 4.7 15 120 M M 0 19 130
21 54 29 42 5 23 0 0.00 0.0 0 3.5 12 30 M M 0 14 80
22 49 22 36 0 29 0 0.00 0.0 0 7.4 15 120 M M 0 22 140
23 67 24 46 10 19 0 0.00 0.0 0 3.5 17 10 M M 0 22 10
24 50 22 36 1 29 0 0.03 T 0 13.2 31 10 M M 7 8 41 10
25 49 16 33 -2 32 0 0.00 0.0 0 2.7 15 320 M M 2 12 16 320
26 51 20 36 2 29 0 0.00 0.0 0 5.0 22 20 M M 0 29 20
27 47 22 35 1 30 0 0.00 0.0 0 4.6 15 20 M M 4 19 10
28 55 18 37 3 28 0 0.00 0.0 0 5.7 20 130 M M 0 23 130
29 49 18 34 1 31 0 0.00 0.0 0 10.9 44 10 M M 0 59 10
30 59 8 34 1 31 0 0.00 0.0 0 2.3 10 290 M M 0 16 300
================================================================================
SM 1900 761 611 0 0.03 T 210.4 M 16
================================================================================
AV 63.3 25.4 7.0 FASTST M M 1 MAX(MPH)
MISC ----> 46 280 65 320
================================================================================
NOTES:
COLUMN 17 PEAK WIND IN M.P.H.
PRELIMINARY LOCAL CLIMATOLOGICAL DATA (WS FORM: F-6) , PAGE 2
STATION: PUEBLO CO
MONTH: NOVEMBER
YEAR: 2020
LATITUDE: 38 16 N
LONGITUDE: 104 31 W
[TEMPERATURE DATA] [PRECIPITATION DATA] SYMBOLS USED IN COLUMN 16
AVERAGE MONTHLY: 44.4 TOTAL FOR MONTH: 0.03 1 = FOG OR MIST
DPTR FM NORMAL: 5.0 DPTR FM NORMAL: -0.44 2 = FOG REDUCING VISIBILITY
HIGHEST: 81 ON 7, 3 GRTST 24HR 0.03 ON 24 TO 1/4 MILE OR LESS
LOWEST: 8 ON 30 3 = THUNDER
SNOW, ICE PELLETS, HAIL 4 = ICE PELLETS
TOTAL MONTH: T 5 = HAIL
GRTST 24HR T ON 24 6 = FREEZING RAIN OR DRIZZLE
GRTST DEPTH: 0 7 = DUSTSTORM OR SANDSTORM:
VSBY 1/2 MILE OR LESS
8 = SMOKE OR HAZE
[NO. OF DAYS WITH] [WEATHER - DAYS WITH] 9 = BLOWING SNOW
X = TORNADO
MAX 32 OR BELOW: 0 0.01 INCH OR MORE: 1
MAX 90 OR ABOVE: 0 0.10 INCH OR MORE: 0
MIN 32 OR BELOW: 23 0.50 INCH OR MORE: 0
MIN 0 OR BELOW: 0 1.00 INCH OR MORE: 0
[HDD (BASE 65) ]
TOTAL THIS MO. 611 CLEAR (SCALE 0-3) 28
DPTR FM NORMAL -160 PTCLDY (SCALE 4-7) 2
TOTAL FM JUL 1 1138 CLOUDY (SCALE 8-10) 0
DPTR FM NORMAL -143
[CDD (BASE 65) ]
TOTAL THIS MO. 0
DPTR FM NORMAL 0 [PRESSURE DATA]
TOTAL FM JAN 1 1406 HIGHEST SLP 30.57 ON 29
DPTR FM NORMAL 509 LOWEST SLP 29.22 ON 8
[REMARKS]
#FINAL-11-20#