000
CXUS52 KMLB 010650
CF6SFB
PRELIMINARY LOCAL CLIMATOLOGICAL DATA (WS FORM: F-6)
STATION: SANFORD
MONTH: JULY
YEAR: 2022
LATITUDE: 28 46 N
LONGITUDE: 81 15 W
TEMPERATURE IN F: :PCPN: SNOW: WIND :SUNSHINE: SKY :PK WND
================================================================================
1 2 3 4 5 6A 6B 7 8 9 10 11 12 13 14 15 16 17 18
12Z AVG MX 2MIN
DY MAX MIN AVG DEP HDD CDD WTR SNW DPTH SPD SPD DIR MIN PSBL S-S WX SPD DR
================================================================================
1 93 74 84 1 0 19 0.07 0.0 0 5.4 24 130 M M 2 13 29 140
2 87 75 81 -2 0 16 0.17 0.0 0 3.9 13 300 M M 3 13 16 280
3 88 75 82 -1 0 17 0.55 0.0 0 4.1 15 120 M M 3 13 19 110
4 93 73 83 0 0 18 0.00 0.0 0 5.0 16 100 M M 1 1 20 100
5 94 76 85 2 0 20 0.20 0.0 0 5.5 20 100 M M 1 23 90
6 94 75 85 2 0 20 0.00 0.0 0 4.4 18 70 M M 1 3 22 70
7 94 75 85 2 0 20 0.08 0.0 0 4.8 16 250 M M 2 13 21 120
8 95 77 86 3 0 21 0.00 0.0 0 7.2 17 130 M M 1 20 130
9 96 76 86 3 0 21 0.22 0.0 0 7.6 18 170 M M 2 13 26 240
10 93 75 84 1 0 19 0.16 0.0 0 8.6 24 250 M M 2 138 31 260
11 92 75 84 1 0 19 0.00 0.0 0 7.7 18 260 M M 1 3 24 240
12 96 77 87 3 0 22 T 0.0 0 7.1 15 280 M M 2 3 19 230
13 96 74 85 1 0 20 0.07 0.0 0 5.8 25 240 M M 3 13 32 230
14 94 74 84 0 0 19 0.02 0.0 0 4.3 28 140 M M 2 3 35 140
15 93 72 83 -1 0 18 0.00 0.0 0 6.7 18 100 M M 0 22 110
16 87 74 81 -3 0 16 0.12 0.0 0 6.3 21 120 M M 2 3 26 130
17 91 73 82 -2 0 17 2.59 0.0 0 4.4 21 280 M M 2 13 M M
18 95 75 85 1 0 20 0.01 0.0 0 M 30 250 M M M 39 220
19 94 75 85 1 0 20 0.71 0.0 0 5.8 40 250 M M 3 13 55 270
20 94 75 85 1 0 20 0.07 0.0 0 5.4 18 280 M M 2 138 22 270
21 94 76 85 1 0 20 0.00 0.0 0 7.1 18 120 M M 0 23 110
22 95 78 87 3 0 22 T 0.0 0 7.1 17 90 M M 1 3 23 90
23 91 75 83 -1 0 18 0.53 0.0 0 4.6 24 90 M M 2 13 31 100
24 93 76 85 1 0 20 0.00 0.0 0 5.7 16 90 M M 1 21 90
25 92 76 84 0 0 19 T 0.0 0 5.2 16 90 M M 1 3 22 90
26 93 74 84 0 0 19 0.04 0.0 0 4.3 20 170 M M 2 3 24 160
27 94 73 84 0 0 19 0.03 0.0 0 5.6 26 150 M M 1 3 36 170
28 95 75 85 1 0 20 0.00 0.0 0 6.1 15 120 M M 1 17 120
29 95 77 86 2 0 21 0.00 0.0 0 6.4 16 100 M M 1 20 100
30 95 75 85 1 0 20 0.00 0.0 0 6.6 15 120 M M 0 18 120
31 96 74 85 1 0 20 0.00 0.0 0 7.1 16 80 M M 1 19 100
================================================================================
SM 2892 2324 0 600 5.64 0.0 175.8 M 46
================================================================================
AV 93.3 75.0 5.9 FASTST M M 2 MAX(MPH)
MISC ----> 40 250 55 270
================================================================================
NOTES:
# LAST OF SEVERAL OCCURRENCES
COLUMN 17 PEAK WIND IN M.P.H.
PRELIMINARY LOCAL CLIMATOLOGICAL DATA (WS FORM: F-6) , PAGE 2
STATION: SANFORD
MONTH: JULY
YEAR: 2022
LATITUDE: 28 46 N
LONGITUDE: 81 15 W
[TEMPERATURE DATA] [PRECIPITATION DATA] SYMBOLS USED IN COLUMN 16
AVERAGE MONTHLY: 84.1 TOTAL FOR MONTH: 5.64 1 = FOG OR MIST
DPTR FM NORMAL: 0.5 DPTR FM NORMAL: -1.65 2 = FOG REDUCING VISIBILITY
HIGHEST: 96 ON 31,13 GRTST 24HR 2.59 ON 17-17 TO 1/4 MILE OR LESS
LOWEST: 72 ON 15 3 = THUNDER
SNOW, ICE PELLETS, HAIL 4 = ICE PELLETS
TOTAL MONTH: 0.0 INCH 5 = HAIL
GRTST 24HR 0.0 6 = FREEZING RAIN OR DRIZZLE
GRTST DEPTH: 0 7 = DUSTSTORM OR SANDSTORM:
VSBY 1/2 MILE OR LESS
8 = SMOKE OR HAZE
[NO. OF DAYS WITH] [WEATHER - DAYS WITH] 9 = BLOWING SNOW
X = TORNADO
MAX 32 OR BELOW: 0 0.01 INCH OR MORE: 17
MAX 90 OR ABOVE: 28 0.10 INCH OR MORE: 9
MIN 32 OR BELOW: 0 0.50 INCH OR MORE: 4
MIN 0 OR BELOW: 0 1.00 INCH OR MORE: 1
[HDD (BASE 65) ]
TOTAL THIS MO. 0 CLEAR (SCALE 0-3) 29
DPTR FM NORMAL 0 PTCLDY (SCALE 4-7) 1
TOTAL FM JUL 1 0 CLOUDY (SCALE 8-10) 1
DPTR FM NORMAL 0
[CDD (BASE 65) ]
TOTAL THIS MO. 600
DPTR FM NORMAL 25 [PRESSURE DATA]
TOTAL FM JAN 1 2141 HIGHEST SLP M ON M
DPTR FM NORMAL 202 LOWEST SLP 29.88 ON 11
[REMARKS]
#FINAL-07-22#