000
CXUS54 KLZK 011410
CF6SRC
PRELIMINARY LOCAL CLIMATOLOGICAL DATA (WS FORM: F-6)
STATION: SEARCY AIRPORT
MONTH: JULY
YEAR: 2022
LATITUDE: 35 12 N
LONGITUDE: 91 44 W
TEMPERATURE IN F: :PCPN: SNOW: WIND :SUNSHINE: SKY :PK WND
================================================================================
1 2 3 4 5 6A 6B 7 8 9 10 11 12 13 14 15 16 17 18
12Z AVG MX 2MIN
DY MAX MIN AVG DEP HDD CDD WTR SNW DPTH SPD SPD DIR MIN PSBL S-S WX SPD DR
================================================================================
1 94 71 83 3 0 18 0.00 M M 4.9 9 180 M M 3 M M
2 93 71 82 1 0 17 0.00 M M 5.9 12 170 M M 2 1 M M
3 91 74 83 2 0 18 T M M 2.4 6 150 M M 7 M M
4 97 73 85 4 0 20 0.00 M M 3.0 10 190 M M 3 12 22 330
5 99 74 87 6 0 22 0.00 M M 5.2 12 170 M M 0 1 M M
6 99 74 87 6 0 22 0.00 M M 5.6 12 170 M M 0 1 16 190
7 99 74 87 6 0 22 0.00 M M 5.7 14 170 M M 0 1 17 160
8 101 75 88 7 0 23 0.00 M M 5.7 12 190 M M 0 1 18 190
9 101 78 90 9 0 25 0.00 M M 8.5 17 30 M M 2 22 30
10 93 71 82 1 0 17 0.00 M M 8.6 20 70 M M 6 24 70
11 96 66 81 0 0 16 0.00 M M 3.1 10 150 M M 0 M M
12 100 69 85 4 0 20 0.12 M M 3.5 14 60 M M 1 3 M M
13 96 74 85 4 0 20 0.00 M M 5.3 12 100 M M 4 M M
14 97 71 84 2 0 19 0.00 M M 3.7 12 110 M M 1 M M
15 98 66 82 0 0 17 0.00 M M 2.7 10 150 M M 0 M M
16 100 71 86 4 0 21 0.00 M M 5.4 13 180 M M 0 M M
17 99 70 85 3 0 20 0.92 M M 6.6 33 360 M M 1 13 56 360
18 95 72 84 2 0 19 0.05 M M 5.7 12 60 M M 5 3 M M
19 97 76 87 5 0 22 0.00 M M 9.4 16 170 M M 0 8 21 170
20 96 77 87 5 0 22 0.00 M M 6.3 14 200 M M 0 20 210
21 97 75 86 4 0 21 0.00 M M 5.8 9 140 M M 0 17 60
22 100 71 86 4 0 21 0.00 M M 3.8 10 130 M M 0 M M
23 98 72 85 3 0 20 0.00 M M 5.2 12 120 M M 0 12 M M
24 101 75 88 6 0 23 0.00 M M 6.4 15 160 M M 1 1 20 200
25 101 76 89 7 0 24 0.00 M M 6.0 14 150 M M 2 M M
26 101 76 89 7 0 24 0.00 M M 9.1 18 180 M M 0 23 180
27 99 78 89 7 0 24 0.00 M M 5.9 13 180 M M 0 M M
28 93 77 85 3 0 20 0.06 M M 3.5 9 310 M M 4 1 M M
29 82 72 77 -5 0 12 0.22 M M 3.3 13 310 M M 6 13 30 310
30 79 70 75 -7 0 10 0.19 M M 4.1 10 50 M M 9 13 M M
31 83 71 77 -5 0 12 0.05 M M 4.7 10 210 M M 8 1 M M
================================================================================
SM 2975 2260 0 611 1.61 M 165.0 M 65
================================================================================
AV 96.0 72.9 5.3 FASTST M M 2 MAX(MPH)
MISC ----> 33 360 56 360
================================================================================
NOTES:
# LAST OF SEVERAL OCCURRENCES
COLUMN 17 PEAK WIND IN M.P.H.
PRELIMINARY LOCAL CLIMATOLOGICAL DATA (WS FORM: F-6) , PAGE 2
STATION: SEARCY AIRPORT
MONTH: JULY
YEAR: 2022
LATITUDE: 35 12 N
LONGITUDE: 91 44 W
[TEMPERATURE DATA] [PRECIPITATION DATA] SYMBOLS USED IN COLUMN 16
AVERAGE MONTHLY: 84.4 TOTAL FOR MONTH: 1.61 1 = FOG OR MIST
DPTR FM NORMAL: 3.1 DPTR FM NORMAL: -2.12 2 = FOG REDUCING VISIBILITY
HIGHEST: 101 ON 25, 9 GRTST 24HR 0.97 ON 17-18 TO 1/4 MILE OR LESS
LOWEST: 66 ON 15,11 3 = THUNDER
SNOW, ICE PELLETS, HAIL 4 = ICE PELLETS
TOTAL MONTH: M 5 = HAIL
GRTST 24HR M ON M 6 = FREEZING RAIN OR DRIZZLE
GRTST DEPTH: M ON M 7 = DUSTSTORM OR SANDSTORM:
VSBY 1/2 MILE OR LESS
8 = SMOKE OR HAZE
[NO. OF DAYS WITH] [WEATHER - DAYS WITH] 9 = BLOWING SNOW
X = TORNADO
MAX 32 OR BELOW: 0 0.01 INCH OR MORE: 7
MAX 90 OR ABOVE: 28 0.10 INCH OR MORE: 4
MIN 32 OR BELOW: 0 0.50 INCH OR MORE: 1
MIN 0 OR BELOW: 0 1.00 INCH OR MORE: 0
[HDD (BASE 65) ]
TOTAL THIS MO. 0 CLEAR (SCALE 0-3) 23
DPTR FM NORMAL 0 PTCLDY (SCALE 4-7) 7
TOTAL FM JUL 1 0 CLOUDY (SCALE 8-10) 1
DPTR FM NORMAL 0
[CDD (BASE 65) ]
TOTAL THIS MO. 611
DPTR FM NORMAL 104 [PRESSURE DATA]
TOTAL FM JAN 1 1293 HIGHEST SLP 30.16 ON 30
DPTR FM NORMAL 174 LOWEST SLP 29.76 ON 20
[REMARKS]
#FINAL-07-22#