000
CXUS56 KPQR 011201
CF6TTD
PRELIMINARY LOCAL CLIMATOLOGICAL DATA (WS FORM: F-6)
STATION: TROUTDALE OR
MONTH: JULY
YEAR: 2023
LATITUDE: 45 33 N
LONGITUDE: 122 25 W
TEMPERATURE IN F: :PCPN: SNOW: WIND :SUNSHINE: SKY :PK WND
================================================================================
1 2 3 4 5 6A 6B 7 8 9 10 11 12 13 14 15 16 17 18
12Z AVG MX 2MIN
DY MAX MIN AVG DEP HDD CDD WTR SNW DPTH SPD SPD DIR MIN PSBL S-S WX SPD DR
================================================================================
1 85 53 69 3 0 4 0.00 M M 3.9 10 320 M M 0 16 320
2 87 56 72 5 0 7 0.00 M M 3.4 10 260 M M 1 15 310
3 91 54 73 6 0 8 0.00 M M 3.3 10 260 M M 0 14 330
4 96 55 76 9 0 11 0.00 M M 3.2 10 320 M M 0 17 310
5 98 58 78 11 0 13 0.00 M M 3.2 9 260 M M 0 16 270
6 90 60 75 7 0 10 0.00 M M 3.6 14 320 M M 0 19 320
7 79 59 69 1 0 4 0.00 M M 3.0 10 320 M M 4 14 320
8 76 57 67 -1 0 2 0.00 M M 2.4 10 260 M M 5 14 270
9 85 58 72 4 0 7 0.00 M M 3.1 12 260 M M 1 18 320
10 72 59 66 -2 0 1 0.00 M M 1.4 7 330 M M 9 8 11 320
11 83 63 73 4 0 8 0.00 M M 2.3 12 250 M M 3 8 15 250
12 86 61 74 5 0 9 0.00 M M 2.7 10 250 M M 1 14 320
13 88 59 74 5 0 9 0.00 M M 2.7 10 250 M M 0 15 270
14 94 58 76 7 0 11 0.00 M M 2.7 9 260 M M 0 13 270
15 98 58 78 9 0 13 0.00 M M 3.5 13 330 M M 0 18 320
16 93 58 76 6 0 11 0.00 M M 3.5 15 320 M M 0 24 310
17 80 61 71 1 0 6 0.00 M M 3.8 10 320 M M 5 15 320
18 90 53 72 2 0 7 0.00 M M 3.8 10 260 M M 0 8 16 320
19 98 57 78 8 0 13 0.00 M M 3.5 10 250 M M 0 8 15 280
20 89 64 77 7 0 12 0.00 M M 4.2 10 240 M M 0 14 220
21 89 63 76 6 0 11 0.00 M M 2.7 10 240 M M 3 14 250
22 92 59 76 6 0 11 0.00 M M 3.2 10 310 M M 0 15 320
23 90 62 76 6 0 11 0.00 M M 4.2 13 320 M M 0 21 320
24 79 57 68 -2 0 3 T M M 4.3 10 250 M M 4 14 240
25 81 64 73 3 0 8 0.02 M M 4.6 10 260 M M 6 15 260
26 86 54 70 -1 0 5 0.00 M M 3.1 10 260 M M 0 14 280
27 85 55 70 -1 0 5 0.00 M M 3.8 14 240 M M 0 19 250
28 85 58 72 1 0 7 0.00 M M 2.9 12 250 M M 2 15 270
29 84 59 72 1 0 7 0.00 M M 4.0 13 250 M M 2 18 240
30 83 57 70 -1 0 5 0.00 M M 3.2 12 250 M M 1 15 250
31 86 54 70 -1 0 5 0.00 M M 3.8 13 250 M M 0 17 320
================================================================================
SM 2698 1803 0 244 0.02 M 103.0 M 47
================================================================================
AV 87.0 58.2 3.3 FASTST M M 2 MAX(MPH)
MISC ----> 15 320 24 310
================================================================================
NOTES:
# LAST OF SEVERAL OCCURRENCES
COLUMN 17 PEAK WIND IN M.P.H.
PRELIMINARY LOCAL CLIMATOLOGICAL DATA (WS FORM: F-6) , PAGE 2
STATION: TROUTDALE OR
MONTH: JULY
YEAR: 2023
LATITUDE: 45 33 N
LONGITUDE: 122 25 W
[TEMPERATURE DATA] [PRECIPITATION DATA] SYMBOLS USED IN COLUMN 16
AVERAGE MONTHLY: 72.6 TOTAL FOR MONTH: 0.02 1 = FOG OR MIST
DPTR FM NORMAL: 3.4 DPTR FM NORMAL: -0.53 2 = FOG REDUCING VISIBILITY
HIGHEST: 98 ON 19,15 GRTST 24HR 0.02 ON 24-25 TO 1/4 MILE OR LESS
LOWEST: 53 ON 18, 1 3 = THUNDER
SNOW, ICE PELLETS, HAIL 4 = ICE PELLETS
TOTAL MONTH: M 5 = HAIL
GRTST 24HR M ON M 6 = FREEZING RAIN OR DRIZZLE
GRTST DEPTH: M ON M 7 = DUSTSTORM OR SANDSTORM:
VSBY 1/2 MILE OR LESS
8 = SMOKE OR HAZE
[NO. OF DAYS WITH] [WEATHER - DAYS WITH] 9 = BLOWING SNOW
X = TORNADO
MAX 32 OR BELOW: 0 0.01 INCH OR MORE: 1
MAX 90 OR ABOVE: 11 0.10 INCH OR MORE: 0
MIN 32 OR BELOW: 0 0.50 INCH OR MORE: 0
MIN 0 OR BELOW: 0 1.00 INCH OR MORE: 0
[HDD (BASE 65) ]
TOTAL THIS MO. 0 CLEAR (SCALE 0-3) 24
DPTR FM NORMAL -14 PTCLDY (SCALE 4-7) 6
TOTAL FM JUL 1 0 CLOUDY (SCALE 8-10) 1
DPTR FM NORMAL -9
[CDD (BASE 65) ]
TOTAL THIS MO. 244
DPTR FM NORMAL 100 [PRESSURE DATA]
TOTAL FM JAN 1 409 HIGHEST SLP 30.20 ON 25
DPTR FM NORMAL 197 LOWEST SLP 29.78 ON 5
[REMARKS]
#FINAL-07-23#