000
CXUS51 KRLX 271130
CF6EKN
PRELIMINARY LOCAL CLIMATOLOGICAL DATA (WS FORM: F-6)

                                          STATION:   ELKINS WV
                                          MONTH:     MAY
                                          YEAR:      2018
                                          LATITUDE:   38 52 N
                                          LONGITUDE:  79 51 W

  TEMPERATURE IN F:       :PCPN:    SNOW:  WIND      :SUNSHINE: SKY     :PK WND
================================================================================
1   2   3   4   5  6A  6B    7    8   9   10  11  12  13   14  15   16   17  18
                                     12Z  AVG MX 2MIN
DY MAX MIN AVG DEP HDD CDD  WTR  SNW DPTH SPD SPD DIR MIN PSBL S-S WX    SPD DR
================================================================================

 1  78  28  53  -1  12   0 0.00  0.0    0  3.5 15 310   M    M   0        21 310
 2  82  36  59   5   6   0 0.00  0.0    0  4.7 20 250   M    M   0        25 250
 3  86  51  69  14   0   4 0.00  0.0    0  6.2 17 300   M    M   3        26 260
 4  79  54  67  12   0   2 0.24  0.0    0  7.9 23 230   M    M   6 1      33 250
 5  65  55  60   5   5   0 1.92  0.0    0  1.4 10 130   M    M   9 12     13 140
 6  64  45  55   0  10   0 0.22  0.0    0  3.1 14 330   M    M   7 12     19 310
 7  74  46  60   4   5   0    T  0.0    0  2.8 17 350   M    M   6 12     24 330
 8  73  46  60   4   5   0 0.00  0.0    0  2.0  8 190   M    M   6 12      M  M
 9  77  46  62   6   3   0 0.00  0.0    0  2.5 10 160   M    M   4 1      12 160
10  78  53  66  10   0   1 0.18  0.0    0  7.7 22 290   M    M   4 1      33 290
11  82  47  65   8   0   0 0.00  0.0    0  3.5 16 300   M    M   3 1      25 310
12  84  56  70  13   0   5 0.00  0.0    0  8.3 21 250   M    M   1 1      33 230
13  83  60  72  15   0   7 0.12  0.0    0  5.1 20 230   M    M   5 1      24 230
14  86  58  72  14   0   7 0.55  0.0    0  4.8 44 320   M    M   4 1      62 320
15  86  56  71  13   0   6 0.83  0.0    M  4.8 20 360   M    M   6 12     25 270
16  77  61  69  11   0   4 0.35  0.0    0  1.4  8 170   M    M  10 1      11 170
17  70  62  66   8   0   1 1.36  0.0    0  2.3  7  90   M    M  10 1      14 140
18  71  61  66   7   0   1 0.03  0.0    0  3.5 15 140   M    M   9 8      20 130
19  80  59  70  11   0   5 0.20  0.0    0  5.8 23 160   M    M   6 1      31 170
20  80  60  70  11   0   5 0.03  0.0    0  4.5 15 280   M    M   6 1      20 280
21  85  57  71  12   0   6 0.45  0.0    0  3.0 16 170   M    M   5 128    24 210
22  77  61  69   9   0   4 0.97  0.0    0  3.3 17 170   M    M   6 1      22 170
23  76  53  65   5   0   0 0.06  0.0    M  4.8 18 160   M    M   5 1      23 160
24  83  52  68   8   0   3 0.00  0.0    0  1.5  9  10   M    M   4 12     15  10
25  85  53  69   9   0   4 0.04  0.0    0  2.5 14 280   M    M   3 1      20 240
26  85  61  73  12   0   8    T  0.0    0  2.5 12 330   M    M   5 12     17 340
================================================================================
SM 2046 1377        46  73  7.55     0.0 103.4          M      133
================================================================================
AV 78.7 53.0                               4.0 FASTST   M    M   5    MAX(MPH)
                                 MISC ---->  # 44 320               # 62  320
================================================================================
NOTES:
# LAST OF SEVERAL OCCURRENCES

COLUMN 17 PEAK WIND IN M.P.H.

PRELIMINARY LOCAL CLIMATOLOGICAL DATA (WS FORM: F-6) , PAGE 2

                                          STATION:  ELKINS WV
                                          MONTH:    MAY
                                          YEAR:     2018
                                          LATITUDE:   38 52 N
                                          LONGITUDE:  79 51 W

[TEMPERATURE DATA]      [PRECIPITATION DATA]       SYMBOLS USED IN COLUMN 16

AVERAGE MONTHLY: 65.8   TOTAL FOR MONTH:   7.55    1 = FOG OR MIST
DPTR FM NORMAL:   8.4   DPTR FM NORMAL:    3.26    2 = FOG REDUCING VISIBILITY
HIGHEST:    86 ON 15,14 GRTST 24HR  1.92 ON  5- 5      TO 1/4 MILE OR LESS
LOWEST:     28 ON  1                               3 = THUNDER
                        SNOW, ICE PELLETS, HAIL    4 = ICE PELLETS
                        TOTAL MONTH:   0.0 INCH    5 = HAIL
                        GRTST 24HR     0.0         6 = FREEZING RAIN OR DRIZZLE
                        GRTST DEPTH:   0           7 = DUSTSTORM OR SANDSTORM:
                                                       VSBY 1/2 MILE OR LESS
                                                   8 = SMOKE OR HAZE
[NO. OF DAYS WITH]      [WEATHER - DAYS WITH]      9 = BLOWING SNOW
                                                   X = TORNADO
MAX 32 OR BELOW:   0    0.01 INCH OR MORE:  16
MAX 90 OR ABOVE:   0    0.10 INCH OR MORE:  12
MIN 32 OR BELOW:   1    0.50 INCH OR MORE:   5
MIN  0 OR BELOW:   0    1.00 INCH OR MORE:   2

[HDD (BASE 65) ]
TOTAL THIS MO.    46    CLEAR  (SCALE 0-3)   6
DPTR FM NORMAL  -166    PTCLDY (SCALE 4-7)  16
TOTAL FM JUL 1  5476    CLOUDY (SCALE 8-10)  4
DPTR FM NORMAL  -299

[CDD (BASE 65) ]
TOTAL THIS MO.    73
DPTR FM NORMAL    60    [PRESSURE DATA]
TOTAL FM JAN 1    74    HIGHEST SLP  0.00 ON  8
DPTR FM NORMAL    58    LOWEST  SLP 29.81 ON 26

[REMARKS]
