000
CXUS54 KLZK 221130
CF6SGT
PRELIMINARY LOCAL CLIMATOLOGICAL DATA (WS FORM: F-6)

                                          STATION:   Stuttgart Airport
                                          MONTH:     APRIL
                                          YEAR:      2018
                                          LATITUDE:   34 35 N
                                          LONGITUDE:  91 34 W

  TEMPERATURE IN F:       :PCPN:    SNOW:  WIND      :SUNSHINE: SKY     :PK WND
================================================================================
1   2   3   4   5  6A  6B    7    8   9   10  11  12  13   14  15   16   17  18
                                     12Z  AVG MX 2MIN
DY MAX MIN AVG DEP HDD CDD  WTR  SNW DPTH SPD SPD DIR MIN PSBL S-S WX    SPD DR
================================================================================

 1  66  43  55  -2  10   0    T    M    M 11.1 18  10   M    M   7         M  M
 2  71  42  57  -1   8   0    T    M    0  9.8 25 140   M    M   8 1      37 160
 3  81  47  64   6   1   0 0.46    M    0 19.0 25 200   M    M   7 3      39 210
 4  55  37  46 -12  19   0 0.00  0.0    0 10.4 22 340   M    M   0        20 360
 5  61  39  50  -8  15   0    T    M    0  7.7 16 180   M    M   4         M  M
 6  56  47  52  -7  13   0 1.47    M    0  8.1 14  60   M    M  10 13     35  50
 7  47  32  40 -19  25   0 0.08    M    0 16.7 31  20   M    M   8        37  10
 8  52  33  43 -16  22   0 0.00  0.0    0  7.7 13 100   M    M   3         M  M
 9  61  39  50 -10  15   0 0.00  0.0    0  7.0 13  20   M    M   0        22  20
10  59  43  51  -9  14   0 0.00  0.0    0 11.2 17 340   M    M   0         M  M
11  73  44  59  -1   6   0 0.00  0.0    0 11.2 17 170   M    M   0        23 160
12  81  54  68   7   0   3 0.00  0.0    0 17.4 24 170   M    M   0        32 170
13  77  60  69   8   0   4 2.00  0.0    0 19.3 27 160   M    M   7 138    37 160
14  64  43  54  -7  11   0 1.04    M    0 14.2 23 300   M    M   7 13     29 300
15  50  38  44 -18  21   0 0.00  0.0    0 15.8 24 280   M    M   7        33 290
16  64  34  49 -13  16   0 0.00  0.0    0  9.1 15 270   M    M   0        22 270
17  83  48  66   4   0   1 0.00  0.0    0 13.3 23 200   M    M   0        32 230
18  83  58  71   9   0   6 0.00  0.0    0 18.7 28 230   M    M   1        35 230
19  59  45  52 -11  13   0 0.00  0.0    0 15.1 24 350   M    M   0        31 350
20  69  42  56  -7   9   0 0.00  0.0    0 10.4 20  70   M    M   0        18  40
21  75  47  61  -2   4   0 0.26    M    0  8.7 15 130   M    M   2 1       M  M
================================================================================
SM 1387  915       222  14  5.31     0.0 261.9          M       71
================================================================================
AV 66.1 43.6                              12.5 FASTST   M    M   3    MAX(MPH)
                                 MISC ---->  # 31  20               # 39  210
================================================================================
NOTES:
# LAST OF SEVERAL OCCURRENCES

COLUMN 17 PEAK WIND IN M.P.H.

PRELIMINARY LOCAL CLIMATOLOGICAL DATA (WS FORM: F-6) , PAGE 2

                                          STATION:  Stuttgart Airport
                                          MONTH:    APRIL
                                          YEAR:     2018
                                          LATITUDE:   34 35 N
                                          LONGITUDE:  91 34 W

[TEMPERATURE DATA]      [PRECIPITATION DATA]       SYMBOLS USED IN COLUMN 16

AVERAGE MONTHLY: 54.8   TOTAL FOR MONTH:   5.31    1 = FOG OR MIST
DPTR FM NORMAL:  -5.5   DPTR FM NORMAL:    1.83    2 = FOG REDUCING VISIBILITY
HIGHEST:    83 ON 18,17 GRTST 24HR  2.00 ON 13-13      TO 1/4 MILE OR LESS
LOWEST:     32 ON  7                               3 = THUNDER
                        SNOW, ICE PELLETS, HAIL    4 = ICE PELLETS
                        TOTAL MONTH:   0.0 INCH    5 = HAIL
                        GRTST 24HR     0.0         6 = FREEZING RAIN OR DRIZZLE
                        GRTST DEPTH:   0           7 = DUSTSTORM OR SANDSTORM:
                                                       VSBY 1/2 MILE OR LESS
                                                   8 = SMOKE OR HAZE
[NO. OF DAYS WITH]      [WEATHER - DAYS WITH]      9 = BLOWING SNOW
                                                   X = TORNADO
MAX 32 OR BELOW:   0    0.01 INCH OR MORE:   6
MAX 90 OR ABOVE:   0    0.10 INCH OR MORE:   5
MIN 32 OR BELOW:   1    0.50 INCH OR MORE:   3
MIN  0 OR BELOW:   0    1.00 INCH OR MORE:   3

[HDD (BASE 65) ]
TOTAL THIS MO.   222    CLEAR  (SCALE 0-3)  12
DPTR FM NORMAL    91    PTCLDY (SCALE 4-7)   8
TOTAL FM JUL 1  2846    CLOUDY (SCALE 8-10)  1
DPTR FM NORMAL  -291

[CDD (BASE 65) ]
TOTAL THIS MO.    14
DPTR FM NORMAL   -17    [PRESSURE DATA]
TOTAL FM JAN 1    41    HIGHEST SLP M ON M
DPTR FM NORMAL     3    LOWEST  SLP M ON M

[REMARKS]
