000
CXUS51 KPHI 041742
CLMABE


CLIMATE REPORT
NATIONAL WEATHER SERVICE MOUNT HOLLY NJ
138 PM EDT THU JUL 4 2019

...................................

...THE ALLENTOWN CLIMATE SUMMARY FOR THE MONTH OF JUNE 2019...

CLIMATE NORMAL PERIOD 1981 TO 2010
CLIMATE RECORD PERIOD 1922 TO 2019

WEATHER         OBSERVED          NORMAL  DEPART  LAST YEAR`S
                 VALUE   DATE(S)  VALUE   FROM    VALUE  DATE(S)
                                          NORMAL
................................................................
TEMPERATURE (F)
RECORD
 HIGH             100   06/27/1966
                        06/06/1925
                        06/20/1923
 LOW               39   06/11/1972
                        06/01/1945
                        06/08/1932
HIGHEST            92                93      -1       95
LOWEST             46                46       0       49
AVG. MAXIMUM     81.2              80.1     1.1     82.3
AVG. MINIMUM     59.6              58.1     1.5     60.1
MEAN             70.4              69.1     1.3     71.2
DAYS MAX >= 90      3               2.2     0.8        4
DAYS MAX <= 32      0               0.0     0.0        0
DAYS MIN <= 32      0               0.0     0.0        0
DAYS MIN <= 0       0               0.0     0.0        0

PRECIPITATION (INCHES)
RECORD
 MAXIMUM        10.51   1938
 MINIMUM         0.34   1949
TOTALS           5.76              4.31    1.45     2.60
DAILY AVG.       0.19              0.14    0.05     0.09
DAYS >= .01        13              11.4     1.6       12
DAYS >= .10         9               7.4     1.6        6
DAYS >= .50         3               2.9     0.1        2
DAYS >= 1.00        2               1.2     0.8        1
GREATEST
 24 HR. TOTAL    1.86   06/18 TO 06/18              1.09

SNOWFALL (INCHES)
RECORDS
 TOTAL             MM   5
 24 HR TOTAL       MM
TOTALS            0.0               0.0     0.0      0.0
SINCE 7/1        32.1              32.9    -0.8     49.9
SNOWDEPTH AVG.      0                MM      MM        0
DAYS >= 1.0         0               0.0     0.0        0
GREATEST
 SNOW DEPTH         0   MM                             0  MM
 24 HR TOTAL      0.0   06/30 TO 06/30               0.0

DEGREE_DAYS
HEATING TOTAL      13                33     -20        7
 SINCE 7/1       5005              5801    -796     5262
COOLING TOTAL     184               155      29      200
 SINCE 1/1        284               200      84      294
.................................................................

WIND (MPH)
AVERAGE WIND SPEED              6.7
HIGHEST WIND SPEED/DIRECTION    39/340    DATE  06/28
HIGHEST GUST SPEED/DIRECTION    57/360    DATE  06/28

SKY COVER
POSSIBLE SUNSHINE (PERCENT)   MM
AVERAGE SKY COVER           0.30
NUMBER OF DAYS FAIR           19
NUMBER OF DAYS PC              7
NUMBER OF DAYS CLOUDY          4

AVERAGE RH (PERCENT)     65

WEATHER CONDITIONS. NUMBER OF DAYS WITH
THUNDERSTORM              7     MIXED PRECIP               0
HEAVY RAIN                6     RAIN                       6
LIGHT RAIN               20     FREEZING RAIN              0
LT FREEZING RAIN          0     HEAVY SNOW                 0
SNOW                      0     LIGHT SNOW                 0
SLEET                     0     FOG                       16
FOG W/VIS <= 1/4 MILE     0     HAZE                      10

-  INDICATES NEGATIVE NUMBERS.
R  INDICATES RECORD WAS SET OR TIED.
MM INDICATES DATA IS MISSING.
T  INDICATES TRACE AMOUNT.

$$
