499
CXUS53 KABR 011626
CLMABR


CLIMATE REPORT
NATIONAL WEATHER SERVICE ABERDEEN SD
1103 AM CDT MON JUL 1 2019

...................................

...THE ABERDEEN SD CLIMATE SUMMARY FOR THE MONTH OF JUNE 2019...

CLIMATE NORMAL PERIOD 1981 TO 2010
CLIMATE RECORD PERIOD 1893 TO 2019

WEATHER         OBSERVED          NORMAL  DEPART  LAST YEAR`S
                 VALUE   DATE(S)  VALUE   FROM    VALUE  DATE(S)
                                          NORMAL
................................................................
TEMPERATURE (F)
RECORD
 HIGH             112   06/28/1931
 LOW               28   06/07/1901
HIGHEST            94   06/29        MM      MM      101  06/05
LOWEST             44   06/10        MM      MM       44  06/13
AVG. MAXIMUM     80.9              77.4     3.5     84.7
AVG. MINIMUM     55.8              53.7     2.1     59.5
MEAN             68.3              65.6     2.7     72.1
DAYS MAX >= 90      5               1.7     3.3        8
DAYS MAX <= 32      0               0.0     0.0        0
DAYS MIN <= 32      0               0.0     0.0        0
DAYS MIN <= 0       0               0.0     0.0        0

PRECIPITATION (INCHES)
RECORD
 MAXIMUM        10.91   1925
 MINIMUM         0.07   1929
TOTALS           4.70              3.70    1.00     2.72
DAYS >= .01        13              11.1     1.9       11
DAYS >= .10        11               7.2     3.8        7
DAYS >= .50         3               2.4     0.6        2
DAYS >= 1.00        1               0.9     0.1        1

SNOWFALL (INCHES)
RECORDS
 TOTAL             MM   MM
 SNOW DEPTH        MM   MM
TOTALS            0.0               0.0     0.0      0.0
SINCE 7/1        81.1              38.1    43.0     43.2
SNOWDEPTH AVG.      0                MM      MM        0
DAYS >= TRACE       0               0.0     0.0        0
DAYS >= 1.0         0               0.0     0.0        0
GREATEST
 SNOW DEPTH         0   MM                             0  MM

DEGREE_DAYS
HEATING TOTAL      32                76     -44        4
 SINCE 7/1       9338              8534     804     8498
COOLING TOTAL     140                92      48      225
 SINCE 1/1        154               115      39      348

FREEZE DATES
RECORD
 EARLIEST     MM
 LATEST       MM
EARLIEST      09/28             MM
LATEST        05/10             MM
.................................................................

WIND (MPH)
AVERAGE WIND SPEED              9.1
RESULTANT WIND SPEED/DIRECTION   1/128
HIGHEST WIND SPEED/DIRECTION    38/350    DATE  06/04
HIGHEST GUST SPEED/DIRECTION    51/350    DATE  06/04

SKY COVER
POSSIBLE SUNSHINE (PERCENT)   MM
AVERAGE SKY COVER           0.30
NUMBER OF DAYS FAIR           20
NUMBER OF DAYS PC              8
NUMBER OF DAYS CLOUDY          2

AVERAGE RH (PERCENT)     65

-  INDICATES NEGATIVE NUMBERS.
R  INDICATES RECORD WAS SET OR TIED.
MM INDICATES DATA IS MISSING.
T  INDICATES TRACE AMOUNT.

$$
