000
CXUS53 KABR 151606
CLMABR


CLIMATE REPORT
NATIONAL WEATHER SERVICE ABERDEEN SD
1052 AM CDT WED MAY 15 2019

...................................

...THE ABERDEEN SD CLIMATE SUMMARY FOR THE MONTH OF MARCH 2019...

CLIMATE NORMAL PERIOD 1981 TO 2010
CLIMATE RECORD PERIOD 1893 TO 2019

WEATHER         OBSERVED          NORMAL  DEPART  LAST YEAR`S
                 VALUE   DATE(S)  VALUE   FROM    VALUE  DATE(S)
                                          NORMAL
................................................................
TEMPERATURE (F)
RECORD
 HIGH              86   03/31/1946
 LOW              -32   03/08/1995
HIGHEST            52   03/27        MM      MM       56  03/27
LOWEST            -20   03/03        MM      MM       -8  03/01
AVG. MAXIMUM     30.6              40.0    -9.4     36.3
AVG. MINIMUM     11.1              19.8    -8.7     20.4
MEAN             20.9              29.9    -9.0     28.3
DAYS MAX >= 90      0               0.0     0.0        0
DAYS MAX <= 32     13               7.8     5.2        6
DAYS MIN <= 32     31              27.9     3.1       30
DAYS MIN <= 0       7               2.2     4.8        1

PRECIPITATION (INCHES)
RECORD
 MAXIMUM         7.55   1897
 MINIMUM         0.04   1971
TOTALS           1.33              1.16    0.17     1.59
DAYS >= .01         7               7.7    -0.7       11
DAYS >= .10         3               3.2    -0.2        4
DAYS >= .50         1               0.6     0.4        1
DAYS >= 1.00        0               0.1    -0.1        0

SNOWFALL (INCHES)
RECORDS
 TOTAL           27.9   1975
 SNOW DEPTH        24   03/01/2001
TOTALS           16.4               7.2     9.2     14.1
SINCE 7/1        67.5              35.0    32.5     32.9
SNOWDEPTH AVG.     15                 3      12        2
DAYS >= TRACE       9               5.2     3.8       13
DAYS >= 1.0         3               1.9     1.1        3
GREATEST
 SNOW DEPTH        25R  03/10                          7  03/06

DEGREE_DAYS
HEATING TOTAL    1361              1088     273     1128
 SINCE 7/1       8297              7551     746     7495
COOLING TOTAL       0                 0       0        0
 SINCE 1/1          0                 0       0        0

FREEZE DATES
RECORD
 EARLIEST     MM
 LATEST       MM
EARLIEST                        MM
LATEST                          MM
.................................................................

WIND (MPH)
AVERAGE WIND SPEED              10.4
RESULTANT WIND SPEED/DIRECTION   4/318
HIGHEST WIND SPEED/DIRECTION    46/340    DATE  03/14
HIGHEST GUST SPEED/DIRECTION    68/340    DATE  03/14

SKY COVER
POSSIBLE SUNSHINE (PERCENT)   MM
AVERAGE SKY COVER           0.40
NUMBER OF DAYS FAIR           16
NUMBER OF DAYS PC             10
NUMBER OF DAYS CLOUDY          5

AVERAGE RH (PERCENT)     81

WEATHER CONDITIONS. NUMBER OF DAYS WITH
  0
  0
  1
  0
  2
  0
  9
HAZE                      8

-  INDICATES NEGATIVE NUMBERS.
R  INDICATES RECORD WAS SET OR TIED.
MM INDICATES DATA IS MISSING.
T  INDICATES TRACE AMOUNT.

$$
