000
CXUS52 KCAE 011813
CLMAGS


CLIMATE REPORT
NATIONAL WEATHER SERVICE COLUMBIA SC
129 PM EDT WED MAY 1 2019

...................................

...THE AUGUSTA REGIONAL BUSH FIELD GA CLIMATE SUMMARY FOR THE
   MONTH OF APRIL 2019...

CLIMATE NORMAL PERIOD 1981 TO 2010
CLIMATE RECORD PERIOD 1873 TO 2019

WEATHER         OBSERVED          NORMAL  DEPART
                 VALUE   DATE(S)  VALUE   FROM
                                          NORMAL
................................................
TEMPERATURE (F)
RECORD
 HIGH              96   04/27/1986
 LOW               26   04/08/2007
                        04/07/1982
                        04/20/1983
HIGHEST            90   04/29        MM      MM
LOWEST             34   04/03        MM      MM
AVG. MAXIMUM     80.0              77.3     2.7
AVG. MINIMUM     52.1              48.1     4.0
MEAN             66.0              62.7     3.3
DAYS MAX >= 90      1               0.8     0.2
DAYS MAX <= 32      0               0.0     0.0
DAYS MIN <= 32      0               0.9    -0.9
DAYS MIN <= 0       0               0.0     0.0

PRECIPITATION (INCHES)
RECORD
 MAXIMUM         8.43   1961
 MINIMUM         0.60   1970
TOTALS           3.01              2.84    0.17
DAILY AVG.       0.10              0.09    0.01
DAYS >= .01         8               7.5     0.5
DAYS >= .10         8               5.1     2.9
DAYS >= .50         2               2.0     0.0
DAYS >= 1.00        0               0.7    -0.7
GREATEST
 24 HR. TOTAL    0.71   04/09 TO 04/09
 STORM TOTAL       MM
 (MM/DD(HH))            MM

SNOWFALL (INCHES)
RECORDS
 TOTAL             MM   MM
TOTALS            0.0               0.0     0.0
SINCE 7/1         0.0               0.9    -0.9
DAYS >= TRACE       0               0.0     0.0
DAYS >= 1.0         0               0.0     0.0
GREATEST
 SNOW DEPTH         0   MM

DEGREE_DAYS
HEATING TOTAL      80               124     -44
 SINCE 7/1       1934              2452    -518
COOLING TOTAL     118                55      63
 SINCE 1/1        142                73      69

FREEZE DATES
RECORD
 EARLIEST     MM
 LATEST       MM
EARLIEST                        MM
LATEST                          MM
.................................................

WIND (MPH)
AVERAGE WIND SPEED              6.1
RESULTANT WIND SPEED/DIRECTION   2/192
HIGHEST WIND SPEED/DIRECTION    29/290    DATE  04/26
HIGHEST GUST SPEED/DIRECTION    40/310    DATE  04/26

SKY COVER
POSSIBLE SUNSHINE (PERCENT)   MM
AVERAGE SKY COVER           0.30
NUMBER OF DAYS FAIR           18
NUMBER OF DAYS PC              8
NUMBER OF DAYS CLOUDY          4

AVERAGE RH (PERCENT)     68

WEATHER CONDITIONS. NUMBER OF DAYS WITH
THUNDERSTORM              3     MIXED PRECIP               0
HEAVY RAIN                4     RAIN                       7
LIGHT RAIN               11     FREEZING RAIN              0
LT FREEZING RAIN          0     HAIL                       0
HEAVY SNOW                0     SNOW                       0
LIGHT SNOW                0     SLEET                      0
FOG                      22     FOG W/VIS <= 1/4 MILE      9
HAZE                      7

-  INDICATES NEGATIVE NUMBERS.
R  INDICATES RECORD WAS SET OR TIED.
MM INDICATES DATA IS MISSING.
T  INDICATES TRACE AMOUNT.

$$
