000
CXUS52 KCAE 011845 AAA
CLMAGS

CLIMATE REPORT...AMENDED FOR MONTHLY NORMAL TEMP...
NATIONAL WEATHER SERVICE COLUMBIA SC
245 PM EDT MON JUL 1 2019

...................................

...THE AUGUSTA REGIONAL BUSH FIELD AIRPORT GA
   CLIMATE SUMMARY FOR THE MONTH OF JUNE 2019...

CLIMATE NORMAL PERIOD 1981 TO 2010
CLIMATE RECORD PERIOD 1873 TO 2019

WEATHER         OBSERVED          NORMAL  DEPART
                 VALUE   DATE(S)  VALUE   FROM
                                          NORMAL
................................................
TEMPERATURE (F)
RECORD
 HIGH             106   06/30/2012
                        06/29/2012
                        06/29/2012
 LOW               46   06/01/1889
HIGHEST            97   06/03        MM      MM
LOWEST             54   06/14        MM      MM
AVG. MAXIMUM     90.7              91.0    -0.3
AVG. MINIMUM     67.6              66.2     1.4
MEAN             79.2              78.6 ##  0.6 ##
DAYS MAX >= 90     19              17.9     1.1
DAYS MAX <= 32      0               0.0     0.0
DAYS MIN <= 32      0               0.0     0.0
DAYS MIN <= 0       0               0.0     0.0

PRECIPITATION (INCHES)
RECORD
 MAXIMUM        10.83   2013
 MINIMUM         0.68   1984
TOTALS           6.45              4.72    1.73
DAILY AVG.       0.21              0.16    0.05
DAYS >= .01        11              11.0     0.0
DAYS >= .10         9               7.1     1.9
DAYS >= .50         5               3.3     1.7
DAYS >= 1.00        2               1.5     0.5
GREATEST
 24 HR. TOTAL    1.53   06/08 TO 06/08
 STORM TOTAL       MM
 (MM/DD(HH))            MM

SNOWFALL (INCHES)
RECORDS
 TOTAL             MM   MM
TOTALS            0.0               0.0     0.0
SINCE 7/1         0.0               0.9    -0.9
DAYS >= TRACE       0               0.0     0.0
DAYS >= 1.0         0               0.0     0.0
GREATEST
 SNOW DEPTH         0   MM

DEGREE_DAYS
HEATING TOTAL       0                 0       0
 SINCE 7/1       1935              2471    -536
COOLING TOTAL     429               408      21
 SINCE 1/1        967               691     276

FREEZE DATES
RECORD
 EARLIEST     MM
 LATEST       MM
EARLIEST      11/28             MM
LATEST        03/20             MM
.................................................

WIND (MPH)
AVERAGE WIND SPEED              4.8
RESULTANT WIND SPEED/DIRECTION   1/203
HIGHEST WIND SPEED/DIRECTION    41/350    DATE  06/23
HIGHEST GUST SPEED/DIRECTION    55/310    DATE  06/20

SKY COVER
POSSIBLE SUNSHINE (PERCENT)   MM
AVERAGE SKY COVER           0.30
NUMBER OF DAYS FAIR           18
NUMBER OF DAYS PC              7
NUMBER OF DAYS CLOUDY          5

AVERAGE RH (PERCENT)     74

WEATHER CONDITIONS. NUMBER OF DAYS WITH
THUNDERSTORM             11     MIXED PRECIP               0
HEAVY RAIN                7     RAIN                       7
LIGHT RAIN               14     FREEZING RAIN              0
LT FREEZING RAIN          0     HAIL                       0
HEAVY SNOW                0     SNOW                       0
LIGHT SNOW                0     SLEET                      0
FOG                      23     FOG W/VIS <= 1/4 MILE      6
HAZE                      5

-  INDICATES NEGATIVE NUMBERS.
R  INDICATES RECORD WAS SET OR TIED.
MM INDICATES DATA IS MISSING.
T  INDICATES TRACE AMOUNT.

## INDICATES DATA WAS AMENDED

$$
