000
CXUS52 KCAE 011250
CLMAGS


CLIMATE REPORT
NATIONAL WEATHER SERVICE COLUMBIA SC
807 AM EDT MON JUN 1 2020

...................................

...THE AUGUSTA BUSH FIELD GA CLIMATE SUMMARY FOR THE MONTH OF MAY 2020...

CLIMATE NORMAL PERIOD 1981 TO 2010
CLIMATE RECORD PERIOD 1873 TO 2020

WEATHER         OBSERVED          NORMAL  DEPART
                 VALUE   DATE(S)  VALUE   FROM
                                          NORMAL
................................................
TEMPERATURE (F)
RECORD
 HIGH             100   05/26/1926
 LOW               35   05/04/1971
                        05/02/1963
HIGHEST            93   05/24        MM      MM
                        05/23
LOWEST             43   05/12        MM      MM
                        05/10
AVG. MAXIMUM     83.9              85.0    -1.1
AVG. MINIMUM     58.0              57.3     0.7
MEAN             71.0              71.1    -0.1
DAYS MAX >= 90      8               7.1     0.9
DAYS MAX <= 32      0               0.0     0.0
DAYS MIN <= 32      0               0.0     0.0
DAYS MIN <= 0       0               0.0     0.0

PRECIPITATION (INCHES)
RECORD
 MAXIMUM         9.61   1979
 MINIMUM         0.06   1914
TOTALS           6.30              2.65    3.65
DAILY AVG.       0.20              0.09    0.11
DAYS >= .01         9               8.1     0.9
DAYS >= .10         5               4.7     0.3
DAYS >= .50         4               1.6     2.4
DAYS >= 1.00        3               0.6     2.4
GREATEST
 24 HR. TOTAL    2.29   05/18 TO 05/18
 STORM TOTAL       MM
 (MM/DD(HH))            MM

SNOWFALL (INCHES)
RECORDS
 TOTAL             MM   MM
TOTALS            0.0               0.0     0.0
SINCE 7/1         0.0               0.9    -0.9
DAYS >= TRACE       0               0.0     0.0
DAYS >= 1.0         0               0.0     0.0
GREATEST
 SNOW DEPTH         0   MM

DEGREE_DAYS
HEATING TOTAL      32                19      13
 SINCE 7/1       1767              2471    -704
COOLING TOTAL     225               210      15
 SINCE 1/1        413               283     130

FREEZE DATES
RECORD
 EARLIEST     MM
 LATEST       MM
EARLIEST                        MM
LATEST                          MM
.................................................

WIND (MPH)
AVERAGE WIND SPEED              5.5
RESULTANT WIND SPEED/DIRECTION   1/287
HIGHEST WIND SPEED/DIRECTION    31/310    DATE  05/06
HIGHEST GUST SPEED/DIRECTION    39/280    DATE  05/06

SKY COVER
POSSIBLE SUNSHINE (PERCENT)   MM
AVERAGE SKY COVER           0.30
NUMBER OF DAYS FAIR           20
NUMBER OF DAYS PC              8
NUMBER OF DAYS CLOUDY          3

AVERAGE RH (PERCENT)     67

WEATHER CONDITIONS. NUMBER OF DAYS WITH

THUNDERSTORM              6     MIXED PRECIP               0
HEAVY RAIN                4     RAIN                       5
LIGHT RAIN               10     FREEZING RAIN              0
LT FREEZING RAIN          0     HAIL                       0
HEAVY SNOW                0     SNOW                       0
LIGHT SNOW                0     SLEET                      0
FOG                      22     FOG W/VIS <= 1/4 MILE      6
HAZE                      3

-  INDICATES NEGATIVE NUMBERS.
R  INDICATES RECORD WAS SET OR TIED.
MM INDICATES DATA IS MISSING.
T  INDICATES TRACE AMOUNT.

$$
