000
CXAK58 PAKN 011221
CLMAKN


CLIMATE REPORT
NATIONAL WEATHER SERVICE ANCHORAGE, AK
420 AM AKDT FRI MAY 1 2020

...................................

...THE KING SALMON CLIMATE SUMMARY FOR THE MONTH OF APRIL 2020...

CLIMATE NORMAL PERIOD 1981 TO 2010
CLIMATE RECORD PERIOD 1917 TO 2020

WEATHER         OBSERVED          NORMAL  DEPART  LAST YEAR`S
                 VALUE   DATE(S)  VALUE   FROM    VALUE  DATE(S)
                                          NORMAL
................................................................
TEMPERATURE (F)
RECORD
 HIGH              69   MM
 LOW                9   04/07/2018
HIGHEST            61                MM      MM       58
LOWEST             17                MM      MM       14
AVG. MAXIMUM     48.6              42.4     6.2     47.9
AVG. MINIMUM     31.8              25.0     6.8     24.9
MEAN             40.2              33.7     6.5     36.4
DAYS MAX >= 90      0               0.0     0.0        0
DAYS MAX <= 32      1               3.7    -2.7        1
DAYS MIN <= 32     14              23.6    -9.6       27
DAYS MIN <= 0       0               0.7    -0.7        0

PRECIPITATION (INCHES)
RECORD
 MAXIMUM           MM   MM
 MINIMUM           MM   MM
TOTALS           2.68              0.97    1.71     1.26
DAILY AVG.       0.09              0.03    0.06     0.04
DAYS >= .01        12              11.2     0.8        9
DAYS >= .10         7               3.5     3.5        6
DAYS >= .50         0               0.1    -0.1        0
DAYS >= 1.00        0               0.0     0.0        0
GREATEST
 24 HR. TOTAL    0.47   04/01 TO 04/01           04/11 TO 04/11
                                                          04/22 TO 04/22EATHER         OBSERVED          NORMAL  DEPART  LAST YEAR`S
                                                          04/22 TO 04/22EATHER         OBSERVED          NORMAL  DEPART  LAST YEAR`S
 STORM TOTAL       MM                                 MM
 (MM/DD(HH))            MM                    04/11(00) TO 04/11(00)
                                                 04/22(00) TO 04/22(00)2EATHER         OBSERVED          NORMAL  DEPART  LAST YEAR`S
                                                 04/22(00) TO 04/22(00)2EATHER         OBSERVED          NORMAL  DEPART  LAST YEAR`S

DEGREE_DAYS
HEATING TOTAL     735               939    -204      853
 SINCE 7/1       9404              9825    -421     6278
COOLING TOTAL       0                 0       0        0
 SINCE 1/1          0                 0       0        0

FREEZE DATES
RECORD
 EARLIEST     MM
 LATEST       MM
EARLIEST                        MM
LATEST                          MM
.................................................................

WIND (MPH)
AVERAGE WIND SPEED              7.9
RESULTANT WIND SPEED/DIRECTION   2/159
HIGHEST WIND SPEED/DIRECTION    32/150    DATE  04/17
HIGHEST GUST SPEED/DIRECTION    41/270    DATE  04/05

SKY COVER
POSSIBLE SUNSHINE (PERCENT)   MM
AVERAGE SKY COVER           0.70
NUMBER OF DAYS FAIR            3
NUMBER OF DAYS PC             12
NUMBER OF DAYS CLOUDY         15

AVERAGE RH (PERCENT)     75

WEATHER CONDITIONS. NUMBER OF DAYS WITH
  0
  1
  0
  1
  0
  0
  4
HAZE                      5

-  INDICATES NEGATIVE NUMBERS.
R  INDICATES RECORD WAS SET OR TIED.
MM INDICATES DATA IS MISSING.
T  INDICATES TRACE AMOUNT.

$$
