000
CXAK58 PAKN 012338 CCA
CLMAKN

CLIMATE REPORT
NATIONAL WEATHER SERVICE ANCHORAGE, AK
1047 AM AKDT WED MAY 1 2019

...................................

...THE KING SALMON CLIMATE SUMMARY FOR THE MONTH OF APRIL 2019...

CLIMATE NORMAL PERIOD 1981 TO 2010
CLIMATE RECORD PERIOD 1917 TO 2019

WEATHER         OBSERVED          NORMAL  DEPART  LAST YEAR`S
                 VALUE   DATE(S)  VALUE   FROM    VALUE  DATE(S)
                                          NORMAL
................................................................
TEMPERATURE (F)
RECORD
 HIGH              69   MM
 LOW                9   04/07/2018
HIGHEST            58                MM      MM       54
LOWEST             14                MM      MM        9
AVG. MAXIMUM     47.9              42.4     5.5     45.2
AVG. MINIMUM     24.9              25.0    -0.1     29.3
MEAN             36.4              33.7     2.7     37.3
DAYS MAX >= 90      0               0.0     0.0        0
DAYS MAX <= 32      1               3.7    -2.7        2
DAYS MIN <= 32     27              23.6     3.4       14
DAYS MIN <= 0       0               0.7    -0.7        0

PRECIPITATION (INCHES)
RECORD
 MAXIMUM           MM   MM
 MINIMUM           MM   MM
TOTALS           1.26              0.97    0.29     2.06
DAILY AVG.       0.04              0.03    0.01     0.07
DAYS >= .01         9              11.2    -2.2       15
DAYS >= .10         6               3.5     2.5        7
DAYS >= .50         0               0.1    -0.1        0
DAYS >= 1.00        0               0.0     0.0        0
GREATEST
 24 HR. TOTAL    0.25   04/11 TO 04/11           04/24 TO 04/24
                                                          04/05 TO 04/05EATHER         OBSERVED          NORMAL  DEPART  LAST YEAR`S
                                                          04/05 TO 04/05EATHER         OBSERVED          NORMAL  DEPART  LAST YEAR`S
 STORM TOTAL       MM                                 MM
 (MM/DD(HH))            MM                    04/24(00) TO 04/24(00)
                                                 04/05(00) TO 04/05(00)5EATHER         OBSERVED          NORMAL  DEPART  LAST YEAR`S
                                                 04/05(00) TO 04/05(00)5EATHER         OBSERVED          NORMAL  DEPART  LAST YEAR`S

SNOWFALL (INCHES)
RECORDS
 TOTAL             MM   MM
 24 HR TOTAL       MM
 SNOW DEPTH        MM   MM
TOTALS            2.9               3.9    -1.0     10.5
SINCE 7/1        20.9              45.8   -24.9     56.2
SNOWDEPTH AVG.      0                MM      MM        1
DAYS >= TRACE       4               5.6    -1.6        5
DAYS >= 1.0         1               1.6    -0.6
GREATEST
 SNOW DEPTH         2   04/22                         11  04/06
 24 HR TOTAL      1.7   04/22 TO 04/22           04/05 TO 04/05
                                                          04/05 TO 04/05EATHER         OBSERVED          NORMAL  DEPART  LAST YEAR`S
                                                          04/05 TO 04/05EATHER         OBSERVED          NORMAL  DEPART  LAST YEAR`S
 STORM TOTAL       MM                                 MM
 (MM/DD(HH))            MM

DEGREE_DAYS
HEATING TOTAL     853               939     -86      822
 SINCE 7/1       6278              9825   -3547     8443
COOLING TOTAL       0                 0       0        0
 SINCE 1/1          0                 0       0        0

FREEZE DATES
RECORD
 EARLIEST     MM
 LATEST       MM
EARLIEST                        MM
LATEST                          MM
.................................................................

WIND (MPH)
AVERAGE WIND SPEED              7.7
RESULTANT WIND SPEED/DIRECTION   2/067
HIGHEST WIND SPEED/DIRECTION    36/100    DATE  04/11
HIGHEST GUST SPEED/DIRECTION    51/100    DATE  04/11

SKY COVER
POSSIBLE SUNSHINE (PERCENT)   MM
AVERAGE SKY COVER           0.60
NUMBER OF DAYS FAIR            8
NUMBER OF DAYS PC             10
NUMBER OF DAYS CLOUDY         12

AVERAGE RH (PERCENT)     69

WEATHER CONDITIONS. NUMBER OF DAYS WITH
THUNDERSTORM              0  MIXED PRECIP               0
HEAVY RAIN                0  RAIN                       1
LIGHT RAIN               10  FREEZING RAIN              0
LT FREEZING RAIN          0  HAIL                       0
HEAVY SNOW                0  SNOW                       3
LIGHT SNOW                6  SLEET                      0
FOG                      12  FOG W/VIS <= 1/4 MILE      3
HAZE                      3

-  INDICATES NEGATIVE NUMBERS.
R  INDICATES RECORD WAS SET OR TIED.
MM INDICATES DATA IS MISSING.
T  INDICATES TRACE AMOUNT.

$$
