000
CXAK58 PAKN 011348
CLMAKN

CLIMATE REPORT
NATIONAL WEATHER SERVICE ANCHORAGE, AK
513 AM AKDT MON JUL 1 2019

...................................

...THE KING SALMON CLIMATE SUMMARY FOR THE MONTH OF JUNE 2019...

CLIMATE NORMAL PERIOD 1981 TO 2010
CLIMATE RECORD PERIOD 1917 TO 2019

WEATHER         OBSERVED          NORMAL  DEPART  LAST YEAR`S
                 VALUE   DATE(S)  VALUE   FROM    VALUE  DATE(S)
                                          NORMAL
................................................................
TEMPERATURE (F)
RECORD
 HIGH              88   MM
 LOW               30   06/09/2018
HIGHEST            77                MM      MM       75
LOWEST             35                MM      MM       30
AVG. MAXIMUM     67.3              61.0     6.3     63.1
AVG. MINIMUM     44.7              41.9     2.8     42.8
MEAN             56.0              51.5     4.5     53.0
DAYS MAX >= 90      0               0.0     0.0        0
DAYS MAX <= 32      0               0.0     0.0        0
DAYS MIN <= 32      0               0.5    -0.5        1
DAYS MIN <= 0       0               0.0     0.0        0

PRECIPITATION (INCHES)
RECORD
 MAXIMUM           MM   MM
 MINIMUM           MM   MM
TOTALS           1.06              1.65   -0.59     3.10
DAILY AVG.       0.04              0.05   -0.01     0.10
DAYS >= .01        11              14.0    -3.0       16
DAYS >= .10         4               5.4    -1.4        9
DAYS >= .50         0               0.4    -0.4        1
DAYS >= 1.00        0               0.0     0.0        0
GREATEST
 24 HR. TOTAL    0.35   06/03 TO 06/03           06/20 TO 06/20
                                                          06/30 TO 06/30EATHER         OBSERVED          NORMAL  DEPART  LAST YEAR`S
                                                          06/30 TO 06/30EATHER         OBSERVED          NORMAL  DEPART  LAST YEAR`S
 STORM TOTAL       MM                                 MM
 (MM/DD(HH))            MM                    06/20(00) TO 06/20(00)
                                                 06/30(00) TO 06/30(00)0EATHER         OBSERVED          NORMAL  DEPART  LAST YEAR`S
                                                 06/30(00) TO 06/30(00)0EATHER         OBSERVED          NORMAL  DEPART  LAST YEAR`S

SNOWFALL (INCHES)
RECORDS
 TOTAL             MM   MM
 24 HR TOTAL       MM
 SNOW DEPTH        MM   MM
TOTALS             MM                 T      MM      0.0
SINCE 7/1        20.9              46.6   -25.7     56.2
SNOWDEPTH AVG.     MM                MM      MM        0
DAYS >= TRACE       0               0.0     0.0        0
DAYS >= 1.0         0               0.0     0.0
GREATEST
 SNOW DEPTH        MM                                  0  MM
 24 HR TOTAL       MM                            06/30 TO 06/30
                                                          06/30 TO 06/30EATHER         OBSERVED          NORMAL  DEPART  LAST YEAR`S
                                                          06/30 TO 06/30EATHER         OBSERVED          NORMAL  DEPART  LAST YEAR`S
 STORM TOTAL       MM                                 MM
 (MM/DD(HH))            MM

DEGREE_DAYS
HEATING TOTAL     262               407    -145      355
 SINCE 7/1       7096             10878   -3782     9412
COOLING TOTAL       0                 0       0        0
 SINCE 1/1          0                 0       0        0

FREEZE DATES
RECORD
 EARLIEST     MM
 LATEST       MM
EARLIEST      12/02             MM
LATEST        05/15             MM
.................................................................

WIND (MPH)
AVERAGE WIND SPEED              7.1
RESULTANT WIND SPEED/DIRECTION   3/193
HIGHEST WIND SPEED/DIRECTION    24/090    DATE  06/14
HIGHEST GUST SPEED/DIRECTION    35/100    DATE  06/14

SKY COVER
POSSIBLE SUNSHINE (PERCENT)   MM
AVERAGE SKY COVER           0.60
NUMBER OF DAYS FAIR            5
NUMBER OF DAYS PC             11
NUMBER OF DAYS CLOUDY         14

AVERAGE RH (PERCENT)     74

WEATHER CONDITIONS. NUMBER OF DAYS WITH
THUNDERSTORM              1  MIXED PRECIP               0
HEAVY RAIN                1  RAIN                       4
LIGHT RAIN               11  FREEZING RAIN              0
LT FREEZING RAIN          0  HAIL                       0
HEAVY SNOW                0  SNOW                       0
LIGHT SNOW                0  SLEET                      0
FOG                      25  FOG W/VIS <= 1/4 MILE      6
HAZE                      3

-  INDICATES NEGATIVE NUMBERS.
R  INDICATES RECORD WAS SET OR TIED.
MM INDICATES DATA IS MISSING.
T  INDICATES TRACE AMOUNT.

$$
