000
CXUS51 KBUF 011413
CLMART


CLIMATE REPORT
NATIONAL WEATHER SERVICE BUFFALO NY
1010 AM EDT MON JUN 1 2020

...................................

...THE WATERTOWN NY CLIMATE SUMMARY FOR THE MONTH OF MAY 2020...

CLIMATE NORMAL PERIOD 1981 TO 2010
CLIMATE RECORD PERIOD 1949 TO 2020

WEATHER         OBSERVED          NORMAL  DEPART  LAST YEAR`S
                 VALUE   DATE(S)  VALUE   FROM    VALUE  DATE(S)
                                          NORMAL
................................................................
TEMPERATURE (F)
RECORD
 HIGH              91   05/30/2018
 LOW               18   05/07/1966
HIGHEST            88   05/27                         79  05/19
LOWEST             25   05/05                         33  05/18
AVG. MAXIMUM     64.7              65.8    -1.1     62.2
AVG. MINIMUM     40.7              43.4    -2.7     42.6
MEAN             52.7              54.6    -1.9     52.4
DAYS MAX >= 90      0               0.0     0.0        0
DAYS MAX <= 32      0               0.0     0.0        0
DAYS MIN <= 32      8               2.4     5.6        0
DAYS MIN <= 0       0               0.0     0.0        0

PRECIPITATION (INCHES)
RECORD
 MAXIMUM         5.63   2003
 MINIMUM         0.70   1965
TOTALS           1.52              3.07   -1.55     5.33
DAYS >= .01        16              12.4     3.6       17
DAYS >= .10         6               7.7    -1.7       12
DAYS >= .50         0               1.8    -1.8        4
DAYS >= 1.00        0               0.3    -0.3        0
GREATEST
 24 HR. TOTAL    1.12   04/30 TO 05/01

DEGREE_DAYS
HEATING TOTAL     413               333      80      384
 SINCE 7/1       7127              7476    -349     7670
COOLING TOTAL      41                10      31        0
 SINCE 1/1         41                11      30        0
.................................................................

WIND (MPH)
AVERAGE WIND SPEED              7.5
HIGHEST WIND SPEED/DIRECTION    29/280
HIGHEST GUST SPEED/DIRECTION    36/230    DATE  05/10

SKY COVER
POSSIBLE SUNSHINE (PERCENT)   MM
AVERAGE SKY COVER           0.40
NUMBER OF DAYS FAIR           14
NUMBER OF DAYS PC             11
NUMBER OF DAYS CLOUDY          6

AVERAGE RH (PERCENT)     68

WEATHER CONDITIONS. NUMBER OF DAYS WITH
THUNDERSTORM              1     MIXED PRECIP               0
HEAVY RAIN                3     RAIN                       8
LIGHT RAIN               16     FREEZING RAIN              0
LT FREEZING RAIN          0     HAIL                       0
HEAVY SNOW                1     SNOW                       2
LIGHT SNOW                3     SLEET                      0
FOG                      18     FOG W/VIS <= 1/4 MILE      1
HAZE                      6

-  INDICATES NEGATIVE NUMBERS.
R  INDICATES RECORD WAS SET OR TIED.
MM INDICATES DATA IS MISSING.
T  INDICATES TRACE AMOUNT.

$$
