000
CXUS51 KBUF 011435
CLMART


CLIMATE REPORT
NATIONAL WEATHER SERVICE BUFFALO NY
1019 AM EDT MON JUL 1 2019

...................................

...THE WATERTOWN NY CLIMATE SUMMARY FOR THE MONTH OF JUNE 2019...

CLIMATE NORMAL PERIOD 1981 TO 2010
CLIMATE RECORD PERIOD 1949 TO 2019

WEATHER         OBSERVED          NORMAL  DEPART  LAST YEAR`S
                 VALUE   DATE(S)  VALUE   FROM    VALUE  DATE(S)
                                          NORMAL
................................................................
TEMPERATURE (F)
RECORD
 HIGH              95   06/14/1949
 LOW               29   06/05/1964
HIGHEST            84   06/09                         87  06/30
LOWEST             43   06/08                         40  06/22
                        06/04                             06/12
AVG. MAXIMUM     73.1              74.4    -1.3     73.9
AVG. MINIMUM     51.5              52.6    -1.1     51.7
MEAN             62.3              63.5    -1.2     62.8
DAYS MAX >= 90      0               0.3    -0.3        0
DAYS MAX <= 32      0               0.0     0.0        0
DAYS MIN <= 32      0               0.1    -0.1        0
DAYS MIN <= 0       0               0.0     0.0        0

PRECIPITATION (INCHES)
RECORD
 MAXIMUM         6.22   1982
 MINIMUM         0.33   1973
TOTALS           4.96              2.85    2.11     3.16
DAYS >= .01        16              12.2     3.8       11
DAYS >= .10        12               6.7     5.3        7
DAYS >= .50         3               1.6     1.4        3
DAYS >= 1.00        1               0.3     0.7        0
GREATEST
 24 HR. TOTAL    1.52   06/20 TO 06/21

DEGREE_DAYS
HEATING TOTAL     102               107      -5      106
 SINCE 7/1       7772              7583     189     7444
COOLING TOTAL      26                62     -36       47
 SINCE 1/1         26                73     -47       86
.................................................................

WIND (MPH)
AVERAGE WIND SPEED              6.6
HIGHEST WIND SPEED/DIRECTION    31/360
HIGHEST GUST SPEED/DIRECTION    36/360    DATE  06/29

SKY COVER
POSSIBLE SUNSHINE (PERCENT)   MM
AVERAGE SKY COVER           0.40
NUMBER OF DAYS FAIR           13
NUMBER OF DAYS PC             13
NUMBER OF DAYS CLOUDY          4

AVERAGE RH (PERCENT)     75

WEATHER CONDITIONS. NUMBER OF DAYS WITH
THUNDERSTORM              1     MIXED PRECIP               0
HEAVY RAIN                5     RAIN                      12
LIGHT RAIN               15     FREEZING RAIN              0
LT FREEZING RAIN          0     HAIL                       0
HEAVY SNOW                0     SNOW                       0
LIGHT SNOW                0     SLEET                      0
FOG                      22     FOG W/VIS <= 1/4 MILE      2
HAZE                      3

-  INDICATES NEGATIVE NUMBERS.
R  INDICATES RECORD WAS SET OR TIED.
MM INDICATES DATA IS MISSING.
T  INDICATES TRACE AMOUNT.

$$
