731
CXUS51 KBUF 012206
CLMART


CLIMATE REPORT
NATIONAL WEATHER SERVICE BUFFALO NY
556 PM EDT WED MAY 1 2019

...................................

...THE WATERTOWN NY CLIMATE SUMMARY FOR THE MONTH OF APRIL 2019...

CLIMATE NORMAL PERIOD 1981 TO 2010
CLIMATE RECORD PERIOD 1949 TO 2019

WEATHER         OBSERVED          NORMAL  DEPART  LAST YEAR`S
                 VALUE   DATE(S)  VALUE   FROM    VALUE  DATE(S)
                                          NORMAL
................................................................
TEMPERATURE (F)
RECORD
 HIGH              89   04/28/1990
 LOW                6   04/01/1965
HIGHEST            74   04/23                         68  04/24
LOWEST             19   04/05                         17  04/09
                                                          04/02
AVG. MAXIMUM     52.8              54.5    -1.7     46.1
AVG. MINIMUM     33.5              33.2     0.3     28.8
MEAN             43.2              43.9    -0.7     37.5
DAYS MAX >= 90      0               0.0     0.0        0
DAYS MAX <= 32      0               0.3    -0.3        1
DAYS MIN <= 32     12              13.9    -1.9       21
DAYS MIN <= 0       0               0.0     0.0        0

PRECIPITATION (INCHES)
RECORD
 MAXIMUM         5.42   2011
 MINIMUM         0.61   2001
TOTALS           3.04              2.90    0.14     3.31
DAYS >= .01        14              12.8     1.2       16
DAYS >= .10        10               7.2     2.8       10
DAYS >= .50         1               1.6    -0.6        2
DAYS >= 1.00        0               0.5    -0.5        0
GREATEST
 24 HR. TOTAL    0.51   04/19 TO 04/19

DEGREE_DAYS
HEATING TOTAL     648               636      12      818
 SINCE 7/1       7286              7143     143     7118
COOLING TOTAL       0                 1      -1        0
 SINCE 1/1          0                 1      -1        0
.................................................................

WIND (MPH)
AVERAGE WIND SPEED              9.2
HIGHEST WIND SPEED/DIRECTION    33/260    DATE  04/03
HIGHEST GUST SPEED/DIRECTION    47/290    DATE  04/03

SKY COVER
POSSIBLE SUNSHINE (PERCENT)   MM
AVERAGE SKY COVER           0.60
NUMBER OF DAYS FAIR            7
NUMBER OF DAYS PC             15
NUMBER OF DAYS CLOUDY          8

AVERAGE RH (PERCENT)     73

WEATHER CONDITIONS. NUMBER OF DAYS WITH
THUNDERSTORM              0     MIXED PRECIP               0
HEAVY RAIN                5     RAIN                      10
LIGHT RAIN               16     FREEZING RAIN              0
LT FREEZING RAIN          0     HAIL                       0
HEAVY SNOW                0     SNOW                       0
LIGHT SNOW                5     SLEET                      0
FOG                      21     FOG W/VIS <= 1/4 MILE      1
HAZE                      3

-  INDICATES NEGATIVE NUMBERS.
R  INDICATES RECORD WAS SET OR TIED.
MM INDICATES DATA IS MISSING.
T  INDICATES TRACE AMOUNT.

$$
