000
CXUS52 KGSP 011604
CLMAVL

CLIMATE REPORT
NATIONAL WEATHER SERVICE GREENVILLE-SPARTANBURG SC
1204 PM EDT MON JUN 01 2020

...................................

...THE ASHEVILLE NC CLIMATE SUMMARY FOR THE MONTH OF MAY 2020...

CLIMATE NORMAL PERIOD 1981 TO 2010
CLIMATE RECORD PERIOD 1869 TO 2020

WEATHER         OBSERVED          NORMAL  DEPART   LAST YEAR`S
                VALUE   DATE(S)   VALUE   FROM     VALUE DATE(S)
                                          NORMAL
................................................................
TEMPERATURE (F)
RECORD
 HIGH             93   05/19/1996
                       05/22/1941
                       05/21/1941
 LOW              28   05/08/1989
HIGHEST           85   05/03         MM      MM       91  05/30
                                                          05/29
                                                          05/28
LOWEST            32   05/10         MM      MM       44  05/15
AVG. MAXIMUM    71.9               74.8    -2.9     80.6
AVG. MINIMUM    51.6               51.4     0.2     57.7
MEAN            61.8               63.1    -1.3     69.1
DAYS MAX >= 90     0                0.1    -0.1        4
DAYS MAX <= 32     0                0.0     0.0        0
DAYS MIN <= 32     1                0.1     0.9        0
DAYS MIN <= 0      0                0.0     0.0        0

PRECIPITATION (INCHES)
RECORD
 MAXIMUM       14.68   2018
 MINIMUM        0.59   1951
TOTALS          5.80               3.66    2.14     3.35
DAILY AVG.      0.19               0.12    0.07     0.11
DAYS >= .01       12               11.9     0.1        8
DAYS >= .10        8                7.3     0.7        6
DAYS >= .50        2                2.2    -0.2        3
DAYS >= 1.00       2                0.7     1.3        1
GREATEST
 24 HR. TOTAL   2.23   05/18 TO 05/19               1.64  05/10 TO 05/11
 STORM TOTAL    2.17                                  MM
 (MM/DD(HH))            MM

SNOWFALL (INCHES)
RECORDS
 TOTAL             T   1993
 24 HR TOTAL       T   05/13/1993 TO 05/13/1993
 SNOW DEPTH       MM   MM
TOTALS           0.0                0.0     0.0      0.0
 LIQUID EQUIV   0.00               0.00    0.00     0.00
SINCE 7/1        3.0                9.9    -6.9       MM
 LIQUID 7/1     0.30               0.90   -0.60       MM
SNOWDEPTH AVG.     0                                   0
DAYS >= TRACE      0                0.0     0.0        0
DAYS >= 1.0        0                0.0     0.0        0
GREATEST
 SNOW DEPTH        0                                   0  MM
 24 HR TOTAL     0.0                                 0.0  05/31 TO 05/31
 STORM TOTAL     0.0                                  MM
 (MM/DD(HH))            MM

DEGREE DAYS
HEATING TOTAL    148                109      39       25
 SINCE 7/1      3366               4181    -815     3552
COOLING TOTAL     54                 50       4      160
 SINCE 1/1        68                 58      10      177

FREEZE DATES
RECORD
 EARLIEST     MM
 LATEST       MM
EARLIEST                        03/01
LATEST                          04/03
................................................................

WIND (MPH)
AVERAGE WIND SPEED              5.9
HIGHEST WIND SPEED/DIRECTION    35/340    DATE  05/01
HIGHEST GUST SPEED/DIRECTION    46/330    DATE  05/01

SKY COVER
POSSIBLE SUNSHINE (PERCENT)   MM
AVERAGE SKY COVER           0.44
NUMBER OF DAYS FAIR           15
NUMBER OF DAYS PC              8
NUMBER OF DAYS CLOUDY          8

AVERAGE RH (PERCENT)     69

WEATHER CONDITIONS. NUMBER OF DAYS WITH
THUNDERSTORM              4     MIXED PRECIP               0
HEAVY RAIN                5     RAIN                       6
LIGHT RAIN               18     FREEZING RAIN              0
LT FREEZING RAIN          0     HAIL                       0
HEAVY SNOW                0     SNOW                       0
LIGHT SNOW                0     SLEET                      0
FOG                      16     FOG W/VIS <= 1/4 MILE      3
HAZE                      9

-  INDICATES NEGATIVE NUMBERS.
R  INDICATES RECORD WAS SET OR TIED.
MM INDICATES DATA IS MISSING.
T  INDICATES TRACE AMOUNT.

$$

OUTLAW
