000
CXUS52 KGSP 011639
CLMAVL

CLIMATE REPORT
NATIONAL WEATHER SERVICE GREENVILLE-SPARTANBURG SC
1239 PM EDT MON JUL 1 2019

...................................

...THE ASHEVILLE NC CLIMATE SUMMARY FOR THE MONTH OF JUNE 2019...

CLIMATE NORMAL PERIOD 1981 TO 2010
CLIMATE RECORD PERIOD 1869 TO 2019

WEATHER         OBSERVED          NORMAL  DEPART  LAST YEAR`S
                 VALUE   DATE(S)  VALUE   FROM    VALUE  DATE(S)
                                          NORMAL
................................................................
TEMPERATURE (F)
RECORD
 HIGH              98   06/30/2012
                        06/28/1952
                        06/29/1936
 LOW               35   06/02/1966
HIGHEST            88   06/30        MM      MM       91  06/18
LOWEST             50   06/15        MM      MM       54  06/06
                        06/14
AVG. MAXIMUM     81.4              81.3     0.1     85.3
AVG. MINIMUM     61.7              59.6     2.1     64.1
MEAN             71.6              70.5     1.1     74.7
DAYS MAX >= 90      0               1.2    -1.2        1
DAYS MAX <= 32      0               0.0     0.0        0
DAYS MIN <= 32      0               0.0     0.0        0
DAYS MIN <= 0       0               0.0     0.0        0

PRECIPITATION (INCHES)
RECORD
 MAXIMUM        10.73   1989
 MINIMUM         0.80   1964
TOTALS           6.90              4.65    2.25     2.57
DAILY AVG.       0.23              0.16    0.07     0.09
DAYS >= .01        12              12.7    -0.7       10
DAYS >= .10         9               7.7     1.3        6
DAYS >= .50         6               3.1     2.9        2
DAYS >= 1.00        2               1.2     0.8        0
GREATEST
 24 HR. TOTAL    2.52   06/09 TO 06/10           06/26 TO 06/26


 STORM TOTAL       MM                                 MM
 (MM/DD(HH))            MM                    06/26(00) TO 06/26(00)


SNOWFALL (INCHES)
RECORDS
 TOTAL             MM   MM
 24 HR TOTAL       MM
 SNOW DEPTH        MM   MM
TOTALS            0.0               0.0     0.0      0.0
 LIQUID EQUIV    0.00              0.00    0.00     0.00
SINCE 7/1        11.4               9.9     1.5     12.0
 LIQUID 7/1      1.14              1.00    0.14     1.20
SNOWDEPTH AVG.      0                MM      MM        0
DAYS >= TRACE       0               0.0     0.0        0
DAYS >= 1.0         0               0.0     0.0        0
GREATEST
 SNOW DEPTH         0   MM                             0  MM
 24 HR TOTAL      0.0   MM                       06/26 TO 06/26

 STORM TOTAL       MM                                 MM
 (MM/DD(HH))            MM                    06/26(00) TO 06/26(00)


DEGREE_DAYS
COOLING TOTAL     205               177      28      294
 SINCE 1/1        382               235     147      457

FREEZE DATES
RECORD
 EARLIEST     MM
 LATEST       MM
EARLIEST      10/22             MM
LATEST        04/03             MM
.................................................................

WIND (MPH)
AVERAGE WIND SPEED              5.4
HIGHEST WIND SPEED/DIRECTION    30/300    DATE  06/24
HIGHEST GUST SPEED/DIRECTION    45/300    DATE  06/24

SKY COVER
POSSIBLE SUNSHINE (PERCENT)   MM
AVERAGE SKY COVER           0.30
NUMBER OF DAYS FAIR           18
NUMBER OF DAYS PC              8
NUMBER OF DAYS CLOUDY          4

AVERAGE RH (PERCENT)     68

WEATHER CONDITIONS. NUMBER OF DAYS WITH
THUNDERSTORM             11     MIXED PRECIP               0
HEAVY RAIN                9     RAIN                      10
LIGHT RAIN               13     FREEZING RAIN              0
LT FREEZING RAIN          0     HAIL                       0
HEAVY SNOW                0     SNOW                       0
LIGHT SNOW                0     SLEET                      0
FOG                      10     FOG W/VIS <= 1/4 MILE      1
HAZE                      2

-  INDICATES NEGATIVE NUMBERS.
R  INDICATES RECORD WAS SET OR TIED.
MM INDICATES DATA IS MISSING.
T  INDICATES TRACE AMOUNT.

$$

OUTLAW
