103
CXUS52 KGSP 011509 CCA
CLMAVL

CLIMATE REPORT...CORRECTED MAX 24 HR RAIN
NATIONAL WEATHER SERVICE GREENVILLE-SPARTANBURG SC
1101 AM EDT TUE JUN 01 2021

...................................

...THE ASHEVILLE NC CLIMATE SUMMARY FOR THE MONTH OF MAY 2021...

CLIMATE NORMAL PERIOD 1991 TO 2020
CLIMATE RECORD PERIOD 1869 TO 2021

WEATHER         OBSERVED          NORMAL  DEPART   LAST YEAR`S
                VALUE   DATE(S)   VALUE   FROM     VALUE DATE(S)
                                          NORMAL
................................................................
TEMPERATURE (F)
RECORD
 HIGH             93   05/19/1996
                       05/22/1941
                       05/21/1941
 LOW              28   05/08/1989
HIGHEST           88   05/24         MM      MM       85  05/03
                       05/26
LOWEST            38   05/08         MM      MM       32  05/10
AVG. MAXIMUM    74.0               76.3    -2.3     71.9
AVG. MINIMUM    51.3               53.2    -1.9     51.6
MEAN            62.7               64.8    -2.1     61.8
DAYS MAX >= 90     0                0.3    -0.3        0
DAYS MAX <= 32     0                0.0     0.0        0
DAYS MIN <= 32     0                0.1    -0.1        1
DAYS MIN <= 0      0                0.0     0.0        0

PRECIPITATION (INCHES)
RECORD
 MAXIMUM       14.68   2018
 MINIMUM        0.59   1951
TOTALS          3.37               4.13   -0.76     5.80
DAILY AVG.      0.11               0.13   -0.02     0.19
DAYS >= .01        6               11.5    -5.5       12
DAYS >= .10        4                7.3    -3.3        8
DAYS >= .50        2                2.6    -0.6        2
DAYS >= 1.00       1                0.9     0.1        2
GREATEST
 24 HR. TOTAL   1.79   05/03 TO 05/03               2.23  05/18 TO 05/19
 STORM TOTAL    1.79                                2.17
 (MM/DD(HH))            MM

SNOWFALL (INCHES)
RECORDS
 TOTAL             T   1993
 24 HR TOTAL       T   05/13/1993 TO 05/13/1993
 SNOW DEPTH       MM   MM
TOTALS           0.0                0.0     0.0      0.0
 LIQUID EQUIV   0.00               0.00    0.00     0.00
SINCE 7/1        8.0               10.3    -2.3       MM
 LIQUID 7/1     0.80               1.00   -0.20       MM
SNOWDEPTH AVG.     0                                   0
DAYS >= TRACE      0                0.0     0.0        0
DAYS >= 1.0        0                0.0     0.0        0
GREATEST
 SNOW DEPTH        0                                   0  MM
 24 HR TOTAL      MM    MM                           0.0
 STORM TOTAL     0.0                                 0.0
 (MM/DD(HH))            MM

DEGREE DAYS
HEATING TOTAL    114                 84      30      148
 SINCE 7/1      3705               3833    -128       MM
COOLING TOTAL     49                 76     -27       54
 SINCE 1/1        61                 91     -30       MM

FREEZE DATES
RECORD
 EARLIEST     MM
 LATEST       MM
EARLIEST                        11/02
LATEST                          04/03
................................................................

WIND (MPH)
AVERAGE WIND SPEED              5.3
HIGHEST WIND SPEED/DIRECTION    31/330    DATE  05/07
HIGHEST GUST SPEED/DIRECTION    42/350    DATE  05/07

SKY COVER
POSSIBLE SUNSHINE (PERCENT)   MM
AVERAGE SKY COVER           0.40
NUMBER OF DAYS FAIR           17
NUMBER OF DAYS PC             11
NUMBER OF DAYS CLOUDY          3

AVERAGE RH (PERCENT)     69

WEATHER CONDITIONS. NUMBER OF DAYS WITH
THUNDERSTORM              1     MIXED PRECIP               0
HEAVY RAIN                3     RAIN                       4
LIGHT RAIN               11     FREEZING RAIN              0
LT FREEZING RAIN          0     HAIL                       0
HEAVY SNOW                0     SNOW                       0
LIGHT SNOW                0     SLEET                      0
FOG                      11     FOG W/VIS <= 1/4 MILE      3
HAZE                      9

-  INDICATES NEGATIVE NUMBERS.
R  INDICATES RECORD WAS SET OR TIED.
MM INDICATES DATA IS MISSING.
T  INDICATES TRACE AMOUNT.

$$

OUTLAW
