000
CXUS52 KGSP 012128
CLMAVL

CLIMATE REPORT
NATIONAL WEATHER SERVICE GREENVILLE-SPARTANBURG SC
528 PM EDT WED MAY 1 2019

...................................

...THE ASHEVILLE NC CLIMATE SUMMARY FOR THE MONTH OF APRIL 2019...

CLIMATE NORMAL PERIOD 1981 TO 2010
CLIMATE RECORD PERIOD 1869 TO 2019

WEATHER         OBSERVED          NORMAL  DEPART  LAST YEAR`S
                 VALUE   DATE(S)  VALUE   FROM    VALUE  DATE(S)
                                          NORMAL
................................................................
TEMPERATURE (F)
RECORD
 HIGH              90   04/18/1896
 LOW               20   04/07/2007
                        04/05/1944
                        04/01/1923
HIGHEST            84   04/30        MM      MM       86  04/18
                        04/24
                        04/23
LOWEST             30   04/01        MM      MM       31  04/17
                                                          04/08
AVG. MAXIMUM     71.4              67.7     3.7     66.6
AVG. MINIMUM     47.9              42.8     5.1     41.3
MEAN             59.7              55.2     4.5     54.0
DAYS MAX >= 90      0               0.0     0.0        0
DAYS MAX <= 32      0               0.0     0.0        0
DAYS MIN <= 32      2               3.1    -1.1        3
DAYS MIN <= 0       0               0.0     0.0        0

PRECIPITATION (INCHES)
RECORD
 MAXIMUM         8.70   1998
 MINIMUM         0.25   1976
TOTALS           8.97R             3.33    5.64     4.64
DAILY AVG.       0.30              0.11    0.19     0.15
DAYS >= .01        11              10.2     0.8        8
DAYS >= .10         4               6.3    -2.3        7
DAYS >= .50         3               2.5     0.5        3
DAYS >= 1.00        2               0.8     1.2        1
GREATEST
 24 HR. TOTAL    5.29   04/19 TO 04/19           04/15 TO 04/15


 STORM TOTAL       MM                                 MM
 (MM/DD(HH))            MM                    04/15(00) TO 04/15(00)



SNOWFALL (INCHES)
RECORDS
 TOTAL           11.5   1987
 24 HR TOTAL     11.5   04/03/1987 TO 04/03/1987
 SNOW DEPTH        12   04/04/1987
TOTALS            0.0               0.7    -0.7        T
 LIQUID EQUIV    0.00              0.10   -0.10       MM
SINCE 7/1        11.4               9.9     1.5     12.0
 LIQUID 7/1      1.14              1.00    0.14     1.20
SNOWDEPTH AVG.      0                MM      MM        0
DAYS >= TRACE       0               0.3    -0.3        1
DAYS >= 1.0         0               0.2    -0.2        0
GREATEST
 SNOW DEPTH         0   MM                             0  MM
 24 HR TOTAL      0.0   MM                       04/16 TO 04/16


 STORM TOTAL       MM                                 MM
 (MM/DD(HH))            MM                    04/16(00) TO 04/16(00)



DEGREE_DAYS
HEATING TOTAL     169               300    -131      329
 SINCE 7/1       3527              4072    -545     3765
COOLING TOTAL      15                 7       8        4
 SINCE 1/1         17                 8       9        8

FREEZE DATES
RECORD
 EARLIEST     MM
 LATEST       MM
EARLIEST                        MM
LATEST                          MM
.................................................................

WIND (MPH)
AVERAGE WIND SPEED              7.3
HIGHEST WIND SPEED/DIRECTION    35/330    DATE  04/26
HIGHEST GUST SPEED/DIRECTION    47/190    DATE  04/14

SKY COVER
POSSIBLE SUNSHINE (PERCENT)   MM
AVERAGE SKY COVER           0.30
NUMBER OF DAYS FAIR           15
NUMBER OF DAYS PC             12
NUMBER OF DAYS CLOUDY          3

AVERAGE RH (PERCENT)     62

WEATHER CONDITIONS. NUMBER OF DAYS WITH
THUNDERSTORM              5     MIXED PRECIP               0
HEAVY RAIN                4     RAIN                       6
LIGHT RAIN               13     FREEZING RAIN              0
LT FREEZING RAIN          0     HAIL                       0
HEAVY SNOW                0     SNOW                       0
LIGHT SNOW                0     SLEET                      0
FOG                       8     FOG W/VIS <= 1/4 MILE      1
HAZE                      1

-  INDICATES NEGATIVE NUMBERS.
R  INDICATES RECORD WAS SET OR TIED.
MM INDICATES DATA IS MISSING.
T  INDICATES TRACE AMOUNT.

$$

OUTLAW
