000
CXUS51 KBGM 010555
CLMAVP

CLIMATE REPORT
NATIONAL WEATHER SERVICE BINGHAMTON, NY
155 AM EDT TUE JUN 01 2021

...................................

...THE AVOCA PA CLIMATE SUMMARY FOR THE MONTH OF MAY 2021...

CLIMATE NORMAL PERIOD 1991 TO 2020
CLIMATE RECORD PERIOD 1901 TO 2021

WEATHER         OBSERVED          NORMAL  DEPART   LAST YEAR`S
                VALUE   DATE(S)   VALUE   FROM     VALUE DATE(S)
                                          NORMAL
................................................................
TEMPERATURE (F)
RECORD
 HIGH             93   05/26/2020
                       05/30/2006
                       05/18/1962
 LOW              27   05/05/1974
HIGHEST           91   05/26         69      22       93  05/26
LOWEST            35   05/09         48     -13       29  05/09
                       05/13
AVG. MAXIMUM    71.8               72.2    -0.4     70.1
AVG. MINIMUM    48.4               49.6    -1.2     48.4
MEAN            60.1               60.9    -0.8     59.2
DAYS MAX >= 90     2                0.7     1.3        1
DAYS MAX <= 32     0                0.0     0.0        0
DAYS MIN <= 32     0                0.6    -0.6        2
DAYS MIN <= 0      0                0.0     0.0        0

PRECIPITATION (INCHES)
RECORD
 MAXIMUM        8.02   1989
 MINIMUM        0.77   1959
TOTALS          3.91               3.26    0.65     2.14
DAILY AVG.      0.13               0.11    0.02     0.07
DAYS >= .01       15               12.9     2.1       10
DAYS >= .10       10                7.8     2.2        6
DAYS >= .50        2                2.0     0.0        1
DAYS >= 1.00       0                0.4    -0.4        0
GREATEST
 24 HR. TOTAL   1.15   05/28 TO 05/29

SNOWFALL (INCHES)
RECORDS
 TOTAL           2.4   1977
 24 HR TOTAL     2.0   05/09/1977 TO 05/09/1977
TOTALS           0.0                0.0     0.0       MM
SINCE 7/1       53.2               45.1     8.1       MM
DAYS >= TRACE      0                0.0     0.0        2
DAYS >= 1.0        0                0.0     0.0       MM
GREATEST
 24 HR TOTAL     0.0

DEGREE DAYS
HEATING TOTAL    206                177      29      238
 SINCE 7/1      5259               5708    -449     5295
COOLING TOTAL     62                 50      12       67
 SINCE 1/1        67                 58       9       67
................................................................

WIND (MPH)
AVERAGE WIND SPEED              6.3
RESULTANT WIND SPEED/DIRECTION   2/330
HIGHEST WIND SPEED/DIRECTION    25/330    DATE  05/26
HIGHEST GUST SPEED/DIRECTION    35/330    DATE  05/26

SKY COVER
POSSIBLE SUNSHINE (PERCENT)   MM
AVERAGE SKY COVER           0.45
NUMBER OF DAYS FAIR           13
NUMBER OF DAYS PC             11
NUMBER OF DAYS CLOUDY          7

AVERAGE RH (PERCENT)     60

WEATHER CONDITIONS. NUMBER OF DAYS WITH
THUNDERSTORM              2     MIXED PRECIP               0
HEAVY RAIN                6     RAIN                      10
LIGHT RAIN               19     FREEZING RAIN              0
LT FREEZING RAIN          0     HAIL                       0
HEAVY SNOW                0     SNOW                       0
LIGHT SNOW                0     SLEET                      0
FOG                      12     FOG W/VIS <= 1/4 MILE      0
HAZE                      3

-  INDICATES NEGATIVE NUMBERS.
R  INDICATES RECORD WAS SET OR TIED.
MM INDICATES DATA IS MISSING.
T  INDICATES TRACE AMOUNT.

$$
