000
CXUS51 KBGM 121211 CCA
CLMAVP

CLIMATE REPORT...CORRECTED
NATIONAL WEATHER SERVICE BINGHAMTON NY
814 AM EDT FRI JUL 12 2019

...................................

...THE AVOCA PA CLIMATE SUMMARY FOR THE MONTH OF JUNE 2019...

CLIMATE NORMAL PERIOD 1981 TO 2010
CLIMATE RECORD PERIOD 1901 TO 2019

WEATHER         OBSERVED          NORMAL  DEPART  LAST YEAR`S
                 VALUE   DATE(S)  VALUE   FROM    VALUE  DATE(S)
                                          NORMAL
................................................................
TEMPERATURE (F)
RECORD
 HIGH              97   06/30/1964
 LOW               34   06/11/1972
HIGHEST            91   06/28        78      13       93  06/18
LOWEST             41   06/04        57     -16       48  06/12
AVG. MAXIMUM     78.4              77.7     0.7     78.2
AVG. MINIMUM     56.7              56.5     0.2     57.3
MEAN             67.6              67.1     0.5     67.8
DAYS MAX >= 90      1               0.9     0.1        2
DAYS MAX <= 32      0               0.0     0.0        0
DAYS MIN <= 32      0               0.0     0.0        0
DAYS MIN <= 0       0               0.0     0.0        0

PRECIPITATION (INCHES)
RECORD
 MAXIMUM         9.00   2006
 MINIMUM         0.27   1966
TOTALS           5.91              4.03    1.88     2.16
DAILY AVG.       0.20              0.13    0.07     0.07
DAYS >= .01        16              12.8     3.2       13
DAYS >= .10        13               8.0     5.0        6
DAYS >= .50         3               2.4     0.6        1
DAYS >= 1.00        1               0.7     0.3        0
GREATEST
 24 HR. TOTAL    1.69   06/17 TO 06/18

SNOWFALL (INCHES)
RECORDS
 TOTAL            0.0   2007
                        2006
                        2005
 24 HR TOTAL      0.0   MM
TOTALS            0.0               0.0     0.0      0.0
SINCE 7/1        32.5              46.2   -13.7     51.9
DAYS >= TRACE       0               0.0     0.0        0
DAYS >= 1.0         0               0.0     0.0        0
GREATEST
 24 HR TOTAL      0.0   06/30 TO 06/30

DEGREE_DAYS
HEATING TOTAL      32                54     -22       26
 SINCE 7/1       5771              6255    -484     5858
COOLING TOTAL     115               117      -2      118
 SINCE 1/1        165               154      11      203
.................................................................

WIND (MPH)
AVERAGE WIND SPEED              5.6
RESULTANT WIND SPEED/DIRECTION   1/284
HIGHEST WIND SPEED/DIRECTION    28/270    DATE  06/14
HIGHEST GUST SPEED/DIRECTION    34/280    DATE  06/14

SKY COVER
POSSIBLE SUNSHINE (PERCENT)   MM
AVERAGE SKY COVER           0.40
NUMBER OF DAYS FAIR           15
NUMBER OF DAYS PC              9
NUMBER OF DAYS CLOUDY          6

AVERAGE RH (PERCENT)     69

WEATHER CONDITIONS. NUMBER OF DAYS WITH
THUNDERSTORM              3     MIXED PRECIP                0
HEAVY RAIN                8     RAIN                       10
LIGHT RAIN               18     FREEZING RAIN               0
LT FREEZING RAIN          0     HAIL                        0
HEAVY SNOW                0     SNOW                        0
LIGHT SNOW                0     SLEET                       0
FOG                      19     FOG W/VIS <= 1/4 MILE       2
HAZE                      4

-  INDICATES NEGATIVE NUMBERS.
R  INDICATES RECORD WAS SET OR TIED.
MM INDICATES DATA IS MISSING.
T  INDICATES TRACE AMOUNT.

&&
CORRECTED GREATEST 24 HOUR PRECIPITATION
$$
