000
CXUS51 KBGM 011408 CCA
CLMAVP

CLIMATE REPORT
NATIONAL WEATHER SERVICE BINGHAMTON NY
132 AM EDT MON JUN 1 2020

...................................

...THE AVOCA PA CLIMATE SUMMARY FOR THE MONTH OF MAY 2020...

CLIMATE NORMAL PERIOD 1981 TO 2010
CLIMATE RECORD PERIOD 1901 TO 2020

WEATHER         OBSERVED          NORMAL  DEPART  LAST YEAR`S
                 VALUE   DATE(S)  VALUE   FROM    VALUE  DATE(S)
                                          NORMAL
................................................................
TEMPERATURE (F)
RECORD
 HIGH              93   05/26/2020
                        05/30/2006
                        05/18/1962
 LOW               27   05/05/1974
HIGHEST            93R  05/26        69      24       87  05/19
LOWEST             29   05/09        48     -19       40  05/15
                                                          05/14
AVG. MAXIMUM     70.1              69.7     0.4     71.5
AVG. MINIMUM     48.4              47.6     0.8     52.1
MEAN             59.2              58.6     0.6     61.8
DAYS MAX >= 90      1               0.2     0.8        0
DAYS MAX <= 32      0               0.0     0.0        0
DAYS MIN <= 32      2               0.4     1.6        0
DAYS MIN <= 0       0               0.0     0.0        0

PRECIPITATION (INCHES)
RECORD
 MAXIMUM         8.02   1989
 MINIMUM         0.77   1959
TOTALS           2.14              3.52   -1.38     5.52
DAILY AVG.       0.07              0.11   -0.04     0.18
DAYS >= .01        10              13.2    -3.2       19
DAYS >= .10         6               7.7    -1.7       14
DAYS >= .50         1               2.2    -1.2        5
DAYS >= 1.00        0               0.7    -0.7        1
GREATEST
 24 HR. TOTAL    1.02   04/30 TO 05/01

SNOWFALL (INCHES)
RECORDS
 TOTAL            2.4   1977
 24 HR TOTAL      2.0   05/09/1977 TO 05/09/1977
TOTALS              M               0.0     0.0      0.0
SINCE 7/1        21.7              46.2   -24.5     32.5
DAYS >= TRACE       2               0.0       2        0
DAYS >= 1.0         0               0.0     0.0        0
GREATEST
 24 HR TOTAL        M

DEGREE_DAYS
HEATING TOTAL     238               228      10      134
 SINCE 7/1       5295              6201    -906     5739
COOLING TOTAL      67                31      36       43
 SINCE 1/1         67                37      30       50
.................................................................

WIND (MPH)
AVERAGE WIND SPEED              6.8
RESULTANT WIND SPEED/DIRECTION   1/293
HIGHEST WIND SPEED/DIRECTION    30/330    DATE  05/09
HIGHEST GUST SPEED/DIRECTION    40/330    DATE  05/09

SKY COVER
POSSIBLE SUNSHINE (PERCENT)   MM
AVERAGE SKY COVER           0.50
NUMBER OF DAYS FAIR           11
NUMBER OF DAYS PC             14
NUMBER OF DAYS CLOUDY          6

AVERAGE RH (PERCENT)     57

WEATHER CONDITIONS. NUMBER OF DAYS WITH
THUNDERSTORM              2     MIXED PRECIP                0
HEAVY RAIN                3     RAIN                        7
LIGHT RAIN               16     FREEZING RAIN               0
LT FREEZING RAIN          0     HAIL                        0
HEAVY SNOW                0     SNOW                        0
LIGHT SNOW                2     SLEET                       0
FOG                      10     FOG W/VIS <= 1/4 MILE       0
HAZE                      3

-  INDICATES NEGATIVE NUMBERS.
R  INDICATES RECORD WAS SET OR TIED.
MM INDICATES DATA IS MISSING.
T  INDICATES TRACE AMOUNT.

&&
CORRECTED GREATEST 24 HOUR RAINFALL DATES
CORRECTED SNOWFALL AMOUNT AND NUMBER OF DAYS
CORRECTED GREATEST 24 HOUR SNOWFALL
SNOW FELL ON 2 DAYS BUT NOT MEASURED SINCE OBSERVERS OUT OF OFFICE
DUE TO COVID

$$

TAC
