000
CXUS53 KLBF 011126
CLMBBW


CLIMATE REPORT
NATIONAL WEATHER SERVICE NORTH PLATTE
624 AM CDT WED MAY 1 2019

...................................

...THE BROKEN BOW NE CLIMATE SUMMARY FOR THE MONTH OF APRIL 2019...

CLIMATE NORMAL PERIOD 1981 TO 2010
CLIMATE RECORD PERIOD 1894 TO 2019

WEATHER         OBSERVED          NORMAL  DEPART  LAST YEAR`S
                 VALUE   DATE(S)  VALUE   FROM    VALUE  DATE(S)
                                          NORMAL
................................................................
TEMPERATURE (F)
RECORD
 HIGH              99   04/28/1910
 LOW               -5   04/03/1936
HIGHEST            90   04/20        84       6       85  04/30
LOWEST             21   04/14        16       5        7  04/07
AVG. MAXIMUM     63.2              61.4     1.8     55.1
AVG. MINIMUM     34.4              34.2     0.2     27.5
MEAN             48.8              47.8     1.0     41.3
DAYS MAX >= 90      1               0.0     1.0        0
DAYS MAX <= 32      1               0.4     0.6        3
DAYS MIN <= 32     10              11.5    -1.5       22
DAYS MIN <= 0       0               0.0     0.0        0

PRECIPITATION (INCHES)
RECORD
 MAXIMUM         9.35   1906
 MINIMUM         0.00   1895
TOTALS           1.66              2.59   -0.93     1.95
DAILY AVG.       0.06              0.09   -0.03     0.07
DAYS >= .01        12                MM      MM       10
DAYS >= .10         5                MM      MM        5
DAYS >= .50         1                MM      MM        1
DAYS >= 1.00        0                MM      MM        1
GREATEST
 24 HR. TOTAL    0.72   04/30 TO 04/30

SNOWFALL (INCHES)
TOTALS             MM
SINCE 7/1          MM
SNOWDEPTH AVG.     MM
DAYS >= TRACE      MM
DAYS >= 1.0        MM
GREATEST
 SNOW DEPTH        MM

DEGREE_DAYS
HEATING TOTAL     478               517     -39      705
 SINCE 7/1       6788              6380     408     6476
COOLING TOTAL       0                 1      -1        2
 SINCE 1/1          0                 1      -1        2
.................................................................

WIND (MPH)
AVERAGE WIND SPEED              12.0
HIGHEST WIND SPEED/DIRECTION    47/360    DATE  04/10
HIGHEST GUST SPEED/DIRECTION    63/360    DATE  04/10

AVERAGE RH (PERCENT)     66

WEATHER CONDITIONS. NUMBER OF DAYS WITH
THUNDERSTORM              5     MIXED PRECIP               0
HEAVY RAIN                1     RAIN                       2
LIGHT RAIN               12     FREEZING RAIN              0
LT FREEZING RAIN          1     HAIL                       0
HEAVY SNOW                0     SNOW                       0
LIGHT SNOW                5     SLEET                      0
FOG                       9     FOG W/VIS <= 1/4 MILE      3
HAZE                      3

-  INDICATES NEGATIVE NUMBERS.
R  INDICATES RECORD WAS SET OR TIED.
MM INDICATES DATA IS MISSING.
T  INDICATES TRACE AMOUNT.

$$
