000
CXUS53 KLBF 011451
CLMBBW


CLIMATE REPORT
NATIONAL WEATHER SERVICE NORTH PLATTE
947 AM CDT MON JUL 1 2019

...................................

...THE BROKEN BOW NE CLIMATE SUMMARY FOR THE MONTH OF JUNE 2019...

CLIMATE NORMAL PERIOD 1981 TO 2010
CLIMATE RECORD PERIOD 1894 TO 2019

WEATHER         OBSERVED          NORMAL  DEPART  LAST YEAR`S
                 VALUE   DATE(S)  VALUE   FROM    VALUE  DATE(S)
                                          NORMAL
................................................................
TEMPERATURE (F)
RECORD
 HIGH             107   06/15/1946
                        06/23/1937
 LOW               30   06/04/1954
                        06/04/1950
HIGHEST            97   06/29        95       2       97  06/16
                                                          06/14
LOWEST             43   06/10        40       3       47  06/03
AVG. MAXIMUM     80.9              80.7     0.2     84.5
AVG. MINIMUM     57.0              56.4     0.6     61.2
MEAN             68.9              68.5     0.4     72.8
DAYS MAX >= 90      5               4.7     0.3        7
DAYS MAX <= 32      0               0.0     0.0        0
DAYS MIN <= 32      0               0.0     0.0        0
DAYS MIN <= 0       0               0.0     0.0        0

PRECIPITATION (INCHES)
RECORD
 MAXIMUM        10.33   1975
 MINIMUM         0.13   2012
TOTALS           4.28              4.00    0.28     5.27
DAILY AVG.       0.14              0.13    0.01     0.18
DAYS >= .01        14                MM      MM       12
DAYS >= .10         9                MM      MM        9
DAYS >= .50         2                MM      MM        3
DAYS >= 1.00        2                MM      MM        2
GREATEST
 24 HR. TOTAL    1.45   06/17 TO 06/17


SNOWFALL (INCHES)
TOTALS             MM
SINCE 7/1         0.0
SNOWDEPTH AVG.     MM
DAYS >= TRACE      MM
DAYS >= 1.0        MM
GREATEST
 SNOW DEPTH        MM

DEGREE_DAYS
HEATING TOTAL      36                46     -10        4
 SINCE 7/1       7145              6651     494     6583
COOLING TOTAL     163               152      11      246
 SINCE 1/1        184               186      -2      352
.................................................................

WIND (MPH)
AVERAGE WIND SPEED              9.2
HIGHEST WIND SPEED/DIRECTION    39/340    DATE  06/25
HIGHEST GUST SPEED/DIRECTION    58/270    DATE  06/24

AVERAGE RH (PERCENT)     68

WEATHER CONDITIONS. NUMBER OF DAYS WITH
THUNDERSTORM             12     MIXED PRECIP               0
HEAVY RAIN                5     RAIN                       6
LIGHT RAIN               15     FREEZING RAIN              0
LT FREEZING RAIN          0     HAIL                       0
HEAVY SNOW                0     SNOW                       0
LIGHT SNOW                0     SLEET                      0
FOG                       6     FOG W/VIS <= 1/4 MILE      0
HAZE                      0

-  INDICATES NEGATIVE NUMBERS.
R  INDICATES RECORD WAS SET OR TIED.
MM INDICATES DATA IS MISSING.
T  INDICATES TRACE AMOUNT.

$$
