000
CXUS53 KLBF 011517
CLMBBW


CLIMATE REPORT
NATIONAL WEATHER SERVICE NORTH PLATTE
1014 AM CDT MON JUN 1 2020

...................................

...THE BROKEN BOW NE CLIMATE SUMMARY FOR THE MONTH OF MAY 2020...

CLIMATE NORMAL PERIOD 1981 TO 2010
CLIMATE RECORD PERIOD 1894 TO 2020

WEATHER         OBSERVED          NORMAL  DEPART  LAST YEAR`S
                 VALUE   DATE(S)  VALUE   FROM    VALUE  DATE(S)
                                          NORMAL
................................................................
TEMPERATURE (F)
RECORD
 HIGH             110   05/08/1895
 LOW               15   05/03/1954
HIGHEST            87   05/31        87       0       89  05/16
                        05/01
LOWEST             28   05/10        27       1       29  05/10
                                                          05/02
AVG. MAXIMUM     67.8              71.1    -3.3     66.2
AVG. MINIMUM     45.6              46.5    -0.9     43.9
MEAN             56.7              58.8    -2.1     55.1
DAYS MAX >= 90      0               0.5    -0.5        0
DAYS MAX <= 32      0               0.0     0.0        0
DAYS MIN <= 32      1               0.8     0.2        2
DAYS MIN <= 0       0               0.0     0.0        0

PRECIPITATION (INCHES)
RECORD
 MAXIMUM        10.82   2007
 MINIMUM         0.19   2006
TOTALS           5.59              3.90    1.69     7.17
DAILY AVG.       0.18              0.13    0.05     0.23
DAYS >= .01        13                MM      MM       20
DAYS >= .10         7                MM      MM       13
DAYS >= .50         4                MM      MM        6
DAYS >= 1.00        1                MM      MM        1
GREATEST
 24 HR. TOTAL    2.34   05/23 TO 05/23           05/21 TO 05/21


SNOWFALL (INCHES)
TOTALS             MM
SINCE 7/1         0.0
SNOWDEPTH AVG.     MM
DAYS >= TRACE       0
DAYS >= 1.0         0
GREATEST
 SNOW DEPTH        MM

DEGREE_DAYS
HEATING TOTAL     259               225      34      321
 SINCE 7/1       6386              6605    -219     7109
COOLING TOTAL      12                33     -21       21
 SINCE 1/1         12                34     -22       21
.................................................................

WIND (MPH)
AVERAGE WIND SPEED              10.3
HIGHEST WIND SPEED/DIRECTION    56/330    DATE  05/23
HIGHEST GUST SPEED/DIRECTION    86/320    DATE  05/23

AVERAGE RH (PERCENT)     70

WEATHER CONDITIONS. NUMBER OF DAYS WITH
THUNDERSTORM              7     MIXED PRECIP               0
HEAVY RAIN                2     RAIN                       6
LIGHT RAIN               15     FREEZING RAIN              0
LT FREEZING RAIN          0     HAIL                       0
HEAVY SNOW                0     SNOW                       0
LIGHT SNOW                0     SLEET                      0
FOG                      11     FOG W/VIS <= 1/4 MILE      2
HAZE                      2

-  INDICATES NEGATIVE NUMBERS.
R  INDICATES RECORD WAS SET OR TIED.
MM INDICATES DATA IS MISSING.
T  INDICATES TRACE AMOUNT.

$$
