890
CXUS51 KGYX 042036
CLMCON

PWMCLMCON 000
TTAA00 KGYX 031440


CLIMATE REPORT
NATIONAL WEATHER SERVICE GRAY ME
436 PM EDT THU JUL 4 2019

...................................

...THE CONCORD NH CLIMATE SUMMARY FOR THE MONTH OF JUNE 2019...

CLIMATE NORMAL PERIOD 1981 TO 2010
CLIMATE RECORD PERIOD 1868 TO 2019

WEATHER         OBSERVED          NORMAL  DEPART  LAST YEAR`S
                 VALUE   DATE(S)  VALUE   FROM    VALUE  DATE(S)
                                          NORMAL
................................................................
TEMPERATURE (F)
RECORD
 HIGH             101   06/04/1919
 LOW               30   06/12/1972
HIGHEST            89   06/28        91      -2       93  06/30
LOWEST             38   06/04        38       0       42  06/26
AVG. MAXIMUM     76.5              77.4    -0.9     78.0
AVG. MINIMUM     52.0              52.5    -0.5     51.3
MEAN             64.2              64.9    -0.7     64.7
DAYS MAX >= 90      0               2.1    -2.1        3
DAYS MAX <= 32      0               0.0     0.0        0
DAYS MIN <= 32      0               0.1    -0.1        0
DAYS MIN <= 0       0               0.0     0.0        0

PRECIPITATION (INCHES)
RECORD
 MAXIMUM        10.10   1944
 MINIMUM         0.10   1913
TOTALS           4.07              3.69    0.38     2.86
DAILY AVG.       0.14              0.12    0.02     0.10
DAYS >= .01        12              12.7    -0.7       10
DAYS >= .10         9               7.6     1.4        6
DAYS >= .50         3               2.4     0.6        2
DAYS >= 1.00        0               0.8    -0.8        1
GREATEST
 24 HR. TOTAL    0.93   06/29 TO 06/30

SNOWFALL (INCHES)
RECORDS
 TOTAL            0.0
TOTALS            0.0               0.0     0.0      0.0
SINCE 7/1        52.8              61.4    -8.6     87.9
SNOWDEPTH AVG.      0
DAYS >= TRACE       0               0.0     0.0        0
DAYS >= 1.0         0               0.0     0.0        0
GREATEST
 SNOW DEPTH         0
 24 HR TOTAL      0.0

DEGREE_DAYS
HEATING TOTAL      71                85     -14       70
 SINCE 7/1       7218              7235     -17     6693
COOLING TOTAL      52                84     -32       69
 SINCE 1/1         66               102     -36      106
.................................................................

WIND (MPH)
AVERAGE WIND SPEED              5.2
HIGHEST WIND SPEED/DIRECTION    29/330    DATE  06/11
HIGHEST GUST SPEED/DIRECTION    38/310    DATE  06/29

SKY COVER
AVERAGE SKY COVER           0.40

AVERAGE RH (PERCENT)     69


-  INDICATES NEGATIVE NUMBERS.
R  INDICATES RECORD WAS SET OR TIED.
MM INDICATES DATA IS MISSING.
T  INDICATES TRACE AMOUNT.

&&

JUNE CONTINUED THE SPRING TREND OF FREQUENTLY COOL, CLOUDY, AND WET
WEATHER. AN ACTIVE JET STREAM BROUGHT FREQUENT STORM SYSTEMS INTO
THE REGION EACH WITH ANOTHER ROUND OF RAINFALL. BY THE END OF JUNE
MORE SUMMER-LIKE TEMPERATURES BECAME MORE COMMON WITH THE
TEMPERATURE REACHING 80 DEGREES OR HIGHER ON 6 OF THE LAST 8 DAYS OF
THE MONTH.

THE AVERAGE TEMPERATURE FOR THE MONTH WAS 64.2 DEGREES WHICH WAS 0.7
DEGREES BELOW NORMAL. THE COOLEST JUNE WAS IN 1903 WHEN THE AVERAGE
TEMPERATURE WAS ONLY 58.8 DEGREES. THE WARMEST WAS IN 1876 WHEN IT
WAS 70.3 DEGREES.

A TOTAL OF 4.07 INCHES OF RAIN FELL WHICH WAS 0.38 INCHES ABOVE
NORMAL. THE HEAVIEST RAIN FELL ON JUNE 29 WHEN A THUNDERSTORM
BROUGHT 0.92 INCHES OF RAIN. THE WETTEST JUNE ON RECORD WAS IN 1944
WHEN 10.10 INCHES FELL. THE DRIEST WAS IN 1913 WHEN ONLY 0.10 INCHES
WAS RECORDED.

NO DAILY RECORDS WERE SET OR TIED IN JUNE 2019.

$$

KIMBLE
