000
CXUS55 KPUB 031935
CLMCOS

CLIMATE REPORT
NATIONAL WEATHER SERVICE PUEBLO
418 PM MDT THU MAY 2 2019

...................................

...THE COLORADO SPRINGS CO CLIMATE SUMMARY FOR THE MONTH OF APRIL 2019...

CLIMATE NORMAL PERIOD 1981 TO 2010
CLIMATE RECORD PERIOD 1872 TO 2019

WEATHER         OBSERVED          NORMAL  DEPART  LAST YEAR`S
                 VALUE   DATE(S)  VALUE   FROM    VALUE  DATE(S)
                                          NORMAL
................................................................
TEMPERATURE (F)
RECORD
 HIGH              87   04/30/1992
 LOW               -3   04/10/1959
HIGHEST            79   04/28        63      16       79  04/29
LOWEST             19   04/11        28      -9       19  04/07
AVG. MAXIMUM     63.3              59.8     3.5     61.4
AVG. MINIMUM     35.6              33.3     2.3     31.9
MEAN             49.5              46.5     3.0     46.6
DAYS MAX >= 90      0               0.0     0.0
DAYS MAX <= 32      0               0.5    -0.5
DAYS MIN <= 32     11              12.7    -1.7
DAYS MIN <= 0       0               0.0     0.0

PRECIPITATION (INCHES)
RECORD
 MAXIMUM         7.50   1999
 MINIMUM         0.01   1964
TOTALS           1.04              1.42   -0.38     1.08
DAILY AVG.       0.03              0.05   -0.02
DAYS >= .01         6               8.3    -2.3
DAYS >= .10         3               3.5    -0.5
DAYS >= .50         0               0.6    -0.6
DAYS >= 1.00        0               0.1    -0.1
GREATEST
 24 HR. TOTAL    0.48   04/12 TO 04/13              0.80

SNOWFALL (INCHES)
RECORDS
 TOTAL           42.7   1957
TOTALS            5.4               4.9     0.5      5.3
SINCE 7/1        31.1              37.0    -5.9     21.6
SNOWDEPTH AVG.      0
DAYS >= 1.0         2               1.4     0.6
GREATEST
 SNOW DEPTH         2   04/30                          4
 24 HR TOTAL      3.3   04/29 TO 04/30               4.2

DEGREE_DAYS
HEATING TOTAL     459               554     -95      543
 SINCE 7/1       5686              5922    -236     5210
COOLING TOTAL       0                 1      -1        0
 SINCE 1/1          0                 1      -1        0
.................................................................

WIND (MPH)
AVERAGE WIND SPEED              10.1
HIGHEST WIND SPEED/DIRECTION    43/340    DATE  04/10
HIGHEST GUST SPEED/DIRECTION    55/340    DATE  04/10

SKY COVER
POSSIBLE SUNSHINE (PERCENT)   MM
AVERAGE SKY COVER           0.60
NUMBER OF DAYS FAIR            2
NUMBER OF DAYS PC             20
NUMBER OF DAYS CLOUDY          8

AVERAGE RH (PERCENT)     49

WEATHER CONDITIONS. NUMBER OF DAYS WITH
THUNDERSTORM              2     MIXED PRECIP               3
HEAVY RAIN                0     RAIN                       3
LIGHT RAIN               11     FREEZING RAIN              0
LT FREEZING RAIN          1     HAIL                       0
HEAVY SNOW                1     SNOW                       3
LIGHT SNOW                6     SLEET                      0
FOG                       8     FOG W/VIS <= 1/4 MILE      3
HAZE                      6

-  INDICATES NEGATIVE NUMBERS.
R  INDICATES RECORD WAS SET OR TIED.
MM INDICATES DATA IS MISSING.
T  INDICATES TRACE AMOUNT.

$$
