000
CXUS55 KPUB 011530
CLMCOS


CLIMATE REPORT
NATIONAL WEATHER SERVICE PUEBLO
922 AM MDT MON JUL 1 2019

...................................

...THE COLORADO SPRINGS CO CLIMATE SUMMARY FOR THE MONTH OF JUNE 2019...

CLIMATE NORMAL PERIOD 1981 TO 2010
CLIMATE RECORD PERIOD 1872 TO 2019

WEATHER         OBSERVED          NORMAL  DEPART  LAST YEAR`S
                 VALUE   DATE(S)  VALUE   FROM    VALUE  DATE(S)
                                          NORMAL
................................................................
TEMPERATURE (F)
RECORD
 HIGH             101   06/21/2016
                        06/26/2012
                        54/01/2206
 LOW               30   06/02/1919
                        06/02/1917
HIGHEST            95   06/28        83      12      100  06/28
LOWEST             41   06/24        46      -5       48  06/03
                                                          06/04
                                                          06/25
AVG. MAXIMUM     79.1              79.0     0.1     87.1
AVG. MINIMUM     49.7              51.3    -1.6     55.1
MEAN             64.4              65.1    -0.7     71.1
DAYS MAX >= 90      5               3.0     2.0
DAYS MAX <= 32      0               0.0     0.0
DAYS MIN <= 32      0               0.0     0.0
DAYS MIN <= 0       0               0.0     0.0

PRECIPITATION (INCHES)
RECORD
 MAXIMUM         8.00   1965
 MINIMUM         0.10   1888
TOTALS           1.97              2.50   -0.53     1.43
DAILY AVG.       0.07              0.08   -0.01
DAYS >= .01        11              10.2     0.8
DAYS >= .10         6               4.8     1.2
DAYS >= .50         1               1.6    -0.6
DAYS >= 1.00        0               0.5    -0.5
GREATEST
 24 HR. TOTAL    0.71   06/05 TO 06/05              0.63

SNOWFALL (INCHES)
RECORDS
 TOTAL            2.0   1917
TOTALS              T               0.0     0.0        T
SINCE 7/1        36.2              37.7    -1.5     21.6
SNOWDEPTH AVG.      0
DAYS >= 1.0         0               0.0     0.0
GREATEST
 SNOW DEPTH         0   MM                             0
 24 HR TOTAL        T   06/05 TO 06/05                 T

DEGREE_DAYS
HEATING TOTAL      77                79      -2       10
 SINCE 7/1       6173              6292    -119     5330
COOLING TOTAL      65                83     -18      197
 SINCE 1/1         66                93     -27      227
.................................................................

WIND (MPH)
AVERAGE WIND SPEED              9.6
HIGHEST WIND SPEED/DIRECTION    39/350    DATE  06/29
HIGHEST GUST SPEED/DIRECTION    53/130    DATE  06/04

SKY COVER
POSSIBLE SUNSHINE (PERCENT)   MM
AVERAGE SKY COVER           0.50
NUMBER OF DAYS FAIR            2
NUMBER OF DAYS PC             25
NUMBER OF DAYS CLOUDY          3

AVERAGE RH (PERCENT)     49

WEATHER CONDITIONS. NUMBER OF DAYS WITH
THUNDERSTORM             16     MIXED PRECIP                0
HEAVY RAIN                5     RAIN                        7
LIGHT RAIN               20     FREEZING RAIN               0
LT FREEZING RAIN          0     HAIL                        1
HEAVY SNOW                0     SNOW                        0
LIGHT SNOW                0     SLEET                       0
FOG                       0     FOG W/VIS <= 1/4 MILE       0
HAZE                      0

-  INDICATES NEGATIVE NUMBERS.
R  INDICATES RECORD WAS SET OR TIED.
MM INDICATES DATA IS MISSING.
T  INDICATES TRACE AMOUNT.

$$
