000
CXUS55 KPUB 011517
CLMCOS

CLIMATE REPORT
NATIONAL WEATHER SERVICE
917 AM MDT FRI MAY 01 2020

...................................

...THE COLORADO SPRINGS CO CLIMATE SUMMARY FOR THE MONTH OF APRIL 2020...

CLIMATE NORMAL PERIOD: 1981 TO 2010
CLIMATE RECORD PERIOD: 1872 TO 2020

WEATHER         OBSERVED          NORMAL  DEPART   LAST YEAR`S
                VALUE   DATE(S)   VALUE   FROM     VALUE DATE(S)
                                          NORMAL
................................................................
TEMPERATURE (F)
RECORD
 HIGH             87   04/30/1992
 LOW              -3   04/10/1959
HIGHEST           85   04/30         63      22       79  04/28
LOWEST             7   04/14         28     -21       19  04/11
AVG. MAXIMUM    61.7               59.8     1.9     63.3
AVG. MINIMUM    32.7               33.3    -0.6     35.6
MEAN            47.2               46.5     0.7     49.6
DAYS MAX >= 90     0                0.0     0.0
DAYS MAX <= 32     1                0.5     0.5
DAYS MIN <= 32    11               12.7    -1.7
DAYS MIN <= 0      0                0.0     0.0

PRECIPITATION (INCHES)
RECORD
 MAXIMUM        7.50   1999
 MINIMUM        0.01   1964
TOTALS          0.86               1.42   -0.56     1.04
DAILY AVG.      0.03               0.05   -0.02
DAYS >= .01        6                8.3    -2.3
DAYS >= .10        3                3.5    -0.5
DAYS >= .50        0                0.6    -0.6
DAYS >= 1.00       0                0.1    -0.1
GREATEST
 24 HR. TOTAL   0.45   04/21 TO 04/21               0.48

SNOWFALL (INCHES)
RECORDS
 TOTAL          42.7   1957
TOTALS           9.4                4.9     4.5      5.4
SINCE 7/1       56.4               37.0    19.4       MM
SNOWDEPTH AVG.     0
DAYS >= 1.0        3                1.4     1.6
GREATEST
 SNOW DEPTH        5   04/03                           2
 24 HR TOTAL     4.8   04/02 TO 04/03                2.9

DEGREE DAYS
HEATING TOTAL    526                554     -28      459
 SINCE 7/1      5605               5921    -316     5686
COOLING TOTAL      0                  1      -1        0
 SINCE 1/1         0                  1      -1        0
................................................................

WIND (MPH)
AVERAGE WIND SPEED              9.5
HIGHEST WIND SPEED/DIRECTION    46/340    DATE  04/12
HIGHEST GUST SPEED/DIRECTION    63/330    DATE  04/12

SKY COVER
POSSIBLE SUNSHINE (PERCENT)   MM
AVERAGE SKY COVER           0.56
NUMBER OF DAYS FAIR            5
NUMBER OF DAYS PC             19
NUMBER OF DAYS CLOUDY          6

AVERAGE RH (PERCENT)     46

WEATHER CONDITIONS. NUMBER OF DAYS WITH
THUNDERSTORM              2     MIXED PRECIP               0
HEAVY RAIN                1     RAIN                       1
LIGHT RAIN                7     FREEZING RAIN              0
LT FREEZING RAIN          0     HAIL                       0
HEAVY SNOW                2     SNOW                       4
LIGHT SNOW                6     SLEET                      0
FOG                       3     FOG W/VIS <= 1/4 MILE      2
HAZE                      3

-  INDICATES NEGATIVE NUMBERS.
R  INDICATES RECORD WAS SET OR TIED.
MM INDICATES DATA IS MISSING.
T  INDICATES TRACE AMOUNT.

$$
