000
CXUS53 KDMX 011144
CLMDSM

CLIMATE REPORT
NATIONAL WEATHER SERVICE DES MOINES IA
640 AM CDT MON JUL 1 2019

...................................

...THE DES MOINES IA CLIMATE SUMMARY FOR THE MONTH OF JUNE 2019...

CLIMATE NORMAL PERIOD 1981 TO 2010
CLIMATE RECORD PERIOD 1878 TO 2019

WEATHER         OBSERVED          NORMAL  DEPART  LAST YEAR`S
                 VALUE   DATE(S)  VALUE   FROM    VALUE  DATE(S)
                                          NORMAL
................................................................
TEMPERATURE (F)
RECORD
 HIGH             103   06/21/1988
                        06/26/1934
                        06/23/1934
 LOW               37   06/01/1889
HIGHEST            94   06/29        94       0       MM  MM
LOWEST             48   06/13        49      -1       MM  MM
AVG. MAXIMUM     81.5              81.6    -0.1       MM
AVG. MINIMUM     62.5              62.0     0.5       MM
MEAN             72.0              71.8     0.2       MM
DAYS MAX >= 90      3               3.2    -0.2       MM
DAYS MAX <= 32      0               0.0     0.0       MM
DAYS MIN <= 32      0               0.0     0.0       MM
DAYS MIN <= 0       0               0.0     0.0       MM

PRECIPITATION (INCHES)
RECORD
 MAXIMUM        15.79   1881
 MINIMUM         0.23   1933
TOTALS           4.61              4.94   -0.33       MM
DAILY AVG.       0.15              0.16   -0.01       MM
DAYS >= .01        12              11.5     0.5       MM
DAYS >= .10         5               7.5    -2.5       MM
DAYS >= .50         3               3.3    -0.3       MM
DAYS >= 1.00        1               1.4    -0.4       MM

SNOWFALL (INCHES)
RECORDS
 TOTAL             MM   5
TOTALS            0.0               0.0     0.0       MM
SINCE 7/1        48.8              35.3    13.5       MM
SNOWDEPTH AVG.      0                MM      MM       MM
DAYS >= 1.0         0               0.0     0.0       MM
GREATEST
 SNOW DEPTH         0   MM                            MM  MM
 24 HR TOTAL      0.0   06/30 TO 06/30

DEGREE_DAYS
HEATING TOTAL       3                17     -14       MM
 SINCE 7/1       6739              6202     537       MM
COOLING TOTAL     220               221      -1       MM
 SINCE 1/1        276               297     -21       MM
.................................................................

WIND (MPH)
AVERAGE WIND SPEED              7.9
HIGHEST WIND SPEED/DIRECTION    45/300    DATE  06/15
HIGHEST GUST SPEED/DIRECTION    69/320    DATE  06/15

SKY COVER
POSSIBLE SUNSHINE (PERCENT)   MM
AVERAGE SKY COVER           0.60
NUMBER OF DAYS FAIR            5
NUMBER OF DAYS PC             15
NUMBER OF DAYS CLOUDY         10

AVERAGE RH (PERCENT)     66

WEATHER CONDITIONS. NUMBER OF DAYS WITH
  0
  3
  0
  0
  0
  0
  2
HAZE                      1

-  INDICATES NEGATIVE NUMBERS.
R  INDICATES RECORD WAS SET OR TIED.
MM INDICATES DATA IS MISSING.
T  INDICATES TRACE AMOUNT.

$$
