000
CXUS56 KOTX 011916 CCA
CLMEAT

CLIMATE REPORT
NATIONAL WEATHER SERVICE SPOKANE, WA
1203 PM PDT MON JUN 1 2020

...................................

...THE WENATCHEE WA PANGBORN FIELD CLIMATE SUMMARY FOR THE MONTH OF MAY 2020...

CLIMATE NORMAL PERIOD 1981 TO 2010
CLIMATE RECORD PERIOD 1959 TO 2020

WEATHER         OBSERVED          NORMAL  DEPART  LAST YEAR`S
                 VALUE   DATE(S)  VALUE   FROM    VALUE  DATE(S)
                                          NORMAL
................................................................
TEMPERATURE (F)
RECORD
 HIGH             103   05/31/1986
 LOW               32   05/12/1985
HIGHEST            91   05/29        MM      MM       88  05/31
LOWEST             37   05/04        MM      MM       39  05/01
AVG. MAXIMUM     71.7              71.1     0.6     74.7
AVG. MINIMUM     48.9              48.4     0.5     52.0
MEAN             60.3              59.8     0.5     63.4
DAYS MAX >= 90      1               1.0     0.0        0
DAYS MAX <= 32      0               0.0     0.0        0
DAYS MIN <= 32      0               0.0     0.0        0
DAYS MIN <= 0       0               0.0     0.0        0

PRECIPITATION (INCHES)
RECORD
 MAXIMUM         2.02   1998
 MINIMUM         0.00   2003
TOTALS           0.80              0.68    0.12     0.62
DAILY AVG.       0.03              0.02    0.01     0.02
DAYS >= .01         8               5.5     2.5        6
DAYS >= .10         4               2.0     2.0        3
DAYS >= .50         0               0.2    -0.2        0
DAYS >= 1.00        0               0.0     0.0        0
GREATEST
 24 HR. TOTAL    0.14   05/19 TO 05/19              0.21

DEGREE_DAYS
HEATING TOTAL     166               198     -32      102
 SINCE 7/1       5642              5714     -72     5965
COOLING TOTAL      27               109     -82       60
 SINCE 1/1         27               147    -120       60
.................................................................

WIND (MPH)
AVERAGE WIND SPEED              9.5
HIGHEST WIND SPEED/DIRECTION    40/300    DATE  05/20
HIGHEST GUST SPEED/DIRECTION    52/290    DATE  05/20

SKY COVER
POSSIBLE SUNSHINE (PERCENT)   MM
AVERAGE SKY COVER           0.30
NUMBER OF DAYS FAIR           19
NUMBER OF DAYS PC             11
NUMBER OF DAYS CLOUDY          1

AVERAGE RH (PERCENT)     48

WEATHER CONDITIONS. NUMBER OF DAYS WITH
THUNDERSTORM              3     MIXED PRECIP               0
HEAVY RAIN                0     RAIN                       2
LIGHT RAIN               12     FREEZING RAIN              0
LT FREEZING RAIN          0     HAIL                       0
HEAVY SNOW                0     SNOW                       0
LIGHT SNOW                0     SLEET                      0
FOG                       1     FOG W/VIS <= 1/4 MILE      0
HAZE                      0

-  INDICATES NEGATIVE NUMBERS.
R  INDICATES RECORD WAS SET OR TIED.
MM INDICATES DATA IS MISSING.
T  INDICATES TRACE AMOUNT.

$$

MAY 2020 BROUGHT NEAR TO ABOVE NORMAL PRECIPITATION ACROSS MOST OF
NORTH CENTRAL WASHINGTON ALONG WITH SLIGHTLY ABOVE NORMAL
TEMPERATURES. FOR EPHRATA IT WAS THE 3RD WETTEST MAY ON RECORD. THE
MONTH WAS ACTIVE WITH SEVERAL ROUNDS OF RAIN, THUNDERSTORMS, AS WELL
AS GUSTY WINDS. A STRONG COLD FRONT ON THE 2ND BROUGHT BLOWING DUST
TO THE COLUMBIA BASIN WITH LOW VISIBILITY. A WALL OF DUST WAS
REPORTED IN EPHRATA AND VISIBILITY A DRY APRIL AND RECENTLY PLOWED
FIELDS LIKELY CONTRIBUTED TO THE DUST.  YET ANOTHER STRONG COLD
FRONT ARRIVE ON THE 6TH. A TREE WAS BLOWN DOWN IN WENATCHEE AND
DAMAGED A MINI VAN. WIND GUSTS INCLUDE 55 MPH VANTAGE, 53 MPH
MATTAWA, 50 MPH DOUGLAS, AND 47 MPH WENATCHEE AIRPORT. A BAND OF
MODERATE RAIN BROUGHT MUCH NEEDED RAIN TO THE COLUMBIA BASIN WITH
0.65 INCHES IN GRAND COULEE, AND 0.42 INCHES MOSES LAKE.  EVEN
HIGHER AMOUNTS WERE OBSERVED NORTH OF THE BASIN IN THE OKANOGAN
HIGHLANDS WITH AROUND AN INCH FOR REPUBLIC, WHICH FELL AS HEAVY SNOW
UP ON SHERMAN PASS.  A SLOW MOVING LOW PRESSURE SYSTEM THEN IMPACTED
THE REGION FROM THE 17TH THROUGH THE 20TH. ON THE 19TH ISOLATED
THUNDERSTORM PRODUCED HEAVY RAIN BETWEEN WATERVILLE AND WENATCHEE
WITH A REPORT OF A ROCK SLIDE ON HIGHWAY 2 IN PINE CANYON.
THE 20TH WAS AN EXTREME CASE OF CONTRASTING WEATHER BETWEEN CENTRAL AND
EASTERN WASHINGTON. WHILE EASTERN WA AND NORTH IDAHO RECEIVED MODERATE
TO HEAVY RAIN, WINDY AND DRY CONDITIONS WAS THE RULE IN CENTRAL WA.
WENATCHEE WAS ONE OF THE WINDIEST SPOTS WITH A PEAK WIND GUST OF 52
MPH.

TEMPERATURES THEN WARMED WITH HIGHS IN THE 80S FROM THE 26TH THROUGH
THE 30TH EXCEPT ON THE 29TH WHEN WENATCHEE HIT 91F.  THIS WARMTH
ENDED AS A LOW PRESSURE SYSTEM BROUGHT SHOWERS AND THUNDERSTORMS ON
THE 30TH. IN ADDITION TO THE THUNDERSTORMS A STRONG COLD FRONT
BROUGHT ISOLATED DAMAGING WINDS IN CENTRAL WASHINGTON WITH VANTAGE
AND MATTAWA HARDEST HIT. IN VANTAGE SEVERAL TREES WERE BLOWN DOWN
ALONG WITH BROKEN WINDOWS AND SHINGLED RIPPED OFF ROOFS. THERE WAS
AN OFFICIAL REPORTED WIND GUST OF 97 MPH. IN MATTAWA A PEAK WIND OF
68 MPH WAS RECORDED.

NO RECORDS WERE SET DURING THE MONTH AT THE WENATCHEE AIRPORT.
