000
CXUS56 KOTX 011602 CCA
CLMEAT

CLIMATE REPORT
NATIONAL WEATHER SERVICE SPOKANE, WA
415 AM PDT MON JUL 1 2019

...................................

...THE WENATCHEE WA PANGBORN FIELD CLIMATE SUMMARY FOR THE MONTH OF JUNE 2019...

CLIMATE NORMAL PERIOD 1981 TO 2010
CLIMATE RECORD PERIOD 1959 TO 2019

WEATHER         OBSERVED          NORMAL  DEPART  LAST YEAR`S
                 VALUE   DATE(S)  VALUE   FROM    VALUE  DATE(S)
                                          NORMAL
................................................................
TEMPERATURE (F)
RECORD
 HIGH             109   06/28/2015
 LOW               38   06/03/1976
HIGHEST            95   06/13        MM      MM       91  06/21
LOWEST             47   06/07        MM      MM       45  06/12
AVG. MAXIMUM     80.0              78.3     1.7     78.6
AVG. MINIMUM     56.1              55.1     1.0     54.5
MEAN             68.0              66.7     1.3     66.6
DAYS MAX >= 90      6               2.9     3.1        1
DAYS MAX <= 32      0               0.0     0.0        0
DAYS MIN <= 32      0               0.0     0.0        0
DAYS MIN <= 0       0               0.0     0.0        0

PRECIPITATION (INCHES)
RECORD
 MAXIMUM         1.87   1972
 MINIMUM         0.01   1999
TOTALS           0.43              0.60   -0.17     0.12
DAILY AVG.       0.01              0.02   -0.01     0.00
DAYS >= .01         5               4.4     0.6        3
DAYS >= .10         2               1.9     0.1        0
DAYS >= .50         0               0.2    -0.2        0
DAYS >= 1.00        0               0.0     0.0        0
GREATEST
 24 HR. TOTAL    0.22   06/28 TO 06/28              0.09

DEGREE_DAYS
HEATING TOTAL      38                58     -20       40
 SINCE 7/1       6003              5772     231     5637
COOLING TOTAL     138               292    -154       93
 SINCE 1/1        198               439    -241      188
.................................................................

WIND (MPH)
AVERAGE WIND SPEED              11.3
HIGHEST WIND SPEED/DIRECTION    41/300    DATE  06/23
HIGHEST GUST SPEED/DIRECTION    49/310    DATE  06/23

SKY COVER
POSSIBLE SUNSHINE (PERCENT)   MM
AVERAGE SKY COVER           0.10
NUMBER OF DAYS FAIR           27
NUMBER OF DAYS PC              3
NUMBER OF DAYS CLOUDY          0

AVERAGE RH (PERCENT)     41

WEATHER CONDITIONS. NUMBER OF DAYS WITH
THUNDERSTORM              3     MIXED PRECIP               0
HEAVY RAIN                1     RAIN                       1
LIGHT RAIN                6     FREEZING RAIN              0
LT FREEZING RAIN          0     HAIL                       0
HEAVY SNOW                0     SNOW                       0
LIGHT SNOW                0     SLEET                      0
FOG                       0     FOG W/VIS <= 1/4 MILE      0
HAZE                      1

-  INDICATES NEGATIVE NUMBERS.
R  INDICATES RECORD WAS SET OR TIED.
MM INDICATES DATA IS MISSING.
T  INDICATES TRACE AMOUNT.

$$

JUNE 2019 FINISHED WARMER AND DRIER THAN NORMAL OVER MOST OF
NORTH CENTRAL WASHINGTON. THE EXCEPTION WAS CENTRAL AND NORTHERN
CHELAN COUNTY WHICH WAS WETTER THAN NORMAL. WHILE MOST OF THE MONTH
WAS FREE OF WILDFIRE SMOKE THERE WAS ONE EXCEPTION. ON THE 3RD AND
4TH THE 243 COMMAND FIRE SOUTH OF VANTAGE BURNED TOWARDS ROYAL CITY
CONSUMING AROUND 20,000 ACRES. THIS WIND DRIVEN FIRE BURNED THREE
OUTBUILDINGS. THE REMAINDER OF THE MONTH SAW SEVERAL AROUNDS OF
ISOLATED THUNDERSTORMS WHICH PRODUCED LOCALLY HEAVY RAIN. THE
MAJORITY OF THESE STORMS FORMED OVER THE MOUNTAINS BUT A FEW
IMPACTED THE LOWER ELEVATIONS AS WELL. ON THE 26TH AND 27TH A
STRONGER WEATHER SYSTEM BROUGHT SCATTERED THUNDERSTORMS. ON THE 26TH
MOSES LAKE REPORTED A 50 MPH WIND GUSTS FROM A THUNDERSTORM ALONG
WITH NEARLY A HALF INCH OF RAIN IN ONE HOUR. ON THE 27TH
THUNDERSTORMS IMPACTED AREAS FROM WENATCHEE NORTH TO THE METHOW
VALLEY WITH EVEN A FUNNEL CLOUD NEAR WATERVILLE.  IN WENATCHEE
MANHOLE COVERS WERE BLOWN OFF WITH UP TO A FOOT OF WATER COMING OUT
OF THE SEWERS. ENTIAT RECORDED 1.44 INCHES OF RAIN DURING THIS WET
SPELL WITH 1.48 INCHES IN STEHEKIN.

WENATCHEE TIED A RECORD HIGH ON THE 13TH WITH A HIGH TEMPERATURE OF
95 DEGREES.
