594
CXUS51 KRLX 031200
CLMEKN


CLIMATE REPORT
NATIONAL WEATHER SERVICE CHARLESTON WV
759 AM EDT WED JUL 3 2019

...................................

...THE ELKINS WV CLIMATE SUMMARY FOR THE MONTH OF JUNE 2019...

CLIMATE NORMAL PERIOD 1981 TO 2010
CLIMATE RECORD PERIOD 1899 TO 2019

WEATHER         OBSERVED          NORMAL  DEPART  LAST YEAR`S
                 VALUE   DATE(S)  VALUE   FROM    VALUE
                                          NORMAL
.............................................................
TEMPERATURE (F)
RECORD
 HIGH              96   06/29/2012
 LOW                0   06/30/2012
HIGHEST            88   06/27                         89
LOWEST             41   06/04                         45
AVG. MAXIMUM     78.1              77.9     0.2     79.5
AVG. MINIMUM     56.2              54.6     1.6     58.2
MEAN             67.2              66.3     0.9     68.8
DAYS MAX >= 90      0               0.2    -0.2        0
DAYS MAX <= 32      0               0.0     0.0
DAYS MIN <= 32      0               0.0     0.0        0
DAYS MIN <= 0       0               0.0     0.0        0

PRECIPITATION (INCHES)
RECORD
 MAXIMUM        10.05   1998
 MINIMUM         1.11   2005
TOTALS           5.54              4.40    1.14     6.40
DAILY AVG.       0.18              0.15    0.03     0.21
DAYS >= .01        15              14.8     0.2       14
DAYS >= .10         9               9.2    -0.2       12
DAYS >= .50         4               3.1     0.9        3
DAYS >= 1.00        1               0.9     0.1        2
GREATEST
 24 HR. TOTAL    1.80   06/24 TO 06/24

SNOWFALL (INCHES)
RECORDS
 TOTAL             MM   MM
 24 HR TOTAL       MM
 SNOW DEPTH        MM   MM
TOTALS            0.0               0.0     0.0      0.0
SINCE 7/1        35.0              83.5   -48.5     65.1
SNOWDEPTH AVG.      0
DAYS >= TRACE       0               0.0     0.0        0
DAYS >= 1.0         0               0.0     0.0        0
GREATEST
 24 HR TOTAL      0.0   06/30 TO 06/30

DEGREE_DAYS
HEATING TOTAL      39                55     -16       21
 SINCE 7/1       5094              5852    -758     5497
COOLING TOTAL     113                92      21      144
 SINCE 1/1        196               115      81      262
..............................................................

WIND (MPH)
AVERAGE WIND SPEED              4.4
HIGHEST WIND SPEED/DIRECTION    31/260    DATE  06/13
HIGHEST GUST SPEED/DIRECTION    43/260    DATE  06/13

SKY COVER
POSSIBLE SUNSHINE (PERCENT)   MM
AVERAGE SKY COVER           0.40
NUMBER OF DAYS FAIR           10
NUMBER OF DAYS PC             17
NUMBER OF DAYS CLOUDY          3

AVERAGE RH (PERCENT)     70

-  INDICATES NEGATIVE NUMBERS.
R  INDICATES RECORD WAS SET OR TIED.
MM INDICATES DATA IS MISSING.
T  INDICATES TRACE AMOUNT.

$$
