000
CXUS51 KRLX 070401
CLMEKN


CLIMATE REPORT
NATIONAL WEATHER SERVICE CHARLESTON WV
1200 AM EDT TUE MAY 7 2019

...................................

...THE ELKINS WV CLIMATE SUMMARY FOR THE MONTH OF APRIL 2019...

CLIMATE NORMAL PERIOD 1981 TO 2010
CLIMATE RECORD PERIOD 1899 TO 2019

WEATHER         OBSERVED          NORMAL  DEPART  LAST YEAR`S
                 VALUE   DATE(S)  VALUE   FROM    VALUE
                                          NORMAL
.............................................................
TEMPERATURE (F)
RECORD
 HIGH              90   04/24/1925
 LOW                3   04/10/1985
HIGHEST            83   04/18                         86
LOWEST             22   04/01                         20
AVG. MAXIMUM     68.3              62.8     5.5     58.9
AVG. MINIMUM     41.5              36.6     4.9     34.0
MEAN             54.9              49.7     5.2     46.4
DAYS MAX >= 90      0               0.0     0.0        0
DAYS MAX <= 32      0               0.2    -0.2
DAYS MIN <= 32      5              10.2    -5.2       15
DAYS MIN <= 0       0               0.0     0.0        0

PRECIPITATION (INCHES)
RECORD
 MAXIMUM         7.25   1927
 MINIMUM         1.02   1971
TOTALS           4.11              3.80    0.31     4.93
DAILY AVG.       0.14              0.13    0.01     0.16
DAYS >= .01        14              15.2    -1.2       14
DAYS >= .10        10               9.3     0.7        9
DAYS >= .50         4               2.3     1.7        2
DAYS >= 1.00        0               0.5    -0.5        1
GREATEST
 24 HR. TOTAL    0.88   04/14 TO 04/14

SNOWFALL (INCHES)
RECORDS
 TOTAL           24.8   1987
 24 HR TOTAL     16.0   04/08/1902 TO 04/08/1902
 SNOW DEPTH        17   04/28/1928
TOTALS              T               5.5    -5.5      2.1
SINCE 7/1        35.0              83.5   -48.5     65.0
SNOWDEPTH AVG.      0
DAYS >= TRACE       1               3.4    -2.4        6
DAYS >= 1.0         0               1.6    -1.6        2
GREATEST
 24 HR TOTAL        T   04/15 TO 04/15

DEGREE_DAYS
HEATING TOTAL     298               462    -164      550
 SINCE 7/1       4975              5563    -588     5430
COOLING TOTAL       3                 3       0        1
 SINCE 1/1          3                 3       0        1
..............................................................

WIND (MPH)
AVERAGE WIND SPEED              6.0
HIGHEST WIND SPEED/DIRECTION    30/290    DATE  04/26
HIGHEST GUST SPEED/DIRECTION    43/180    DATE  04/14

SKY COVER
POSSIBLE SUNSHINE (PERCENT)   MM
AVERAGE SKY COVER           0.50
NUMBER OF DAYS FAIR           10
NUMBER OF DAYS PC             13
NUMBER OF DAYS CLOUDY          7

AVERAGE RH (PERCENT)     62

WEATHER CONDITIONS. NUMBER OF DAYS WITH
  0
  9
  0
  0
  0
  0
  3
HAZE                      3

-  INDICATES NEGATIVE NUMBERS.
R  INDICATES RECORD WAS SET OR TIED.
MM INDICATES DATA IS MISSING.
T  INDICATES TRACE AMOUNT.

$$
