622
CXUS55 KLKN 012121 CCA
CLMEKO

CLIMATE REPORT
NATIONAL WEATHER SERVICE ELKO NV
220 PM PDT MON JUL 1 2019

...................................

...THE ELKO AIRPORT NV CLIMATE SUMMARY FOR THE MONTH OF JUNE 2019...

CLIMATE NORMAL PERIOD 1981 TO 2010
CLIMATE RECORD PERIOD 1888 TO 2019

WEATHER         OBSERVED          NORMAL  DEPART  LAST YEAR`S
                 VALUE   DATE(S)  VALUE   FROM    VALUE  DATE(S)
                                          NORMAL
................................................................
TEMPERATURE (F)
RECORD
 HIGH             104   06/30/2013
                        06/24/1981
                        54/01/2206
 LOW               12   06/06/1914
HIGHEST            88   06/30        93      -5       98  06/27
LOWEST             34   06/08        32       2       36  06/11
                                                          06/10
AVG. MAXIMUM     80.0              80.0     0.0     84.2
AVG. MINIMUM     45.3              44.4     0.9     45.4
MEAN             62.7              62.2     0.5     64.8
DAYS MAX >= 90      0               4.1    -4.1        4
DAYS MAX <= 32      0               0.0     0.0        0
DAYS MIN <= 32      0               1.0    -1.0        0
DAYS MIN <= 0       0               0.0     0.0        0

PRECIPITATION (INCHES)
RECORD
 MAXIMUM         4.08   1913
 MINIMUM         0.00   1924
                        1919
TOTALS           0.01              0.65   -0.64     0.05
DAILY AVG.       0.00              0.02   -0.02     0.00
DAYS >= .01         1               4.8    -3.8        1
DAYS >= .10         0               2.2    -2.2        0
DAYS >= .50         0               0.1    -0.1        0
DAYS >= 1.00        0               0.0     0.0        0
GREATEST
 24 HR. TOTAL    0.10   05/31 TO 06/01              0.16

SNOWFALL (INCHES)
RECORDS
 TOTAL            1.7   1914
TOTALS            0.0               0.0     0.0      0.0
SINCE 7/1        54.5              41.3    13.2     28.2
SNOWDEPTH AVG.      0                                  0
DAYS >= TRACE       0               0.0     0.0        0
DAYS >= 1.0         0               0.0     0.0        0
GREATEST
 SNOW DEPTH         0   MM                             0
 24 HR TOTAL      0.0   06/30 TO 06/30               0.0

DEGREE_DAYS
HEATING TOTAL      98               131     -33       62
 SINCE 7/1       6799              7066    -267     6362
COOLING TOTAL      37                47     -10       65
 SINCE 1/1         37                51     -14       66
.................................................................

WIND (MPH)
AVERAGE WIND SPEED              5.6
HIGHEST WIND SPEED/DIRECTION    37/250    DATE  06/06
HIGHEST GUST SPEED/DIRECTION    44/250    DATE  06/06

AVERAGE RH (PERCENT)     47

WEATHER CONDITIONS. NUMBER OF DAYS WITH
THUNDERSTORM              8     MIXED PRECIP               0
HEAVY RAIN                0     RAIN                       0
LIGHT RAIN                2     FREEZING RAIN              0
LT FREEZING RAIN          0     HAIL                       0
HEAVY SNOW                0     SNOW                       0
LIGHT SNOW                0     SLEET                      0
FOG                       2     FOG W/VIS <= 1/4 MILE      1
HAZE                      2

-  INDICATES NEGATIVE NUMBERS.
R  INDICATES RECORD WAS SET OR TIED.
MM INDICATES DATA IS MISSING.
T  INDICATES TRACE AMOUNT.

$$
=====================================================================
...JUNE IN ELKO WAS NEAR AVERAGE TEMPERATURE...
...9TH DRIEST JUNE WITH BELOW NORMAL PRECIPITATION...

THE AVERAGE TEMPERATURE IN ELKO DURING JUNE 2019 WAS 62.7 DEGREES...
WHICH IS 0.5 DEGREES ABOVE THE 1981-2010 CLIMATOLOGICAL NORMAL OF
62.2 DEGREES. THIS MAKES JUNE 2019 SLIGHTLY WARM BUT NEAR NORMAL.
THE TOTAL PRECIPITATION WAS 0.01 INCHES... WHICH IS 0.64 INCHES
BELOW THE 1981-2010 CLIMATOLOGICAL NORMAL OF 0.65 INCHES. THIS
MAKES JUNE 2019 THE 9TH DRIEST ON RECORD, AT 2 PERCENT OF NORMAL
PRECIPITATION.

$$
DTK
