000
CXUS51 KOKX 022237
CLMEWR

CLIMATE REPORT
NATIONAL WEATHER SERVICE NEW YORK NY
622 PM EDT TUE JUN 2 2020

...................................

...THE NEWARK NJ CLIMATE SUMMARY FOR THE MONTH OF MAY 2020...

CLIMATE NORMAL PERIOD 1981 TO 2010
CLIMATE RECORD PERIOD 1893 TO 2020

WEATHER         OBSERVED          NORMAL  DEPART  LAST YEAR`S
                 VALUE   DATE(S)  VALUE   FROM    VALUE  DATE(S)
                                          NORMAL
................................................................
TEMPERATURE (F)
RECORD
 HIGH              99   05/20/1996
 LOW               33   05/09/1947
HIGHEST            86   05/29        MM      MM       90  05/26
                        05/15
LOWEST             34   05/09        MM      MM       43  05/13
AVG. MAXIMUM     70.4              72.1    -1.7     72.0
AVG. MINIMUM     51.3              53.3    -2.0     55.1
MEAN             60.8              62.7    -1.9     63.5
DAYS MAX >= 90      0               1.2    -1.2        1
DAYS MAX <= 32      0               0.0     0.0        0
DAYS MIN <= 32      0               0.0     0.0        0
DAYS MIN <= 0       0               0.0     0.0        0

PRECIPITATION (INCHES)
RECORD
 MAXIMUM        10.22   1984
 MINIMUM         0.52   1964
TOTALS           1.66              4.09   -2.43     7.31
DAILY AVG.       0.05              0.13   -0.08     0.24
DAYS >= .01         9              11.3    -2.3       20
DAYS >= .10         4               7.3    -3.3       11
DAYS >= .50         1               2.9    -1.9        7
DAYS >= 1.00        0               1.1    -1.1        2
GREATEST
 24 HR. TOTAL    0.79   05/23 TO 05/23           05/05 TO 05/05
                                                          05/31 TO 05/31EATHER         OBSERVED          NORMAL  DEPART  LAST YEAR`S
                                                          05/31 TO 05/31EATHER         OBSERVED          NORMAL  DEPART  LAST YEAR`S
 STORM TOTAL       MM                                 MM
 (MM/DD(HH))            MM                    05/05(00) TO 05/05(00)
                                                 05/31(00) TO 05/31(00)1EATHER         OBSERVED          NORMAL  DEPART  LAST YEAR`S
                                                 05/31(00) TO 05/31(00)1EATHER         OBSERVED          NORMAL  DEPART  LAST YEAR`S

SNOWFALL (INCHES)
TOTALS              TR              0.0     0.0      0.0
 LIQUID EQUIV      MM              0.00      MM     0.00
SINCE 7/1         6.9              28.5   -21.6     22.0
 LIQUID 7/1      0.69              2.80   -2.11     2.20
SNOWDEPTH AVG.      0                MM      MM        0
DAYS >= TRACE       1               0.0     1.0        0
DAYS >= 1.0         0               0.0     0.0        0
GREATEST
 SNOW DEPTH         0   MM                             0  MM
 24 HR TOTAL        T   05/09 TO 05/09           05/31 TO 05/31
                                                          05/31 TO 05/31EATHER         OBSERVED          NORMAL  DEPART  LAST YEAR`S
                                                          05/31 TO 05/31EATHER         OBSERVED          NORMAL  DEPART  LAST YEAR`S
 STORM TOTAL       MM                                 MM
 (MM/DD(HH))            MM                    05/31(00) TO 05/31(00)
                                                 05/31(00) TO 05/31(00)1EATHER         OBSERVED          NORMAL  DEPART  LAST YEAR`S
                                                 05/31(00) TO 05/31(00)1EATHER         OBSERVED          NORMAL  DEPART  LAST YEAR`S

DEGREE_DAYS
HEATING TOTAL     174               135      39      107
 SINCE 7/1       4334              4855    -521     4701
COOLING TOTAL      50                64     -14       70
 SINCE 1/1         50                76     -26       85
.................................................................

WIND (MPH)
AVERAGE WIND SPEED              10.0
HIGHEST WIND SPEED/DIRECTION    36/270    DATE  05/11
HIGHEST GUST SPEED/DIRECTION    45/260    DATE  05/11


WEATHER CONDITIONS. NUMBER OF DAYS WITH
THUNDERSTORM              1     MIXED PRECIP               0
HEAVY RAIN                1     RAIN                       3
LIGHT RAIN               18     FREEZING RAIN              0
LT FREEZING RAIN          0     HAIL                       0
HEAVY SNOW                0     SNOW                       1
LIGHT SNOW                0     SLEET                      0
FOG                      11     FOG W/VIS <= 1/4 MILE      2
HAZE                      3

-  INDICATES NEGATIVE NUMBERS.
R  INDICATES RECORD WAS SET OR TIED.
MM INDICATES DATA IS MISSING.
T  INDICATES TRACE AMOUNT.

$$
