074
CXUS51 KOKX 011531 RRA
CLMEWR

CLIMATE REPORT
NATIONAL WEATHER SERVICE NEW YORK NY
1129 AM EDT WED MAY 1 2019



...THE NEWARK NJ CLIMATE SUMMARY FOR THE MONTH OF APRIL 2019...

CLIMATE NORMAL PERIOD 1981 TO 2010
CLIMATE RECORD PERIOD 1929 TO 2019

WEATHER         OBSERVED          NORMAL  DEPART  LAST YEAR`S
                 VALUE   DATE(S)  VALUE   FROM    VALUE  DATE(S)
                                          NORMAL
................................................................
TEMPERATURE (F)
RECORD
 HIGH              97   04/17/2002
 LOW               16   04/07/1982
HIGHEST            80   04/19        MM      MM       84  04/13
                        04/08
LOWEST             32   04/01        MM      MM       31  04/09
                                                          04/08
AVG. MAXIMUM     64.1              62.0     2.1     58.1
AVG. MINIMUM     46.7              43.7     3.0     40.7
MEAN             55.4              52.8     2.6     49.4
DAYS MAX >= 90      0               0.2    -0.2        0
DAYS MAX <= 32      0               0.0     0.0        0
DAYS MIN <= 32      1               1.4    -0.4        4
DAYS MIN <= 0       0               0.0     0.0        0

PRECIPITATION (INCHES)
RECORD
 MAXIMUM        11.85   2007
 MINIMUM         0.90   1963
TOTALS           3.77              4.20   -0.43     5.85
DAILY AVG.       0.13              0.14   -0.01     0.19
DAYS >= .01        16              11.5     4.5       14
DAYS >= .10         7               6.8     0.2        8
DAYS >= .50         4               2.6     1.4        3
DAYS >= 1.00        1               1.1    -0.1        1
GREATEST
 24 HR. TOTAL    1.00   04/15 TO 04/15           04/16 TO 04/16
                                                          04/02 TO 04/02EATHER         OBSERVED          NORMAL  DEPART  LAST YEAR`S
                                                          04/02 TO 04/02EATHER         OBSERVED          NORMAL  DEPART  LAST YEAR`S
 STORM TOTAL       MM                                 MM
 (MM/DD(HH))            MM                    04/16(00) TO 04/16(00)
                                                 04/02(00) TO 04/02(00)2EATHER         OBSERVED          NORMAL  DEPART  LAST YEAR`S
                                                 04/02(00) TO 04/02(00)2EATHER         OBSERVED          NORMAL  DEPART  LAST YEAR`S

SNOWFALL (INCHES)
TOTALS            0.0               0.9    -0.9      5.0
 LIQUID EQUIV    0.00              0.10   -0.10     0.50
SINCE 7/1        22.0              28.5    -6.5     39.4
 LIQUID 7/1      2.20              2.80   -0.60     3.94
SNOWDEPTH AVG.      0                MM      MM        0
DAYS >= TRACE       0               0.4    -0.4        1
DAYS >= 1.0         0               0.2    -0.2        1
GREATEST
 SNOW DEPTH         0   MM                             4  04/02
 24 HR TOTAL      0.0   04/30 TO 04/30           04/02 TO 04/02
                                                          04/02 TO 04/02EATHER         OBSERVED          NORMAL  DEPART  LAST YEAR`S
                                                          04/02 TO 04/02EATHER         OBSERVED          NORMAL  DEPART  LAST YEAR`S
 STORM TOTAL       MM                                 MM
 (MM/DD(HH))            MM                    04/02(00) TO 04/02(00)
                                                 04/02(00) TO 04/02(00)2EATHER         OBSERVED          NORMAL  DEPART  LAST YEAR`S
                                                 04/02(00) TO 04/02(00)2EATHER         OBSERVED          NORMAL  DEPART  LAST YEAR`S

DEGREE_DAYS
HEATING TOTAL     296               376     -80      466
 SINCE 7/1       4594              4720    -126     4549
COOLING TOTAL      15                11       4        6
 SINCE 1/1         15                12       3        9
.................................................................

WIND (MPH)
AVERAGE WIND SPEED              10.2
HIGHEST WIND SPEED/DIRECTION    38/280    DATE  04/15
HIGHEST GUST SPEED/DIRECTION    52/270    DATE  04/27


WEATHER CONDITIONS. NUMBER OF DAYS WITH
THUNDERSTORM              3     MIXED PRECIP               0
HEAVY RAIN                4     RAIN                       7
LIGHT RAIN               24     FREEZING RAIN              0
LT FREEZING RAIN          0     HAIL                       0
HEAVY SNOW                0     SNOW                       0
LIGHT SNOW                0     SLEET                      0
FOG                      15     FOG W/VIS <= 1/4 MILE      1
HAZE                      4

-  INDICATES NEGATIVE NUMBERS.
R  INDICATES RECORD WAS SET OR TIED.
MM INDICATES DATA IS MISSING.
T  INDICATES TRACE AMOUNT.

$$
