000
CXUS51 KOKX 011422
CLMEWR

CLIMATE REPORT
NATIONAL WEATHER SERVICE NEW YORK NY
1019 AM EDT MON JUL 1 2019



...THE NEWARK NJ CLIMATE SUMMARY FOR THE MONTH OF JUNE 2019...

CLIMATE NORMAL PERIOD 1981 TO 2010
CLIMATE RECORD PERIOD 1929 TO 2019

WEATHER         OBSERVED          NORMAL  DEPART  LAST YEAR`S
                 VALUE   DATE(S)  VALUE   FROM    VALUE  DATE(S)
                                          NORMAL
................................................................
TEMPERATURE (F)
RECORD
 HIGH             102   06/09/2011
                        06/19/1994
                        06/26/1952
 LOW               41   06/01/1938
HIGHEST            93   06/29        MM      MM       96  06/30
                                                          06/18
LOWEST             52   06/04        MM      MM       52  06/04
                                                          06/03
AVG. MAXIMUM     81.3              81.5    -0.2     81.5
AVG. MINIMUM     64.1              63.3     0.8     62.6
MEAN             72.7              72.4     0.3     72.1
DAYS MAX >= 90      4               4.6    -0.6        5
DAYS MAX <= 32      0               0.0     0.0        0
DAYS MIN <= 32      0               0.0     0.0        0
DAYS MIN <= 0       0               0.0     0.0        0

PRECIPITATION (INCHES)
RECORD
 MAXIMUM        11.51   1903
 MINIMUM         0.07   1949
TOTALS           6.00              4.02    1.98     1.87
DAILY AVG.       0.20              0.13    0.07     0.06
DAYS >= .01        12              11.0     1.0       14
DAYS >= .10        11               6.6     4.4        8
DAYS >= .50         6               2.7     3.3        1
DAYS >= 1.00        1               1.2    -0.2        0
GREATEST
 24 HR. TOTAL    1.23   06/18 TO 06/18           06/28 TO 06/28
                                                          06/30 TO 06/30EATHER         OBSERVED          NORMAL  DEPART  LAST YEAR`S
                                                          06/30 TO 06/30EATHER         OBSERVED          NORMAL  DEPART  LAST YEAR`S
 STORM TOTAL       MM                                 MM
 (MM/DD(HH))            MM                    06/28(00) TO 06/28(00)
                                                 06/30(00) TO 06/30(00)0EATHER         OBSERVED          NORMAL  DEPART  LAST YEAR`S
                                                 06/30(00) TO 06/30(00)0EATHER         OBSERVED          NORMAL  DEPART  LAST YEAR`S

DEGREE_DAYS
HEATING TOTAL       4                17     -13        9
 SINCE 7/1       4705              4872    -167     4615
COOLING TOTAL     242               239       3      228
 SINCE 1/1        327               315      12      359
.................................................................

WIND (MPH)
AVERAGE WIND SPEED              9.2
HIGHEST WIND SPEED/DIRECTION    46/250    DATE  06/29
HIGHEST GUST SPEED/DIRECTION    54/240    DATE  06/29


WEATHER CONDITIONS. NUMBER OF DAYS WITH
THUNDERSTORM              5     MIXED PRECIP               0
HEAVY RAIN               11     RAIN                       8
LIGHT RAIN               15     FREEZING RAIN              0
LT FREEZING RAIN          0     HAIL                       0
HEAVY SNOW                0     SNOW                       0
LIGHT SNOW                0     SLEET                      0
FOG                      12     FOG W/VIS <= 1/4 MILE      1
HAZE                      1

-  INDICATES NEGATIVE NUMBERS.
R  INDICATES RECORD WAS SET OR TIED.
MM INDICATES DATA IS MISSING.
T  INDICATES TRACE AMOUNT.

$$
