000
CXUS55 KFGZ 011822
CLMFLG


CLIMATE REPORT
NATIONAL WEATHER SERVICE FLAGSTAFF, AZ
1120 AM MST WED MAY 1 2019

...................................

...THE FLAGSTAFF AZ AIRPORT CLIMATE SUMMARY FOR THE MONTH OF APRIL 2019...

CLIMATE NORMAL PERIOD 1981 TO 2010
CLIMATE RECORD PERIOD 1898 TO 2019

WEATHER         OBSERVED          NORMAL  DEPART  LAST YEAR`S
                 VALUE   DATE(S)  VALUE   FROM    VALUE  DATE(S)
                                          NORMAL
................................................................
TEMPERATURE (F)
RECORD
 HIGH              80   04/28/1992
                        04/07/1989
 LOW               -2   04/02/1975
HIGHEST            74   04/19                         75  04/26
LOWEST             19   04/01                         21  04/19
AVG. MAXIMUM     61.8              58.2     3.6     64.4
AVG. MINIMUM     29.8              28.5     1.3     31.3
MEAN             45.8              43.3     2.5     47.8
DAYS MAX >= 90      0               0.0     0.0        0
DAYS MAX <= 32      0               0.3    -0.3        0
DAYS MIN <= 32     20              22.8    -2.8       16
DAYS MIN <= 0       0               0.0     0.0        0

PRECIPITATION (INCHES)
RECORD
 MAXIMUM         5.62   1965
 MINIMUM            T   1991
TOTALS           0.66              1.15   -0.49     0.06
DAILY AVG.       0.02              0.04   -0.02     0.00
DAYS >= .01         5               5.8    -0.8        1
DAYS >= .10         1               2.9    -1.9        0
DAYS >= .50         1               0.7     0.3        0
DAYS >= 1.00        0               0.1    -0.1        0
GREATEST
 24 HR. TOTAL    0.50   04/29 TO 04/29              0.06

SNOWFALL (INCHES)
RECORDS
 TOTAL           58.3   1965
TOTALS              T               7.1                T
SINCE 7/1       117.2             101.0    16.2     37.4
SNOWDEPTH AVG.      0                MM      MM        0
GREATEST
 SNOW DEPTH         0   MM                             0  MM
 24 HR TOTAL        T   04/12 TO 04/12                 T

DEGREE_DAYS
HEATING TOTAL     569               649     -80      509
 SINCE 7/1       6290              6356     -66     5485
COOLING TOTAL       0                 0       0        0
 SINCE 1/1          0                 0       0        0
.................................................................

WIND (MPH)
AVERAGE WIND SPEED              8.0
HIGHEST WIND SPEED/DIRECTION    39/210    DATE  04/09
HIGHEST GUST SPEED/DIRECTION    51/220    DATE  04/09

SKY COVER
POSSIBLE SUNSHINE (PERCENT)   MM
AVERAGE SKY COVER           0.20
NUMBER OF DAYS FAIR           20
NUMBER OF DAYS PC              8
NUMBER OF DAYS CLOUDY          1

AVERAGE RH (PERCENT)     50

     1

-  INDICATES NEGATIVE NUMBERS.
R  INDICATES RECORD WAS SET OR TIED.
MM INDICATES DATA IS MISSING.
T  INDICATES TRACE AMOUNT.

$$
