000
CXUS55 KGGW 011540
CLMGGW

CLIMATE REPORT
NATIONAL WEATHER SERVICE GLASGOW MT
656 AM MDT MON JUL 1 2019

...................................

...THE GLASGOW CLIMATE SUMMARY FOR THE MONTH OF JUNE 2019...

CLIMATE NORMAL PERIOD 1981 TO 2010
CLIMATE RECORD PERIOD 1893 TO 2019

WEATHER         OBSERVED          NORMAL  DEPART  LAST YEAR`S
                 VALUE   DATE(S)  VALUE   FROM    VALUE  DATE(S)
                                          NORMAL
................................................................
TEMPERATURE (F)
RECORD
 HIGH             110   06/17/1933
 LOW               24   06/02/1919
HIGHEST            95   06/06                         93  06/09
                        06/03
LOWEST             40   06/09                         47  06/15
                                                          06/13
                                                          06/11
AVG. MAXIMUM     78.7              76.7     2.0     80.0
AVG. MINIMUM     52.6              51.3     1.3     54.2
MEAN             65.6              64.0     1.6     67.1
DAYS MAX >= 90      4                                  4
DAYS MAX <= 32      0                                  0
DAYS MIN <= 32      0                                  0
DAYS MIN <= 0       0                                  0

PRECIPITATION (INCHES)
RECORD
 MAXIMUM        10.29   1923
 MINIMUM         0.07   1903
TOTALS           2.90              2.33    0.57     1.62
DAILY AVG.       0.10              0.08    0.02     0.05
DAYS >= .01        14                                 14
DAYS >= .10         8                                  4
DAYS >= .50         2                                  1
DAYS >= 1.00        0                                  0
GREATEST
 24 HR. TOTAL    0.89   06/21 TO 06/21

SNOWFALL (INCHES)
RECORDS
 TOTAL            1.3   1950
 SNOW DEPTH         T   MM
TOTALS            0.0               0.0     0.0      0.0
 LIQUID EQUIV    0.00              0.00    0.00     0.00
SINCE 7/1        45.4              34.8    10.6     63.4
 LIQUID 7/1      4.54              3.50    1.04     6.34
SNOWDEPTH AVG.      0                                  0
DAYS >= TRACE       0                                  0
DAYS >= 1.0         0                                  0
GREATEST
 SNOW DEPTH         0   MM                             0  MM
 24 HR TOTAL      0.0   06/30 TO 06/30

DEGREE_DAYS
HEATING TOTAL      66               105     -39       35
 SINCE 7/1       8851              8436     415     9052
COOLING TOTAL      92                75      17      105
 SINCE 1/1         96                92       4      172
.................................................................

WIND (MPH)
AVERAGE WIND SPEED              9.9
RESULTANT WIND SPEED/DIRECTION   1/326
HIGHEST WIND SPEED/DIRECTION    38/340    DATE  06/28
HIGHEST GUST SPEED/DIRECTION    51/280    DATE  06/28

SKY COVER
POSSIBLE SUNSHINE (PERCENT)   MM
AVERAGE SKY COVER           0.30
NUMBER OF DAYS FAIR           20
NUMBER OF DAYS PC              8
NUMBER OF DAYS CLOUDY          2

AVERAGE RH (PERCENT)     55

-  INDICATES NEGATIVE NUMBERS.
R  INDICATES RECORD WAS SET OR TIED.
MM INDICATES DATA IS MISSING.
T  INDICATES TRACE AMOUNT.

&&

JUNE EXPERIENCED NEAR NORMAL TEMPERATURES. THE MONTHLY AVERAGE
TEMPERATURE WAS 65.7 DEGREES WHICH IS 1.6 DEGREES ABOVE NORMAL. THE
FIRST WEEK OF JUNE BEING MUCH WARMER AT ABOUT TEN DEGREES ABOVE
NORMAL. THREE OF THOSE DAYS WERE ABOVE 90 DEGREES. A FOURTH DAY
ABOVE 90 DEGREES OCCURRED ON THE 13TH OF JUNE.  THE COOLEST NOTABLE
HIGH TEMPERATURE WAS ON THE 21ST AT 58 DEGREES.

JUNE IS TYPICALLY THE WETTEST MONTH OF THE YEAR AND THIS MONTH WAS
WETTER THAN NORMAL. THIS MONTH HAD MEASURED 2.90 INCHES WHICH IS
0.57 INCHES ABOVE NORMAL. THE FIRST HALF OF JUNE WAS DRY WHILE THE
LAST HALF WAS WET DUE TO AN INCREASING OCCURRENCE OF WIDESPREAD
SCATTERED RAIN SHOWERS AND THUNDERSTORMS, SEVERAL OF WHICH WERE
SEVERE.

THE STORMS ON THE 27TH AND 28TH BROUGHT THE HIGHEST WIND SPEEDS FROM
THE WEST AT 50 AND NORTHWEST AT 51 MPH RESPECTIVELY.

THE WARMEST TIME OF THE YEAR OCCURS AT THE END OF JULY. NEXT MONTH,
NORMAL HIGH TEMPERATURES BEGIN IN THE LOWER 80S AND WARMS TO THE
UPPER 80S.  FOR THE NORMAL LOW TEMPERATURES, THE MONTH GENERALLY
BEGINS IN THE MID 50S AND WARMS TO THE UPPER 50S BY THE END OF THE
MONTH. JULY NORMALLY RECEIVES 1.73 INCHES OF PRECIPITATION.

$$
