174
CXUS53 KGID 011701
CLMGRI


CLIMATE REPORT
NATIONAL WEATHER SERVICE HASTINGS NE
1149 AM CDT MON JUL 1 2019

...................................

...THE GRAND ISLAND NE CLIMATE SUMMARY FOR THE MONTH OF JUNE 2019...

CLIMATE NORMAL PERIOD 1981 TO 2010
CLIMATE RECORD PERIOD 1895 TO 2019

WEATHER         OBSERVED          NORMAL  DEPART  LAST YEAR`S
                 VALUE   DATE(S)  VALUE   FROM    VALUE  DATE(S)
                                          NORMAL
................................................................
TEMPERATURE (F)
RECORD
 HIGH             108   06/15/1946
                        06/10/1933
 LOW               36   06/04/1943
                        06/07/1935
                        06/21/1902
HIGHEST           100   06/29        99       1      103  06/15
LOWEST             47   06/10        46       1       54  06/03
AVG. MAXIMUM     83.2              83.2     0.0     88.2
AVG. MINIMUM     60.5              59.4     1.1     64.8
MEAN             71.8              71.3     0.5     76.5
DAYS MAX >= 90      4               6.5    -2.5       13
DAYS MAX <= 32      0               0.0     0.0        0
DAYS MIN <= 32      0               0.0     0.0        0
DAYS MIN <= 0       0               0.0     0.0        0

PRECIPITATION (INCHES)
RECORD
 MAXIMUM        13.96   1967
 MINIMUM         0.05   2016
TOTALS           4.10              4.30   -0.20     4.61
DAILY AVG.       0.14              0.14    0.00     0.15
DAYS >= .01        13              10.5     2.5       12
DAYS >= .10         8               6.6     1.4        9
DAYS >= .50         3               2.7     0.3        4
DAYS >= 1.00        1               1.3    -0.3        2
GREATEST
 24 HR. TOTAL    1.28   06/03 TO 06/03

SNOWFALL (INCHES)
RECORDS
 TOTAL            0.0   MM
TOTALS            0.0               0.0     0.0      0.0
SINCE 7/1        35.3              29.0     6.3     33.6
SNOWDEPTH AVG.      0                MM      MM        0
DAYS >= 1.0         0               0.0     0.0        0
GREATEST
 SNOW DEPTH         0   MM                             0  MM

DEGREE_DAYS
HEATING TOTAL      14                24     -10        1
 SINCE 7/1       6621              6199     422     6278
COOLING TOTAL     228               213      15      353
 SINCE 1/1        286               278       8      514
.................................................................

WIND (MPH)
AVERAGE WIND SPEED              10.0
HIGHEST WIND SPEED/DIRECTION    44/100    DATE  06/05
HIGHEST GUST SPEED/DIRECTION    58/100    DATE  06/05

SKY COVER
POSSIBLE SUNSHINE (PERCENT)   MM
NUMBER OF DAYS FAIR           22
NUMBER OF DAYS PC              5
NUMBER OF DAYS CLOUDY          3

AVERAGE RH (PERCENT)     67

WEATHER CONDITIONS. NUMBER OF DAYS WITH
THUNDERSTORM             11     MIXED PRECIP               0
HEAVY RAIN                6     RAIN                      11
LIGHT RAIN               15     FREEZING RAIN              0
LT FREEZING RAIN          0     HAIL                       0
HEAVY SNOW                0     SNOW                       0
LIGHT SNOW                0     SLEET                      0
FOG                       7     FOG W/VIS <= 1/4 MILE      1
HAZE                      1

-  INDICATES NEGATIVE NUMBERS.
R  INDICATES RECORD WAS SET OR TIED.
MM INDICATES DATA IS MISSING.
T  INDICATES TRACE AMOUNT.

$$

Rossi
