000
CXUS53 KGID 010908
CLMGRI


CLIMATE REPORT
NATIONAL WEATHER SERVICE HASTINGS NE
408 AM CDT MON JUN 1 2020

...................................

...THE GRAND ISLAND NE CLIMATE SUMMARY FOR THE MONTH OF MAY 2020...

CLIMATE NORMAL PERIOD 1981 TO 2010
CLIMATE RECORD PERIOD 1895 TO 2020

WEATHER         OBSERVED          NORMAL  DEPART  LAST YEAR`S
                 VALUE   DATE(S)  VALUE   FROM    VALUE  DATE(S)
                                          NORMAL
................................................................
TEMPERATURE (F)
RECORD
 HIGH             104   05/29/1934
 LOW               23   05/02/1967
HIGHEST            90   05/01        90       0       93  05/16
LOWEST             31   05/10        35      -4       32  05/02
AVG. MAXIMUM     69.9              72.7    -2.8     68.9
AVG. MINIMUM     49.7              49.6     0.1     47.6
MEAN             59.8              61.2    -1.4     58.3
DAYS MAX >= 90      1               1.1    -0.1        1
DAYS MAX <= 32      0               0.0     0.0        0
DAYS MIN <= 32      1               0.3     0.7        1
DAYS MIN <= 0       0               0.0     0.0        0

PRECIPITATION (INCHES)
RECORD
 MAXIMUM        11.27   1903
 MINIMUM         0.34   1934
TOTALS           7.48              4.41    3.07     6.68
DAILY AVG.       0.24              0.14    0.10     0.22
DAYS >= .01         9              11.6    -2.6       16
DAYS >= .10         6               7.2    -1.2        8
DAYS >= .50         4               2.9     1.1        6
DAYS >= 1.00        3               1.1     1.9        4
GREATEST
 24 HR. TOTAL    2.72   05/21 TO 05/21

SNOWFALL (INCHES)
RECORDS
 TOTAL            4.5   1947
TOTALS            0.0               0.0     0.0      0.0
SINCE 7/1        31.3              29.0     2.3     35.3
SNOWDEPTH AVG.      0                MM      MM        0
DAYS >= 1.0         0               0.0     0.0        0
GREATEST
 SNOW DEPTH         0   MM                             0  MM
 24 HR TOTAL      0.0   05/31 TO 05/31

DEGREE_DAYS
HEATING TOTAL     179               173       6      250
 SINCE 7/1       5801              6175    -374     6607
COOLING TOTAL      25                54     -29       48
 SINCE 1/1         29                65     -36       58
.................................................................

WIND (MPH)
AVERAGE WIND SPEED              11.0
HIGHEST WIND SPEED/DIRECTION    39/320    DATE  05/24
HIGHEST GUST SPEED/DIRECTION    54/310    DATE  05/24

SKY COVER
POSSIBLE SUNSHINE (PERCENT)   MM
NUMBER OF DAYS FAIR           12
NUMBER OF DAYS PC             11
NUMBER OF DAYS CLOUDY          8

AVERAGE RH (PERCENT)     64

WEATHER CONDITIONS. NUMBER OF DAYS WITH
THUNDERSTORM              5     MIXED PRECIP               0
HEAVY RAIN                5     RAIN                       4
LIGHT RAIN               13     FREEZING RAIN              0
LT FREEZING RAIN          0     HAIL                       0
HEAVY SNOW                0     SNOW                       0
LIGHT SNOW                0     SLEET                      0
FOG                      14     FOG W/VIS <= 1/4 MILE      3
HAZE                      8

-  INDICATES NEGATIVE NUMBERS.
R  INDICATES RECORD WAS SET OR TIED.
MM INDICATES DATA IS MISSING.
T  INDICATES TRACE AMOUNT.

$$
